65.19.138.33 - - [15/Jun/2014:05:00:28 -0400] "GET /blog/feed/atom/ HTTP/1.1" 200 48049 "-" "Feedly/1.0 (+http://www.feedly.com/fetcher.html; like FeedFetcher-Google)"
87.12.178.183 - - [15/Jun/2014:05:00:22 -0400] "GET /blog/ HTTP/1.1" 200 76457 "-" "Mozilla/5.0 (Windows NT 5.1) AppleWebKit/537.36 (KHTML, like Gecko) Chrome/35.0.1916.153 Safari/537.36"
87.12.178.183 - - [15/Jun/2014:05:01:09 -0400] "GET /blog/wp-content/themes/maple-leaf/style.css HTTP/1.1" 200 10944 "http://www.rpwoodwork.com/blog/" "Mozilla/5.0 (Windows NT 5.1) AppleWebKit/537.36 (KHTML, like Gecko) Chrome/35.0.1916.153 Safari/537.36"
87.12.178.183 - - [15/Jun/2014:05:01:10 -0400] "GET /blog/wp-content/themes/maple-leaf/images/bg_bottom_repeat.jpg HTTP/1.1" 200 411 "http://www.rpwoodwork.com/blog/" "Mozilla/5.0 (Windows NT 5.1) AppleWebKit/537.36 (KHTML, like Gecko) Chrome/35.0.1916.153 Safari/537.36"
87.12.178.183 - - [15/Jun/2014:05:01:14 -0400] "GET /blog/wp-content/themes/maple-leaf/images/bg_repeat.png HTTP/1.1" 200 230 "http://www.rpwoodwork.com/blog/" "Mozilla/5.0 (Windows NT 5.1) AppleWebKit/537.36 (KHTML, like Gecko) Chrome/35.0.1916.153 Safari/537.36"
87.12.178.183 - - [15/Jun/2014:05:01:14 -0400] "GET /blog/wp-content/themes/maple-leaf/images/menu_bg.jpg HTTP/1.1" 200 7818 "http://www.rpwoodwork.com/blog/" "Mozilla/5.0 (Windows NT 5.1) AppleWebKit/537.36 (KHTML, like Gecko) Chrome/35.0.1916.153 Safari/537.36"
87.12.178.183 - - [15/Jun/2014:05:01:13 -0400] "GET /blog/wp-content/themes/maple-leaf/images/bg_top.jpg HTTP/1.1" 200 78074 "http://www.rpwoodwork.com/blog/" "Mozilla/5.0 (Windows NT 5.1) AppleWebKit/537.36 (KHTML, like Gecko) Chrome/35.0.1916.153 Safari/537.36"
87.12.178.183 - - [15/Jun/2014:05:01:10 -0400] "GET /blog/wp-content/themes/maple-leaf/images/menu_separate.jpg HTTP/1.1" 200 362 "http://www.rpwoodwork.com/blog/" "Mozilla/5.0 (Windows NT 5.1) AppleWebKit/537.36 (KHTML, like Gecko) Chrome/35.0.1916.153 Safari/537.36"
87.12.178.183 - - [15/Jun/2014:05:01:14 -0400] "GET /blog/wp-content/themes/maple-leaf/images/sidebar_title.jpg HTTP/1.1" 200 1393 "http://www.rpwoodwork.com/blog/" "Mozilla/5.0 (Windows NT 5.1) AppleWebKit/537.36 (KHTML, like Gecko) Chrome/35.0.1916.153 Safari/537.36"
87.12.178.183 - - [15/Jun/2014:05:01:10 -0400] "GET /blog/wp-content/themes/maple-leaf/images/spacer.gif HTTP/1.1" 200 43 "http://www.rpwoodwork.com/blog/" "Mozilla/5.0 (Windows NT 5.1) AppleWebKit/537.36 (KHTML, like Gecko) Chrome/35.0.1916.153 Safari/537.36"
87.12.178.183 - - [15/Jun/2014:05:01:14 -0400] "GET /blog/wp-content/themes/maple-leaf/images/sidebar_arrow.jpg HTTP/1.1" 200 446 "http://www.rpwoodwork.com/blog/" "Mozilla/5.0 (Windows NT 5.1) AppleWebKit/537.36 (KHTML, like Gecko) Chrome/35.0.1916.153 Safari/537.36"
151.229.220.136 - - [15/Jun/2014:04:54:42 -0400] "GET /blog/feed/ HTTP/1.1" 500 - "-" "Mozilla/5.0 (Windows NT 6.1; WOW64; rv:29.0) Gecko/20100101 Firefox/29.0"
87.12.178.183 - - [15/Jun/2014:05:01:14 -0400] "GET /blog/wp-content/themes/maple-leaf/images/container_repeat.jpg HTTP/1.1" 200 1038 "http://www.rpwoodwork.com/blog/" "Mozilla/5.0 (Windows NT 5.1) AppleWebKit/537.36 (KHTML, like Gecko) Chrome/35.0.1916.153 Safari/537.36"
87.12.178.183 - - [15/Jun/2014:05:01:14 -0400] "GET /blog/wp-content/uploads/2014/06/bored-gorilla_edited-2.jpg HTTP/1.1" 200 118801 "http://www.rpwoodwork.com/blog/" "Mozilla/5.0 (Windows NT 5.1) AppleWebKit/537.36 (KHTML, like Gecko) Chrome/35.0.1916.153 Safari/537.36"
87.12.178.183 - - [15/Jun/2014:05:01:15 -0400] "GET /blog/wp-content/uploads/2014/05/IMG_2027_edited-2.jpg HTTP/1.1" 200 85902 "http://www.rpwoodwork.com/blog/" "Mozilla/5.0 (Windows NT 5.1) AppleWebKit/537.36 (KHTML, like Gecko) Chrome/35.0.1916.153 Safari/537.36"
87.12.178.183 - - [15/Jun/2014:05:01:11 -0400] "GET /blog/wp-content/uploads/2014/05/IMG_2021_edited-2.jpg HTTP/1.1" 200 80811 "http://www.rpwoodwork.com/blog/" "Mozilla/5.0 (Windows NT 5.1) AppleWebKit/537.36 (KHTML, like Gecko) Chrome/35.0.1916.153 Safari/537.36"
87.12.178.183 - - [15/Jun/2014:05:01:16 -0400] "GET /blog/wp-content/uploads/2014/05/IMG_2037_edited-2.jpg HTTP/1.1" 200 93708 "http://www.rpwoodwork.com/blog/" "Mozilla/5.0 (Windows NT 5.1) AppleWebKit/537.36 (KHTML, like Gecko) Chrome/35.0.1916.153 Safari/537.36"
87.12.178.183 - - [15/Jun/2014:05:01:16 -0400] "GET /blog/wp-content/uploads/2014/05/IMG_2029_edited-2.jpg HTTP/1.1" 200 96163 "http://www.rpwoodwork.com/blog/" "Mozilla/5.0 (Windows NT 5.1) AppleWebKit/537.36 (KHTML, like Gecko) Chrome/35.0.1916.153 Safari/537.36"
87.12.178.183 - - [15/Jun/2014:05:01:15 -0400] "GET /blog/wp-content/uploads/2014/05/IMG_2028_edited-2.jpg HTTP/1.1" 200 88030 "http://www.rpwoodwork.com/blog/" "Mozilla/5.0 (Windows NT 5.1) AppleWebKit/537.36 (KHTML, like Gecko) Chrome/35.0.1916.153 Safari/537.36"
87.12.178.183 - - [15/Jun/2014:05:01:17 -0400] "GET /blog/wp-content/themes/maple-leaf/images/category.jpg HTTP/1.1" 200 523 "http://www.rpwoodwork.com/blog/" "Mozilla/5.0 (Windows NT 5.1) AppleWebKit/537.36 (KHTML, like Gecko) Chrome/35.0.1916.153 Safari/537.36"
87.12.178.183 - - [15/Jun/2014:05:01:16 -0400] "GET /blog/wp-content/uploads/2014/05/IMG_2033_edited-2.jpg HTTP/1.1" 200 98440 "http://www.rpwoodwork.com/blog/" "Mozilla/5.0 (Windows NT 5.1) AppleWebKit/537.36 (KHTML, like Gecko) Chrome/35.0.1916.153 Safari/537.36"
87.12.178.183 - - [15/Jun/2014:05:01:17 -0400] "GET /blog/wp-content/themes/maple-leaf/images/bubble.jpg HTTP/1.1" 200 525 "http://www.rpwoodwork.com/blog/" "Mozilla/5.0 (Windows NT 5.1) AppleWebKit/537.36 (KHTML, like Gecko) Chrome/35.0.1916.153 Safari/537.36"
87.12.178.183 - - [15/Jun/2014:05:01:17 -0400] "GET /blog/wp-content/uploads/2014/05/IMG_2000_edited-2.jpg HTTP/1.1" 200 80704 "http://www.rpwoodwork.com/blog/" "Mozilla/5.0 (Windows NT 5.1) AppleWebKit/537.36 (KHTML, like Gecko) Chrome/35.0.1916.153 Safari/537.36"
87.12.178.183 - - [15/Jun/2014:05:01:17 -0400] "GET /blog/wp-content/themes/maple-leaf/images/line.jpg HTTP/1.1" 200 362 "http://www.rpwoodwork.com/blog/" "Mozilla/5.0 (Windows NT 5.1) AppleWebKit/537.36 (KHTML, like Gecko) Chrome/35.0.1916.153 Safari/537.36"
87.12.178.183 - - [15/Jun/2014:05:01:17 -0400] "GET /blog/wp-content/uploads/2014/05/IMG_2005_edited-2.jpg HTTP/1.1" 200 80767 "http://www.rpwoodwork.com/blog/" "Mozilla/5.0 (Windows NT 5.1) AppleWebKit/537.36 (KHTML, like Gecko) Chrome/35.0.1916.153 Safari/537.36"
87.12.178.183 - - [15/Jun/2014:05:01:18 -0400] "GET /blog/wp-content/uploads/2014/05/IMG_1386_edited-2.jpg HTTP/1.1" 200 80323 "http://www.rpwoodwork.com/blog/" "Mozilla/5.0 (Windows NT 5.1) AppleWebKit/537.36 (KHTML, like Gecko) Chrome/35.0.1916.153 Safari/537.36"
87.12.178.183 - - [15/Jun/2014:05:01:15 -0400] "GET /blog/wp-content/uploads/2014/05/IMG_1388_edited-2.jpg HTTP/1.1" 200 109378 "http://www.rpwoodwork.com/blog/" "Mozilla/5.0 (Windows NT 5.1) AppleWebKit/537.36 (KHTML, like Gecko) Chrome/35.0.1916.153 Safari/537.36"
87.12.178.183 - - [15/Jun/2014:05:01:19 -0400] "GET /blog/wp-content/uploads/2014/05/IMG_1389_edited-2.jpg HTTP/1.1" 200 75558 "http://www.rpwoodwork.com/blog/" "Mozilla/5.0 (Windows NT 5.1) AppleWebKit/537.36 (KHTML, like Gecko) Chrome/35.0.1916.153 Safari/537.36"
87.12.178.183 - - [15/Jun/2014:05:01:19 -0400] "GET /blog/wp-content/uploads/2014/05/IMG_1390_edited-2.jpg HTTP/1.1" 200 89228 "http://www.rpwoodwork.com/blog/" "Mozilla/5.0 (Windows NT 5.1) AppleWebKit/537.36 (KHTML, like Gecko) Chrome/35.0.1916.153 Safari/537.36"
87.12.178.183 - - [15/Jun/2014:05:01:19 -0400] "GET /blog/wp-content/uploads/2014/05/IMG_1392_edited-2.jpg HTTP/1.1" 200 75692 "http://www.rpwoodwork.com/blog/" "Mozilla/5.0 (Windows NT 5.1) AppleWebKit/537.36 (KHTML, like Gecko) Chrome/35.0.1916.153 Safari/537.36"
87.12.178.183 - - [15/Jun/2014:05:01:20 -0400] "GET /blog/wp-content/uploads/2014/04/IMG_1218_edited-2.jpg HTTP/1.1" 200 65064 "http://www.rpwoodwork.com/blog/" "Mozilla/5.0 (Windows NT 5.1) AppleWebKit/537.36 (KHTML, like Gecko) Chrome/35.0.1916.153 Safari/537.36"
87.12.178.183 - - [15/Jun/2014:05:01:21 -0400] "GET /blog/wp-content/uploads/2014/04/IMG_1216_edited-3.jpg HTTP/1.1" 200 98760 "http://www.rpwoodwork.com/blog/" "Mozilla/5.0 (Windows NT 5.1) AppleWebKit/537.36 (KHTML, like Gecko) Chrome/35.0.1916.153 Safari/537.36"
87.12.178.183 - - [15/Jun/2014:05:01:22 -0400] "GET /blog/wp-content/uploads/2014/04/IMG_1219_edited-2.jpg HTTP/1.1" 200 74402 "http://www.rpwoodwork.com/blog/" "Mozilla/5.0 (Windows NT 5.1) AppleWebKit/537.36 (KHTML, like Gecko) Chrome/35.0.1916.153 Safari/537.36"
87.12.178.183 - - [15/Jun/2014:05:01:23 -0400] "GET /blog/wp-content/uploads/2014/04/IMG_1234_edited-2.jpg HTTP/1.1" 200 90937 "http://www.rpwoodwork.com/blog/" "Mozilla/5.0 (Windows NT 5.1) AppleWebKit/537.36 (KHTML, like Gecko) Chrome/35.0.1916.153 Safari/537.36"
87.12.178.183 - - [15/Jun/2014:05:01:24 -0400] "GET /blog/wp-content/uploads/2014/04/IMG_1235_edited-2.jpg HTTP/1.1" 200 84066 "http://www.rpwoodwork.com/blog/" "Mozilla/5.0 (Windows NT 5.1) AppleWebKit/537.36 (KHTML, like Gecko) Chrome/35.0.1916.153 Safari/537.36"
87.12.178.183 - - [15/Jun/2014:05:01:24 -0400] "GET /blog/wp-content/uploads/2014/04/IMG_1210_edited-2.jpg HTTP/1.1" 200 82942 "http://www.rpwoodwork.com/blog/" "Mozilla/5.0 (Windows NT 5.1) AppleWebKit/537.36 (KHTML, like Gecko) Chrome/35.0.1916.153 Safari/537.36"
87.12.178.183 - - [15/Jun/2014:05:01:24 -0400] "GET /blog/wp-content/uploads/2014/04/IMG_1236_edited-2.jpg HTTP/1.1" 200 86791 "http://www.rpwoodwork.com/blog/" "Mozilla/5.0 (Windows NT 5.1) AppleWebKit/537.36 (KHTML, like Gecko) Chrome/35.0.1916.153 Safari/537.36"
87.12.178.183 - - [15/Jun/2014:05:01:25 -0400] "GET /blog/wp-content/uploads/2014/04/IMG_1210_edited-3.jpg HTTP/1.1" 200 88268 "http://www.rpwoodwork.com/blog/" "Mozilla/5.0 (Windows NT 5.1) AppleWebKit/537.36 (KHTML, like Gecko) Chrome/35.0.1916.153 Safari/537.36"
87.12.178.183 - - [15/Jun/2014:05:01:25 -0400] "GET /blog/wp-content/uploads/2014/04/IMG_1202_edited-2.jpg HTTP/1.1" 200 76679 "http://www.rpwoodwork.com/blog/" "Mozilla/5.0 (Windows NT 5.1) AppleWebKit/537.36 (KHTML, like Gecko) Chrome/35.0.1916.153 Safari/537.36"
87.12.178.183 - - [15/Jun/2014:05:01:25 -0400] "GET /blog/wp-content/uploads/2014/04/IMG_1205_edited-2.jpg HTTP/1.1" 200 108254 "http://www.rpwoodwork.com/blog/" "Mozilla/5.0 (Windows NT 5.1) AppleWebKit/537.36 (KHTML, like Gecko) Chrome/35.0.1916.153 Safari/537.36"
87.12.178.183 - - [15/Jun/2014:05:01:26 -0400] "GET /blog/wp-content/uploads/2014/04/IMG_1212_edited-2.jpg HTTP/1.1" 200 90208 "http://www.rpwoodwork.com/blog/" "Mozilla/5.0 (Windows NT 5.1) AppleWebKit/537.36 (KHTML, like Gecko) Chrome/35.0.1916.153 Safari/537.36"
87.12.178.183 - - [15/Jun/2014:05:01:26 -0400] "GET /blog/wp-content/uploads/2014/04/IMG_1211_edited-2.jpg HTTP/1.1" 200 76623 "http://www.rpwoodwork.com/blog/" "Mozilla/5.0 (Windows NT 5.1) AppleWebKit/537.36 (KHTML, like Gecko) Chrome/35.0.1916.153 Safari/537.36"
144.15.245.8 - - [15/Jun/2014:05:01:39 -0400] "GET /blog/wp-content/uploads/2013/11/IMG_1073_edited-2.jpg HTTP/1.1" 304 - "-" "Mozilla/4.0 (compatible;)"
74.125.40.21 - - [15/Jun/2014:05:01:05 -0400] "GET /blog/feed/ HTTP/1.1" 304 - "-" "FeedBurner/1.0 (http://www.FeedBurner.com)"
65.55.219.82 - - [15/Jun/2014:05:02:32 -0400] "GET /blog/feed/ HTTP/1.1" 200 46223 "-" "msnbot-UDiscovery/2.0b (+http://search.msn.com/msnbot.htm)"
188.99.77.217 - - [15/Jun/2014:05:02:16 -0400] "GET /blog/feed/atom/ HTTP/1.1" 304 - "-" "Mozilla/5.0 (Macintosh; Intel Mac OS X 10.9; rv:24.0) Gecko/20100101 Thunderbird/24.6.0"
166.63.127.244 - - [15/Jun/2014:05:02:52 -0400] "POST /blog/wp-login.php HTTP/1.1" 200 2798 "http://www.rpwoodwork.com/blog/wp-login.php" "Mozilla/5.0 (Windows NT 6.1; WOW64) AppleWebKit/537.36 (KHTML, like Gecko) Chrome/33.0.1750.154 Safari/537.36"
69.164.213.164 - - [15/Jun/2014:05:03:20 -0400] "GET /blog/feed/atom/ HTTP/1.1" 200 48049 "-" "Mozilla/5.0 (Macintosh; Intel Mac OS X 10_8_2; Feeder.co) AppleWebKit/537.31 (KHTML, like Gecko) Chrome/26.0.1410.43 Safari/537.31"
71.231.70.88 - - [15/Jun/2014:05:03:29 -0400] "GET /blog/ HTTP/1.1" 200 76457 "-" "Mozilla/5.0 (Windows NT 6.1; rv:30.0) Gecko/20100101 Firefox/30.0"
149.174.163.38 - - [15/Jun/2014:05:03:14 -0400] "GET /blog/feed/atom/ HTTP/1.1" 200 48049 "-" "UniversalFeedParser/5.1.3 +https://code.google.com/p/feedparser/"
46.165.206.78 - - [15/Jun/2014:05:03:16 -0400] "POST /blog/wp-login.php HTTP/1.1" 200 2798 "http://www.rpwoodwork.com/blog/wp-login.php" "Mozilla/5.0 (Windows NT 6.1; WOW64) AppleWebKit/537.36 (KHTML, like Gecko) Chrome/33.0.1750.154 Safari/537.36"
183.60.213.81 - - [15/Jun/2014:05:03:47 -0400] "GET /blog/2010/07/06/little-sweepers-in-the-shop/ HTTP/1.1" 200 26829 "-" "Mozilla/5.0 (compatible; EasouSpider; +http://www.easou.com/search/spider.html)"
151.229.220.136 - - [15/Jun/2014:05:04:42 -0400] "GET /blog/feed/ HTTP/1.1" 200 46223 "-" "Mozilla/5.0 (Windows NT 6.1; WOW64; rv:29.0) Gecko/20100101 Firefox/29.0"
68.60.171.110 - - [15/Jun/2014:05:04:57 -0400] "GET /favicon.ico HTTP/1.1" 404 575 "http://www.woodworkers-online.com/p/top-100-woodworking-sites.html" "Mozilla/5.0 (Macintosh; Intel Mac OS X 10_7_5) AppleWebKit/537.75.14 (KHTML, like Gecko) Version/6.1.3 Safari/537.75.14"
71.231.70.88 - - [15/Jun/2014:05:05:31 -0400] "GET /favicon.ico HTTP/1.1" 404 575 "-" "Mozilla/5.0 (Windows NT 6.1; rv:30.0) Gecko/20100101 Firefox/30.0"
71.231.70.88 - - [15/Jun/2014:05:05:32 -0400] "GET /favicon.ico HTTP/1.1" 404 575 "-" "Mozilla/5.0 (Windows NT 6.1; rv:30.0) Gecko/20100101 Firefox/30.0"
66.249.67.11 - - [15/Jun/2014:05:05:56 -0400] "GET /blog/2012/05/19/bartley-gel-finishes-are-available-again/ HTTP/1.1" 200 25249 "-" "Mozilla/5.0 (compatible; Googlebot/2.1; +http://www.google.com/bot.html)"
74.229.75.22 - - [15/Jun/2014:05:07:15 -0400] "GET /blog/feed/atom/ HTTP/1.1" 200 48049 "http://www.rpwoodwork.com/blog/feed/atom/" "Tiny Tiny RSS/1.12 (http://tt-rss.org/)"
188.99.77.217 - - [15/Jun/2014:05:07:27 -0400] "GET /blog/feed/atom/ HTTP/1.1" 304 - "-" "Mozilla/5.0 (Macintosh; Intel Mac OS X 10.9; rv:24.0) Gecko/20100101 Thunderbird/24.6.0"
162.239.65.105 - - [15/Jun/2014:05:06:46 -0400] "GET /blog/feed/ HTTP/1.1" 200 46223 "http://www.rpwoodwork.com/blog/feed/" "Tiny Tiny RSS/1.10 (http://tt-rss.org/)"
67.205.8.73 - - [15/Jun/2014:05:00:01 -0400] "GET /blog/feed/atom/ HTTP/1.1" 500 - "http://www.rpwoodwork.com/blog/feed/atom/" "Tiny Tiny RSS/1.7.5 (http://tt-rss.org/)"
66.249.92.25 - - [15/Jun/2014:05:07:55 -0400] "GET /blog/comments/feed/ HTTP/1.1" 200 8437 "-" "Feedfetcher-Google; (+http://www.google.com/feedfetcher.html; 1 subscribers; feed-id=3057136420896300106)"
66.249.92.12 - - [15/Jun/2014:05:08:07 -0400] "GET /blog/feed/atom HTTP/1.1" 301 - "-" "Feedfetcher-Google; (+http://www.google.com/feedfetcher.html; 1 subscribers; feed-id=11735086132828456026)"
207.46.13.61 - - [15/Jun/2014:05:08:30 -0400] "GET /blog/2010/07/10/developing-an-alternative-rear-handle-for-veritas-planes/ HTTP/1.1" 200 36322 "-" "Mozilla/5.0 (compatible; bingbot/2.0; +http://www.bing.com/bingbot.htm)"
162.243.220.153 - - [15/Jun/2014:05:08:28 -0400] "GET /blog/feed/atom/ HTTP/1.1" 200 48049 "-" "Feedbin - 6 subscribers"
75.90.165.222 - - [15/Jun/2014:05:08:02 -0400] "GET /blog/ HTTP/1.1" 200 76457 "http://forestrydegree.net/conscientious-wood-use/" "Mozilla/5.0 (Windows NT 6.1; WOW64; rv:28.0) Gecko/20100101 Firefox/28.0"
75.90.165.222 - - [15/Jun/2014:05:08:32 -0400] "GET /blog/wp-content/themes/maple-leaf/style.css HTTP/1.1" 200 10944 "http://www.rpwoodwork.com/blog/" "Mozilla/5.0 (Windows NT 6.1; WOW64; rv:28.0) Gecko/20100101 Firefox/28.0"
75.90.165.222 - - [15/Jun/2014:05:08:32 -0400] "GET /blog/wp-content/uploads/2014/06/bored-gorilla_edited-2.jpg HTTP/1.1" 200 118801 "http://www.rpwoodwork.com/blog/" "Mozilla/5.0 (Windows NT 6.1; WOW64; rv:28.0) Gecko/20100101 Firefox/28.0"
75.90.165.222 - - [15/Jun/2014:05:08:32 -0400] "GET /blog/wp-content/uploads/2014/05/IMG_2021_edited-2.jpg HTTP/1.1" 200 80811 "http://www.rpwoodwork.com/blog/" "Mozilla/5.0 (Windows NT 6.1; WOW64; rv:28.0) Gecko/20100101 Firefox/28.0"
75.90.165.222 - - [15/Jun/2014:05:08:12 -0400] "GET /blog/wp-content/uploads/2014/05/IMG_2037_edited-2.jpg HTTP/1.1" 200 93708 "http://www.rpwoodwork.com/blog/" "Mozilla/5.0 (Windows NT 6.1; WOW64; rv:28.0) Gecko/20100101 Firefox/28.0"
75.90.165.222 - - [15/Jun/2014:05:08:32 -0400] "GET /blog/wp-content/uploads/2014/05/IMG_2027_edited-2.jpg HTTP/1.1" 200 85902 "http://www.rpwoodwork.com/blog/" "Mozilla/5.0 (Windows NT 6.1; WOW64; rv:28.0) Gecko/20100101 Firefox/28.0"
75.90.165.222 - - [15/Jun/2014:05:08:32 -0400] "GET /blog/wp-content/themes/maple-leaf/images/spacer.gif HTTP/1.1" 200 43 "http://www.rpwoodwork.com/blog/" "Mozilla/5.0 (Windows NT 6.1; WOW64; rv:28.0) Gecko/20100101 Firefox/28.0"
75.90.165.222 - - [15/Jun/2014:05:08:29 -0400] "GET /blog/wp-content/uploads/2014/05/IMG_2029_edited-2.jpg HTTP/1.1" 200 96163 "http://www.rpwoodwork.com/blog/" "Mozilla/5.0 (Windows NT 6.1; WOW64; rv:28.0) Gecko/20100101 Firefox/28.0"
75.90.165.222 - - [15/Jun/2014:05:08:33 -0400] "GET /blog/wp-content/uploads/2014/05/IMG_2028_edited-2.jpg HTTP/1.1" 200 88030 "http://www.rpwoodwork.com/blog/" "Mozilla/5.0 (Windows NT 6.1; WOW64; rv:28.0) Gecko/20100101 Firefox/28.0"
75.90.165.222 - - [15/Jun/2014:05:08:33 -0400] "GET /blog/wp-content/uploads/2014/05/IMG_2033_edited-2.jpg HTTP/1.1" 200 98440 "http://www.rpwoodwork.com/blog/" "Mozilla/5.0 (Windows NT 6.1; WOW64; rv:28.0) Gecko/20100101 Firefox/28.0"
75.90.165.222 - - [15/Jun/2014:05:08:34 -0400] "GET /blog/wp-content/uploads/2014/05/IMG_2000_edited-2.jpg HTTP/1.1" 200 80704 "http://www.rpwoodwork.com/blog/" "Mozilla/5.0 (Windows NT 6.1; WOW64; rv:28.0) Gecko/20100101 Firefox/28.0"
75.90.165.222 - - [15/Jun/2014:05:08:34 -0400] "GET /blog/wp-content/uploads/2014/05/IMG_2005_edited-2.jpg HTTP/1.1" 200 80767 "http://www.rpwoodwork.com/blog/" "Mozilla/5.0 (Windows NT 6.1; WOW64; rv:28.0) Gecko/20100101 Firefox/28.0"
75.90.165.222 - - [15/Jun/2014:05:08:34 -0400] "GET /blog/wp-content/uploads/2014/05/IMG_1386_edited-2.jpg HTTP/1.1" 200 80323 "http://www.rpwoodwork.com/blog/" "Mozilla/5.0 (Windows NT 6.1; WOW64; rv:28.0) Gecko/20100101 Firefox/28.0"
75.90.165.222 - - [15/Jun/2014:05:08:14 -0400] "GET /blog/wp-content/uploads/2014/05/IMG_1388_edited-2.jpg HTTP/1.1" 200 109378 "http://www.rpwoodwork.com/blog/" "Mozilla/5.0 (Windows NT 6.1; WOW64; rv:28.0) Gecko/20100101 Firefox/28.0"
75.90.165.222 - - [15/Jun/2014:05:08:31 -0400] "GET /blog/wp-content/uploads/2014/05/IMG_1389_edited-2.jpg HTTP/1.1" 200 75558 "http://www.rpwoodwork.com/blog/" "Mozilla/5.0 (Windows NT 6.1; WOW64; rv:28.0) Gecko/20100101 Firefox/28.0"
75.90.165.222 - - [15/Jun/2014:05:08:35 -0400] "GET /blog/wp-content/uploads/2014/05/IMG_1392_edited-2.jpg HTTP/1.1" 200 75692 "http://www.rpwoodwork.com/blog/" "Mozilla/5.0 (Windows NT 6.1; WOW64; rv:28.0) Gecko/20100101 Firefox/28.0"
75.90.165.222 - - [15/Jun/2014:05:08:35 -0400] "GET /blog/wp-content/uploads/2014/05/IMG_1390_edited-2.jpg HTTP/1.1" 200 89228 "http://www.rpwoodwork.com/blog/" "Mozilla/5.0 (Windows NT 6.1; WOW64; rv:28.0) Gecko/20100101 Firefox/28.0"
75.90.165.222 - - [15/Jun/2014:05:08:36 -0400] "GET /blog/wp-content/uploads/2014/04/IMG_1218_edited-2.jpg HTTP/1.1" 200 65064 "http://www.rpwoodwork.com/blog/" "Mozilla/5.0 (Windows NT 6.1; WOW64; rv:28.0) Gecko/20100101 Firefox/28.0"
75.90.165.222 - - [15/Jun/2014:05:08:36 -0400] "GET /blog/wp-content/uploads/2014/04/IMG_1216_edited-3.jpg HTTP/1.1" 200 98760 "http://www.rpwoodwork.com/blog/" "Mozilla/5.0 (Windows NT 6.1; WOW64; rv:28.0) Gecko/20100101 Firefox/28.0"
75.90.165.222 - - [15/Jun/2014:05:08:16 -0400] "GET /blog/wp-content/uploads/2014/04/IMG_1219_edited-2.jpg HTTP/1.1" 200 74402 "http://www.rpwoodwork.com/blog/" "Mozilla/5.0 (Windows NT 6.1; WOW64; rv:28.0) Gecko/20100101 Firefox/28.0"
75.90.165.222 - - [15/Jun/2014:05:08:33 -0400] "GET /blog/wp-content/uploads/2014/04/IMG_1234_edited-2.jpg HTTP/1.1" 200 90937 "http://www.rpwoodwork.com/blog/" "Mozilla/5.0 (Windows NT 6.1; WOW64; rv:28.0) Gecko/20100101 Firefox/28.0"
75.90.165.222 - - [15/Jun/2014:05:08:37 -0400] "GET /blog/wp-content/uploads/2014/04/IMG_1235_edited-2.jpg HTTP/1.1" 200 84066 "http://www.rpwoodwork.com/blog/" "Mozilla/5.0 (Windows NT 6.1; WOW64; rv:28.0) Gecko/20100101 Firefox/28.0"
75.90.165.222 - - [15/Jun/2014:05:08:37 -0400] "GET /blog/wp-content/uploads/2014/04/IMG_1236_edited-2.jpg HTTP/1.1" 200 86791 "http://www.rpwoodwork.com/blog/" "Mozilla/5.0 (Windows NT 6.1; WOW64; rv:28.0) Gecko/20100101 Firefox/28.0"
75.90.165.222 - - [15/Jun/2014:05:07:49 -0400] "GET /blog/wp-content/uploads/2014/04/IMG_1210_edited-2.jpg HTTP/1.1" 200 82942 "http://www.rpwoodwork.com/blog/" "Mozilla/5.0 (Windows NT 6.1; WOW64; rv:28.0) Gecko/20100101 Firefox/28.0"
75.90.165.222 - - [15/Jun/2014:05:08:37 -0400] "GET /blog/wp-content/uploads/2014/04/IMG_1210_edited-3.jpg HTTP/1.1" 200 88268 "http://www.rpwoodwork.com/blog/" "Mozilla/5.0 (Windows NT 6.1; WOW64; rv:28.0) Gecko/20100101 Firefox/28.0"
75.90.165.222 - - [15/Jun/2014:05:08:37 -0400] "GET /blog/wp-content/uploads/2014/04/IMG_1202_edited-2.jpg HTTP/1.1" 200 76679 "http://www.rpwoodwork.com/blog/" "Mozilla/5.0 (Windows NT 6.1; WOW64; rv:28.0) Gecko/20100101 Firefox/28.0"
75.90.165.222 - - [15/Jun/2014:05:08:17 -0400] "GET /blog/wp-content/uploads/2014/04/IMG_1205_edited-2.jpg HTTP/1.1" 200 108254 "http://www.rpwoodwork.com/blog/" "Mozilla/5.0 (Windows NT 6.1; WOW64; rv:28.0) Gecko/20100101 Firefox/28.0"
75.90.165.222 - - [15/Jun/2014:05:08:35 -0400] "GET /blog/wp-content/themes/maple-leaf/images/bg_bottom_repeat.jpg HTTP/1.1" 200 411 "http://www.rpwoodwork.com/blog/wp-content/themes/maple-leaf/style.css" "Mozilla/5.0 (Windows NT 6.1; WOW64; rv:28.0) Gecko/20100101 Firefox/28.0"
75.90.165.222 - - [15/Jun/2014:05:08:39 -0400] "GET /blog/wp-content/themes/maple-leaf/images/bg_top.jpg HTTP/1.1" 200 78074 "http://www.rpwoodwork.com/blog/wp-content/themes/maple-leaf/style.css" "Mozilla/5.0 (Windows NT 6.1; WOW64; rv:28.0) Gecko/20100101 Firefox/28.0"
75.90.165.222 - - [15/Jun/2014:05:08:39 -0400] "GET /blog/wp-content/themes/maple-leaf/images/bg_repeat.png HTTP/1.1" 200 230 "http://www.rpwoodwork.com/blog/wp-content/themes/maple-leaf/style.css" "Mozilla/5.0 (Windows NT 6.1; WOW64; rv:28.0) Gecko/20100101 Firefox/28.0"
75.90.165.222 - - [15/Jun/2014:05:08:19 -0400] "GET /blog/wp-content/themes/maple-leaf/images/menu_bg.jpg HTTP/1.1" 200 7818 "http://www.rpwoodwork.com/blog/wp-content/themes/maple-leaf/style.css" "Mozilla/5.0 (Windows NT 6.1; WOW64; rv:28.0) Gecko/20100101 Firefox/28.0"
75.90.165.222 - - [15/Jun/2014:05:08:35 -0400] "GET /blog/wp-content/themes/maple-leaf/images/menu_separate.jpg HTTP/1.1" 200 362 "http://www.rpwoodwork.com/blog/wp-content/themes/maple-leaf/style.css" "Mozilla/5.0 (Windows NT 6.1; WOW64; rv:28.0) Gecko/20100101 Firefox/28.0"
75.90.165.222 - - [15/Jun/2014:05:08:39 -0400] "GET /blog/wp-content/themes/maple-leaf/images/header_bg.jpg HTTP/1.1" 200 57398 "http://www.rpwoodwork.com/blog/wp-content/themes/maple-leaf/style.css" "Mozilla/5.0 (Windows NT 6.1; WOW64; rv:28.0) Gecko/20100101 Firefox/28.0"
75.90.165.222 - - [15/Jun/2014:05:08:39 -0400] "GET /blog/wp-content/themes/maple-leaf/images/container_repeat.jpg HTTP/1.1" 200 1038 "http://www.rpwoodwork.com/blog/wp-content/themes/maple-leaf/style.css" "Mozilla/5.0 (Windows NT 6.1; WOW64; rv:28.0) Gecko/20100101 Firefox/28.0"
75.90.165.222 - - [15/Jun/2014:05:08:19 -0400] "GET /blog/wp-content/themes/maple-leaf/images/sidebar_title.jpg HTTP/1.1" 200 1393 "http://www.rpwoodwork.com/blog/wp-content/themes/maple-leaf/style.css" "Mozilla/5.0 (Windows NT 6.1; WOW64; rv:28.0) Gecko/20100101 Firefox/28.0"
75.90.165.222 - - [15/Jun/2014:05:08:35 -0400] "GET /blog/wp-content/themes/maple-leaf/images/sidebar_arrow.jpg HTTP/1.1" 200 446 "http://www.rpwoodwork.com/blog/wp-content/themes/maple-leaf/style.css" "Mozilla/5.0 (Windows NT 6.1; WOW64; rv:28.0) Gecko/20100101 Firefox/28.0"
75.90.165.222 - - [15/Jun/2014:05:08:39 -0400] "GET /blog/wp-content/uploads/2014/04/IMG_1211_edited-2.jpg HTTP/1.1" 200 76623 "http://www.rpwoodwork.com/blog/" "Mozilla/5.0 (Windows NT 6.1; WOW64; rv:28.0) Gecko/20100101 Firefox/28.0"
66.249.67.44 - - [15/Jun/2014:05:08:39 -0400] "GET /robots.txt HTTP/1.1" 200 25 "-" "Mozilla/5.0 (compatible; Googlebot/2.1; +http://www.google.com/bot.html)"
75.90.165.222 - - [15/Jun/2014:05:08:40 -0400] "GET /blog/wp-content/uploads/2014/04/IMG_1212_edited-2.jpg HTTP/1.1" 200 90208 "http://www.rpwoodwork.com/blog/" "Mozilla/5.0 (Windows NT 6.1; WOW64; rv:28.0) Gecko/20100101 Firefox/28.0"
75.90.165.222 - - [15/Jun/2014:05:08:40 -0400] "GET /blog/wp-content/uploads/2014/03/IMG_1194_edited-2.jpg HTTP/1.1" 200 77280 "http://www.rpwoodwork.com/blog/" "Mozilla/5.0 (Windows NT 6.1; WOW64; rv:28.0) Gecko/20100101 Firefox/28.0"
75.90.165.222 - - [15/Jun/2014:05:08:36 -0400] "GET /blog/wp-content/uploads/2014/03/IMG_1196_edited-2.jpg HTTP/1.1" 200 103461 "http://www.rpwoodwork.com/blog/" "Mozilla/5.0 (Windows NT 6.1; WOW64; rv:28.0) Gecko/20100101 Firefox/28.0"
75.90.165.222 - - [15/Jun/2014:05:08:20 -0400] "GET /blog/wp-content/uploads/2014/04/IMG_0189_edited-3.jpg HTTP/1.1" 200 87465 "http://www.rpwoodwork.com/blog/" "Mozilla/5.0 (Windows NT 6.1; WOW64; rv:28.0) Gecko/20100101 Firefox/28.0"
75.90.165.222 - - [15/Jun/2014:05:07:52 -0400] "GET /blog/wp-content/uploads/2014/03/IMG_1199_edited-2.jpg HTTP/1.1" 200 74513 "http://www.rpwoodwork.com/blog/" "Mozilla/5.0 (Windows NT 6.1; WOW64; rv:28.0) Gecko/20100101 Firefox/28.0"
75.90.165.222 - - [15/Jun/2014:05:08:41 -0400] "GET /blog/wp-content/themes/maple-leaf/images/rss.jpg HTTP/1.1" 200 585 "http://www.rpwoodwork.com/blog/" "Mozilla/5.0 (Windows NT 6.1; WOW64; rv:28.0) Gecko/20100101 Firefox/28.0"
75.90.165.222 - - [15/Jun/2014:05:08:41 -0400] "GET /blog/wp-content/themes/maple-leaf/images/footer_bg.jpg HTTP/1.1" 200 596 "http://www.rpwoodwork.com/blog/wp-content/themes/maple-leaf/style.css" "Mozilla/5.0 (Windows NT 6.1; WOW64; rv:28.0) Gecko/20100101 Firefox/28.0"
66.249.67.70 - - [15/Jun/2014:05:08:40 -0400] "GET / HTTP/1.1" 200 9757 "-" "Mozilla/5.0 (compatible; Googlebot/2.1; +http://www.google.com/bot.html)"
75.90.165.222 - - [15/Jun/2014:05:08:41 -0400] "GET /blog/wp-content/themes/maple-leaf/images/category.jpg HTTP/1.1" 200 523 "http://www.rpwoodwork.com/blog/wp-content/themes/maple-leaf/style.css" "Mozilla/5.0 (Windows NT 6.1; WOW64; rv:28.0) Gecko/20100101 Firefox/28.0"
75.90.165.222 - - [15/Jun/2014:05:08:41 -0400] "GET /blog/wp-content/themes/maple-leaf/images/bubble.jpg HTTP/1.1" 200 525 "http://www.rpwoodwork.com/blog/wp-content/themes/maple-leaf/style.css" "Mozilla/5.0 (Windows NT 6.1; WOW64; rv:28.0) Gecko/20100101 Firefox/28.0"
75.90.165.222 - - [15/Jun/2014:05:08:38 -0400] "GET /blog/wp-content/themes/maple-leaf/images/line.jpg HTTP/1.1" 200 362 "http://www.rpwoodwork.com/blog/wp-content/themes/maple-leaf/style.css" "Mozilla/5.0 (Windows NT 6.1; WOW64; rv:28.0) Gecko/20100101 Firefox/28.0"
75.90.165.222 - - [15/Jun/2014:05:08:22 -0400] "GET /blog/wp-content/uploads/2014/03/IMG_1079_edited-3.jpg HTTP/1.1" 200 108662 "http://www.rpwoodwork.com/blog/" "Mozilla/5.0 (Windows NT 6.1; WOW64; rv:28.0) Gecko/20100101 Firefox/28.0"
75.90.165.222 - - [15/Jun/2014:05:08:43 -0400] "GET /favicon.ico HTTP/1.1" 404 575 "-" "Mozilla/5.0 (Windows NT 6.1; WOW64; rv:28.0) Gecko/20100101 Firefox/28.0"
75.90.165.222 - - [15/Jun/2014:05:08:43 -0400] "GET /favicon.ico HTTP/1.1" 404 575 "-" "Mozilla/5.0 (Windows NT 6.1; WOW64; rv:28.0) Gecko/20100101 Firefox/28.0"
54.236.107.227 - - [15/Jun/2014:05:08:37 -0400] "GET /blog/feed/atom/ HTTP/1.1" 304 - "-" "UniversalFeedParser/5.1.5b +https://code.google.com/p/feedparser/"
71.117.64.249 - - [15/Jun/2014:05:09:02 -0400] "GET /blog/feed/ HTTP/1.1" 304 - "-" "NetNewsWire/3.1b18 (Mac OS X; http://www.newsgator.com/Individuals/NetNewsWire/)"
108.2.202.226 - - [15/Jun/2014:05:08:40 -0400] "GET /blog/feed/ HTTP/1.1" 304 - "-" "Windows-RSS-Platform/2.0 (IE 11.0; Windows NT 6.2)"
66.249.67.141 - - [15/Jun/2014:05:10:43 -0400] "GET /blog/2012/05/19/bartley-gel-finishes-are-available-again/feed/ HTTP/1.1" 200 864 "-" "Mozilla/5.0 (compatible; Googlebot/2.1; +http://www.google.com/bot.html)"
66.249.92.25 - - [15/Jun/2014:05:10:47 -0400] "GET /blog/feed/ HTTP/1.1" 200 46223 "-" "Feedfetcher-Google; (+http://www.google.com/feedfetcher.html; 264 subscribers; feed-id=7323787071665952664)"
66.249.92.142 - - [15/Jun/2014:05:11:49 -0400] "GET /blog/2012/01/17/a-practical-tool-cabinet-part-2/feed/ HTTP/1.1" 200 1714 "-" "Feedfetcher-Google; (+http://www.google.com/feedfetcher.html; 1 subscribers; feed-id=9705110735699461001)"
199.30.80.126 - - [15/Jun/2014:05:12:05 -0400] "GET /blog/ HTTP/1.1" 200 76457 "-" "Mozilla/5.0 (Windows NT 6.1; rv:12.0; StumbleUpon; noc@stumbleupon.com) Gecko/20100101 Firefox/12.0"
149.174.163.38 - - [15/Jun/2014:05:12:29 -0400] "GET /blog/feed/ HTTP/1.1" 200 46223 "-" "UniversalFeedParser/5.1.3 +https://code.google.com/p/feedparser/"
188.99.77.217 - - [15/Jun/2014:05:12:10 -0400] "GET /blog/feed/atom/ HTTP/1.1" 304 - "-" "Mozilla/5.0 (Macintosh; Intel Mac OS X 10.9; rv:24.0) Gecko/20100101 Thunderbird/24.6.0"
162.243.23.67 - - [15/Jun/2014:05:12:14 -0400] "GET /blog/feed/ HTTP/1.1" 200 46223 "http://www.rpwoodwork.com/blog/feed/" "SimplePie/1.3.1 (Feed Parser; http://simplepie.org; Allow like Gecko) Build/20140607160241"
110.24.250.228 - - [15/Jun/2014:05:11:53 -0400] "HEAD /blog/2010/02/07/cleaning-auriou-rasps HTTP/1.0" 301 - "-" "Mozilla/5.0 (Windows; U; Windows NT 5.1; pl; rv:1.9.1.3) Gecko/20090824 Firefox/3.5.3"
199.30.80.126 - - [15/Jun/2014:05:12:45 -0400] "GET /blog/ HTTP/1.1" 200 76457 "-" "Mozilla/5.0 (Windows NT 6.1; rv:12.0; StumbleUpon; noc@stumbleupon.com) Gecko/20100101 Firefox/12.0"
207.46.13.61 - - [15/Jun/2014:05:12:39 -0400] "GET /blog/2012/09/24/dowel-joinery-looking-inside-part-1/ HTTP/1.1" 200 37018 "-" "Mozilla/5.0 (compatible; bingbot/2.0; +http://www.bing.com/bingbot.htm)"
162.243.202.33 - - [15/Jun/2014:05:13:05 -0400] "GET /blog/feed/ HTTP/1.1" 200 46223 "-" "Feedbin - 5 subscribers"
198.50.171.118 - - [15/Jun/2014:05:12:28 -0400] "GET /blog/2009/11/24/lie-nielsen-hand-tool-event-in-massachusetts-dec-4-5/ HTTP/1.1" 200 26756 "http://www.rpwoodwork.com" "Mozilla/4.0 (compatible; MSIE 6.0; Windows NT 5.1; en) Opera 8.50"
199.30.80.126 - - [15/Jun/2014:05:12:25 -0400] "GET /blog/ HTTP/1.1" 200 76457 "-" "Mozilla/5.0 (Windows NT 6.1; rv:12.0; StumbleUpon; noc@stumbleupon.com) Gecko/20100101 Firefox/12.0"
144.76.90.22 - - [15/Jun/2014:05:12:26 -0400] "GET /blog/feed/atom/ HTTP/1.1" 304 - "-" "Mozilla/5.0 (compatible; BazQux/2.4; +https://bazqux.com/fetcher; 3 subscribers)"
66.249.92.142 - - [15/Jun/2014:05:13:48 -0400] "GET /blog/feed/atom/ HTTP/1.1" 304 - "-" "Feedfetcher-Google; (+http://www.google.com/feedfetcher.html; 1 subscribers; feed-id=11735086132828456026)"
201.43.244.180 - - [15/Jun/2014:05:13:56 -0400] "GET / HTTP/1.1" 200 9757 "-" "Mozilla/5.0 (compatible; Googlebot/2.1; +http://www.google.com/bot.html)"
162.243.11.237 - - [15/Jun/2014:05:14:27 -0400] "GET /blog/feed/atom/ HTTP/1.1" 304 - "-" "Feed Wrangler/1.0 (2 subscribers; feed-id=117254; http://feedwrangler.net; Allow like Gecko)"
151.229.220.136 - - [15/Jun/2014:05:14:42 -0400] "GET /blog/feed/ HTTP/1.1" 200 46223 "-" "Mozilla/5.0 (Windows NT 6.1; WOW64; rv:29.0) Gecko/20100101 Firefox/29.0"
207.46.13.61 - - [15/Jun/2014:05:14:51 -0400] "GET /blog/2010/07/17/working-with-the-veritas-scraping-plane-part-1/ HTTP/1.1" 200 30679 "-" "Mozilla/5.0 (compatible; bingbot/2.0; +http://www.bing.com/bingbot.htm)"
108.61.139.50 - - [15/Jun/2014:05:15:00 -0400] "GET /blog/2014/04/11/compass-plane-fettling-a-stanley-20/ HTTP/1.1" 200 31908 "-" "Mozilla/4.0 (compatible; MSIE 6.0; Windows NT 5.1; SV1)"
110.78.164.27 - - [15/Jun/2014:05:15:04 -0400] "POST /blog/2014/04/11/compass-plane-fettling-a-stanley-20/ HTTP/1.1" 200 31908 "http://www.rpwoodwork.com/blog/2014/04/11/compass-plane-fettling-a-stanley-20/" "Mozilla/4.0 (compatible; MSIE 6.0; Windows NT 5.1; SV1)"
66.249.67.44 - - [15/Jun/2014:05:15:28 -0400] "GET /scripts/photoalbum.js HTTP/1.1" 200 62481 "http://rpwoodwork.com/" "Mozilla/5.0 (compatible; Googlebot/2.1; +http://www.google.com/bot.html)"
107.170.26.132 - - [15/Jun/2014:05:15:26 -0400] "GET /blog/feed/atom/ HTTP/1.1" 200 48049 "-" "Feedbin - 6 subscribers"
66.249.67.57 - - [15/Jun/2014:05:15:32 -0400] "GET /scripts/user.js HTTP/1.1" 200 23762 "http://rpwoodwork.com/" "Mozilla/5.0 (compatible; Googlebot/2.1; +http://www.google.com/bot.html)"
66.249.67.44 - - [15/Jun/2014:05:15:06 -0400] "GET /scripts/website.css HTTP/1.1" 200 1724 "http://rpwoodwork.com/" "Mozilla/5.0 (compatible; Googlebot/2.1; +http://www.google.com/bot.html)"
71.231.70.88 - - [15/Jun/2014:05:15:39 -0400] "GET /favicon.ico HTTP/1.1" 404 575 "-" "Mozilla/5.0 (Windows NT 6.1; rv:30.0) Gecko/20100101 Firefox/30.0"
66.249.67.44 - - [15/Jun/2014:05:15:43 -0400] "GET /scripts/template.css HTTP/1.1" 200 12058 "http://rpwoodwork.com/" "Mozilla/5.0 (compatible; Googlebot/2.1; +http://www.google.com/bot.html)"
66.249.67.57 - - [15/Jun/2014:05:15:48 -0400] "GET /scripts/print.css HTTP/1.1" 200 12355 "http://rpwoodwork.com/" "Mozilla/5.0 (compatible; Googlebot/2.1; +http://www.google.com/bot.html)"
162.253.154.187 - - [15/Jun/2014:05:15:33 -0400] "GET /blog/feed/atom/ HTTP/1.0" 200 48049 "-" "Fever/1.38 (Feed Parser; http://feedafever.com; Allow like Gecko)"
66.249.83.122 - - [15/Jun/2014:05:16:13 -0400] "GET /favicon.ico HTTP/1.0" 404 575 "http://accidentalwoodworker.blogspot.com/2014/06/repeating-past.html" "Mozilla/5.0 (Windows NT 6.1; WOW64) AppleWebKit/537.36 (KHTML, like Gecko) Chrome/31.0.1650.57 Safari/537.36"
66.249.92.142 - - [15/Jun/2014:05:17:00 -0400] "GET /blog/feed/atom/ HTTP/1.1" 304 - "-" "Feedfetcher-Google; (+http://www.google.com/feedfetcher.html; 734 subscribers; feed-id=4532924948821490811)"
188.99.77.217 - - [15/Jun/2014:05:17:10 -0400] "GET /blog/feed/atom/ HTTP/1.1" 304 - "-" "Mozilla/5.0 (Macintosh; Intel Mac OS X 10.9; rv:24.0) Gecko/20100101 Thunderbird/24.6.0"
69.196.165.230 - - [15/Jun/2014:05:17:27 -0400] "GET /blog/feed/atom/ HTTP/1.1" 304 - "-" "RSSOwl/2.2.1.201312301258 (Macintosh; U; en)"
183.60.215.50 - - [15/Jun/2014:05:17:38 -0400] "GET /blog/?p=1383 HTTP/1.1" 301 - "-" "Mozilla/5.0 (compatible; EasouSpider; +http://www.easou.com/search/spider.html)"
75.90.165.222 - - [15/Jun/2014:05:17:58 -0400] "GET /blog/2008/09/12/perfect-nope/ HTTP/1.1" 200 26652 "http://www.rpwoodwork.com/blog/" "Mozilla/5.0 (Windows NT 6.1; WOW64; rv:28.0) Gecko/20100101 Firefox/28.0"
75.90.165.222 - - [15/Jun/2014:05:18:06 -0400] "GET /blog/wp-content/uploads/2008/10/img_1374_edited-2.jpg HTTP/1.1" 200 77484 "http://www.rpwoodwork.com/blog/2008/09/12/perfect-nope/" "Mozilla/5.0 (Windows NT 6.1; WOW64; rv:28.0) Gecko/20100101 Firefox/28.0"
173.236.176.134 - - [15/Jun/2014:05:18:37 -0400] "GET /blog/feed/atom/ HTTP/1.1" 200 48049 "-" "Fever/1.28 (Feed Parser; http://feedafever.com; Allow like Gecko)"
71.233.60.81 - - [15/Jun/2014:05:18:35 -0400] "GET /blog/feed/ HTTP/1.0" 200 46223 "-" "Tiny Tiny RSS/1.7.2 (http://tt-rss.org/)"
75.90.165.222 - - [15/Jun/2014:05:17:30 -0400] "GET /blog/2011/11/29/woodworking-isn%E2%80%99t-quick-easy-or-perfect-every-time/ HTTP/1.1" 200 29501 "http://www.rpwoodwork.com/blog/" "Mozilla/5.0 (Windows NT 6.1; WOW64; rv:28.0) Gecko/20100101 Firefox/28.0"
75.90.165.222 - - [15/Jun/2014:05:19:14 -0400] "GET /blog/wp-content/uploads/2011/11/img_0441_edited-2.jpg HTTP/1.1" 200 105057 "http://www.rpwoodwork.com/blog/2011/11/29/woodworking-isn%E2%80%99t-quick-easy-or-perfect-every-time/" "Mozilla/5.0 (Windows NT 6.1; WOW64; rv:28.0) Gecko/20100101 Firefox/28.0"
110.24.250.228 - - [15/Jun/2014:05:19:26 -0400] "HEAD /blog/2009/06/02/three-scraping-tools-two-i-use HTTP/1.0" 301 - "-" "Mozilla/5.0 (Windows; U; Windows NT 5.1; pl; rv:1.9.1.3) Gecko/20090824 Firefox/3.5.3"
75.90.165.222 - - [15/Jun/2014:05:19:21 -0400] "GET /blog/2008/09/17/multiple-wedged-through-mortise-and-tenon-joint/ HTTP/1.1" 200 24988 "http://www.rpwoodwork.com/blog/2008/09/12/perfect-nope/" "Mozilla/5.0 (Windows NT 6.1; WOW64; rv:28.0) Gecko/20100101 Firefox/28.0"
121.218.47.220 - - [15/Jun/2014:05:19:40 -0400] "GET /favicon.ico HTTP/1.1" 404 575 "http://theboisshop.blogspot.com.au/" "Mozilla/5.0 (iPad; CPU OS 7_1_1 like Mac OS X) AppleWebKit/537.51.1 (KHTML, like Gecko) CriOS/35.0.1916.38 Mobile/11D201 Safari/9537.53"
166.78.164.230 - - [15/Jun/2014:05:19:31 -0400] "GET /blog/feed/ HTTP/1.0" 200 46223 "-" "-"
166.78.164.230 - - [15/Jun/2014:05:19:51 -0400] "GET /blog/feed/ HTTP/1.0" 200 46223 "-" "-"
66.249.67.141 - - [15/Jun/2014:05:18:08 -0400] "GET /blog/feed/atom HTTP/1.1" 301 - "-" "Mozilla/5.0 (compatible; Googlebot/2.1; +http://www.google.com/bot.html)"
166.78.164.230 - - [15/Jun/2014:05:19:52 -0400] "GET /blog/feed/ HTTP/1.1" 200 46223 "-" "Zend_Http_Client"
75.90.165.222 - - [15/Jun/2014:05:19:27 -0400] "GET /blog/2011/12/11/which-handplane-to-buy-first/ HTTP/1.1" 200 32103 "http://www.rpwoodwork.com/blog/2011/11/29/woodworking-isn%E2%80%99t-quick-easy-or-perfect-every-time/" "Mozilla/5.0 (Windows NT 6.1; WOW64; rv:28.0) Gecko/20100101 Firefox/28.0"
123.125.71.43 - - [15/Jun/2014:05:20:30 -0400] "GET /blog/wp-content/uploads/2011/11/img_0425_edited-2.jpg HTTP/1.1" 200 95157 "-" "Baiduspider-image+(+http://www.baidu.com/search/spider.htm)\\nReferer: http://image.baidu.com/i?ct=503316480&z=0&tn=baiduimagedetail"
75.90.165.222 - - [15/Jun/2014:05:20:11 -0400] "GET /blog/2012/12/ HTTP/1.1" 200 46398 "http://www.rpwoodwork.com/blog/2008/09/12/perfect-nope/" "Mozilla/5.0 (Windows NT 6.1; WOW64; rv:28.0) Gecko/20100101 Firefox/28.0"
75.90.165.222 - - [15/Jun/2014:05:21:02 -0400] "GET /blog/wp-content/uploads/2012/12/IMG_0886_edited-2.jpg HTTP/1.1" 200 75436 "http://www.rpwoodwork.com/blog/2012/12/" "Mozilla/5.0 (Windows NT 6.1; WOW64; rv:28.0) Gecko/20100101 Firefox/28.0"
75.90.165.222 - - [15/Jun/2014:05:21:00 -0400] "GET /blog/wp-content/uploads/2012/12/IMG_0880_edited-2.jpg HTTP/1.1" 200 61915 "http://www.rpwoodwork.com/blog/2012/12/" "Mozilla/5.0 (Windows NT 6.1; WOW64; rv:28.0) Gecko/20100101 Firefox/28.0"
75.90.165.222 - - [15/Jun/2014:05:21:02 -0400] "GET /blog/wp-content/uploads/2012/12/IMG_0908_edited-2.jpg HTTP/1.1" 200 95662 "http://www.rpwoodwork.com/blog/2012/12/" "Mozilla/5.0 (Windows NT 6.1; WOW64; rv:28.0) Gecko/20100101 Firefox/28.0"
75.90.165.222 - - [15/Jun/2014:05:21:02 -0400] "GET /blog/wp-content/uploads/2012/12/IMG_0882_edited-2.jpg HTTP/1.1" 200 47986 "http://www.rpwoodwork.com/blog/2012/12/" "Mozilla/5.0 (Windows NT 6.1; WOW64; rv:28.0) Gecko/20100101 Firefox/28.0"
75.90.165.222 - - [15/Jun/2014:05:20:41 -0400] "GET /blog/series-topics/ HTTP/1.1" 200 24960 "http://www.rpwoodwork.com/blog/2008/09/12/perfect-nope/" "Mozilla/5.0 (Windows NT 6.1; WOW64; rv:28.0) Gecko/20100101 Firefox/28.0"
75.90.165.222 - - [15/Jun/2014:05:21:03 -0400] "GET /blog/wp-content/uploads/2012/12/IMG_0884_edited-2.jpg HTTP/1.1" 200 85247 "http://www.rpwoodwork.com/blog/2012/12/" "Mozilla/5.0 (Windows NT 6.1; WOW64; rv:28.0) Gecko/20100101 Firefox/28.0"
75.90.165.222 - - [15/Jun/2014:05:21:01 -0400] "GET /blog/wp-content/uploads/2012/12/IMG_0879_edited-2.jpg HTTP/1.1" 200 55675 "http://www.rpwoodwork.com/blog/2012/12/" "Mozilla/5.0 (Windows NT 6.1; WOW64; rv:28.0) Gecko/20100101 Firefox/28.0"
75.90.165.222 - - [15/Jun/2014:05:21:03 -0400] "GET /blog/wp-content/uploads/2012/12/IMG_0888_edited-2.jpg HTTP/1.1" 200 94774 "http://www.rpwoodwork.com/blog/2012/12/" "Mozilla/5.0 (Windows NT 6.1; WOW64; rv:28.0) Gecko/20100101 Firefox/28.0"
75.90.165.222 - - [15/Jun/2014:05:21:03 -0400] "GET /blog/wp-content/uploads/2012/12/airshow_10_bg_101604_edited-1.jpg HTTP/1.1" 200 60675 "http://www.rpwoodwork.com/blog/2012/12/" "Mozilla/5.0 (Windows NT 6.1; WOW64; rv:28.0) Gecko/20100101 Firefox/28.0"
75.90.165.222 - - [15/Jun/2014:05:21:02 -0400] "GET /blog/wp-content/uploads/2012/12/flying-swallow-5.jpg HTTP/1.1" 200 13435 "http://www.rpwoodwork.com/blog/2012/12/" "Mozilla/5.0 (Windows NT 6.1; WOW64; rv:28.0) Gecko/20100101 Firefox/28.0"
75.90.165.222 - - [15/Jun/2014:05:21:03 -0400] "GET /blog/wp-content/uploads/2012/12/IMG_0874_edited-2.jpg HTTP/1.1" 200 63503 "http://www.rpwoodwork.com/blog/2012/12/" "Mozilla/5.0 (Windows NT 6.1; WOW64; rv:28.0) Gecko/20100101 Firefox/28.0"
75.90.165.222 - - [15/Jun/2014:05:21:02 -0400] "GET /blog/wp-content/uploads/2012/12/IMG_0877_edited-2.jpg HTTP/1.1" 200 73218 "http://www.rpwoodwork.com/blog/2012/12/" "Mozilla/5.0 (Windows NT 6.1; WOW64; rv:28.0) Gecko/20100101 Firefox/28.0"
75.90.165.222 - - [15/Jun/2014:05:21:04 -0400] "GET /blog/wp-content/uploads/2012/12/IMG_0875_edited-2.jpg HTTP/1.1" 200 60669 "http://www.rpwoodwork.com/blog/2012/12/" "Mozilla/5.0 (Windows NT 6.1; WOW64; rv:28.0) Gecko/20100101 Firefox/28.0"
75.90.165.222 - - [15/Jun/2014:05:21:04 -0400] "GET /blog/wp-content/themes/maple-leaf/images/tags.jpg HTTP/1.1" 200 497 "http://www.rpwoodwork.com/blog/wp-content/themes/maple-leaf/style.css" "Mozilla/5.0 (Windows NT 6.1; WOW64; rv:28.0) Gecko/20100101 Firefox/28.0"
75.90.165.222 - - [15/Jun/2014:05:20:42 -0400] "GET /blog/about-the-author/ HTTP/1.1" 200 22653 "http://www.rpwoodwork.com/blog/2008/09/12/perfect-nope/" "Mozilla/5.0 (Windows NT 6.1; WOW64; rv:28.0) Gecko/20100101 Firefox/28.0"
75.90.165.222 - - [15/Jun/2014:05:21:22 -0400] "GET /blog/wp-content/uploads/2011/12/img_0434-1_edited-5.jpg HTTP/1.1" 200 49992 "http://www.rpwoodwork.com/blog/about-the-author/" "Mozilla/5.0 (Windows NT 6.1; WOW64; rv:28.0) Gecko/20100101 Firefox/28.0"
75.90.165.222 - - [15/Jun/2014:05:21:27 -0400] "GET /blog/wp-content/uploads/2008/10/flag1.jpg HTTP/1.1" 200 2934 "http://www.rpwoodwork.com/blog/about-the-author/" "Mozilla/5.0 (Windows NT 6.1; WOW64; rv:28.0) Gecko/20100101 Firefox/28.0"
144.76.95.231 - - [15/Jun/2014:05:21:32 -0400] "GET /robots.txt HTTP/1.0" 200 25 "-" "Mozilla/5.0 (compatible; MJ12bot/v1.4.5; http://www.majestic12.co.uk/bot.php?+)"
75.90.165.222 - - [15/Jun/2014:05:20:39 -0400] "GET /blog/woodworking-links/ HTTP/1.1" 200 31336 "http://www.rpwoodwork.com/blog/2008/09/12/perfect-nope/" "Mozilla/5.0 (Windows NT 6.1; WOW64; rv:28.0) Gecko/20100101 Firefox/28.0"
68.179.126.36 - - [15/Jun/2014:05:20:59 -0400] "GET /blog/feed/atom/ HTTP/1.1" 304 - "-" "FeedDemon/4.5 (http://www.feeddemon.com/; Microsoft Windows)"
144.76.95.231 - - [15/Jun/2014:05:21:35 -0400] "GET /blog/2011/11/29/woodworking-isn%E2%80%99t-quick-easy-or-perfect-every-time/ HTTP/1.0" 200 29501 "-" "Mozilla/5.0 (compatible; MJ12bot/v1.4.5; http://www.majestic12.co.uk/bot.php?+)"
12.40.32.18 - - [15/Jun/2014:05:22:01 -0400] "GET /blog/feed/ HTTP/1.1" 304 - "-" "Vienna 3.0.0 Beta 18 :8c42af7: rv:4990 (Macintosh; Mac OS X 10.9.3; en_US)"
75.90.165.222 - - [15/Jun/2014:05:21:51 -0400] "GET /blog/about-the-author/ HTTP/1.1" 200 22653 "http://www.rpwoodwork.com/blog/series-topics/" "Mozilla/5.0 (Windows NT 6.1; WOW64; rv:28.0) Gecko/20100101 Firefox/28.0"
202.62.24.130 - - [15/Jun/2014:05:22:57 -0400] "GET /blog/2012/04/ HTTP/1.1" 200 44290 "-" "Mozilla/5.0 (Linux; U; Android 4.2.2; en-gb; GT-N5100 Build/JDQ39) AppleWebKit/534.30 (KHTML, like Gecko) Version/4.0 Safari/534.30"
202.62.24.130 - - [15/Jun/2014:05:22:48 -0400] "GET /blog/wp-content/themes/maple-leaf/style.css HTTP/1.1" 200 10944 "http://www.rpwoodwork.com/blog/2012/04/" "Mozilla/5.0 (Linux; U; Android 4.2.2; en-gb; GT-N5100 Build/JDQ39) AppleWebKit/534.30 (KHTML, like Gecko) Version/4.0 Safari/534.30"
202.62.24.130 - - [15/Jun/2014:05:22:49 -0400] "GET /blog/wp-content/themes/maple-leaf/images/bg_top.jpg HTTP/1.1" 200 78074 "http://www.rpwoodwork.com/blog/2012/04/" "Mozilla/5.0 (Linux; U; Android 4.2.2; en-gb; GT-N5100 Build/JDQ39) AppleWebKit/534.30 (KHTML, like Gecko) Version/4.0 Safari/534.30"
75.90.165.222 - - [15/Jun/2014:05:22:46 -0400] "GET /blog/series-topics/ HTTP/1.1" 200 24960 "http://www.rpwoodwork.com/blog/woodworking-links/" "Mozilla/5.0 (Windows NT 6.1; WOW64; rv:28.0) Gecko/20100101 Firefox/28.0"
202.62.24.130 - - [15/Jun/2014:05:22:19 -0400] "GET /blog/wp-content/themes/maple-leaf/images/sidebar_title.jpg HTTP/1.1" 200 1393 "http://www.rpwoodwork.com/blog/2012/04/" "Mozilla/5.0 (Linux; U; Android 4.2.2; en-gb; GT-N5100 Build/JDQ39) AppleWebKit/534.30 (KHTML, like Gecko) Version/4.0 Safari/534.30"
202.62.24.130 - - [15/Jun/2014:05:22:19 -0400] "GET /blog/wp-content/themes/maple-leaf/images/footer_bg.jpg HTTP/1.1" 200 596 "http://www.rpwoodwork.com/blog/2012/04/" "Mozilla/5.0 (Linux; U; Android 4.2.2; en-gb; GT-N5100 Build/JDQ39) AppleWebKit/534.30 (KHTML, like Gecko) Version/4.0 Safari/534.30"
202.62.24.130 - - [15/Jun/2014:05:23:00 -0400] "GET /blog/wp-content/themes/maple-leaf/images/bg_repeat.png HTTP/1.1" 200 230 "http://www.rpwoodwork.com/blog/2012/04/" "Mozilla/5.0 (Linux; U; Android 4.2.2; en-gb; GT-N5100 Build/JDQ39) AppleWebKit/534.30 (KHTML, like Gecko) Version/4.0 Safari/534.30"
202.62.24.130 - - [15/Jun/2014:05:23:01 -0400] "GET /blog/wp-content/themes/maple-leaf/images/tags.jpg HTTP/1.1" 200 497 "http://www.rpwoodwork.com/blog/2012/04/" "Mozilla/5.0 (Linux; U; Android 4.2.2; en-gb; GT-N5100 Build/JDQ39) AppleWebKit/534.30 (KHTML, like Gecko) Version/4.0 Safari/534.30"
202.62.24.130 - - [15/Jun/2014:05:22:50 -0400] "GET /blog/wp-content/themes/maple-leaf/images/menu_separate.jpg HTTP/1.1" 200 362 "http://www.rpwoodwork.com/blog/2012/04/" "Mozilla/5.0 (Linux; U; Android 4.2.2; en-gb; GT-N5100 Build/JDQ39) AppleWebKit/534.30 (KHTML, like Gecko) Version/4.0 Safari/534.30"
202.62.24.130 - - [15/Jun/2014:05:22:50 -0400] "GET /blog/wp-content/themes/maple-leaf/images/category.jpg HTTP/1.1" 200 523 "http://www.rpwoodwork.com/blog/2012/04/" "Mozilla/5.0 (Linux; U; Android 4.2.2; en-gb; GT-N5100 Build/JDQ39) AppleWebKit/534.30 (KHTML, like Gecko) Version/4.0 Safari/534.30"
202.62.24.130 - - [15/Jun/2014:05:22:50 -0400] "GET /blog/wp-content/uploads/2012/04/IMG_0591_edited-2.jpg HTTP/1.1" 200 68136 "http://www.rpwoodwork.com/blog/2012/04/" "Mozilla/5.0 (Linux; U; Android 4.2.2; en-gb; GT-N5100 Build/JDQ39) AppleWebKit/534.30 (KHTML, like Gecko) Version/4.0 Safari/534.30"
202.62.24.130 - - [15/Jun/2014:05:22:50 -0400] "GET /blog/wp-content/themes/maple-leaf/images/menu_bg.jpg HTTP/1.1" 200 7818 "http://www.rpwoodwork.com/blog/2012/04/" "Mozilla/5.0 (Linux; U; Android 4.2.2; en-gb; GT-N5100 Build/JDQ39) AppleWebKit/534.30 (KHTML, like Gecko) Version/4.0 Safari/534.30"
202.62.24.130 - - [15/Jun/2014:05:22:50 -0400] "GET /blog/wp-content/uploads/2012/04/IMG_0610_edited-2.jpg HTTP/1.1" 200 76073 "http://www.rpwoodwork.com/blog/2012/04/" "Mozilla/5.0 (Linux; U; Android 4.2.2; en-gb; GT-N5100 Build/JDQ39) AppleWebKit/534.30 (KHTML, like Gecko) Version/4.0 Safari/534.30"
202.62.24.130 - - [15/Jun/2014:05:22:50 -0400] "GET /blog/wp-content/uploads/2012/04/IMG_0611_edited-2.jpg HTTP/1.1" 200 73172 "http://www.rpwoodwork.com/blog/2012/04/" "Mozilla/5.0 (Linux; U; Android 4.2.2; en-gb; GT-N5100 Build/JDQ39) AppleWebKit/534.30 (KHTML, like Gecko) Version/4.0 Safari/534.30"
202.62.24.130 - - [15/Jun/2014:05:22:50 -0400] "GET /blog/wp-content/uploads/2012/04/img_1021_edited-2.jpg HTTP/1.1" 200 81331 "http://www.rpwoodwork.com/blog/2012/04/" "Mozilla/5.0 (Linux; U; Android 4.2.2; en-gb; GT-N5100 Build/JDQ39) AppleWebKit/534.30 (KHTML, like Gecko) Version/4.0 Safari/534.30"
202.62.24.130 - - [15/Jun/2014:05:22:50 -0400] "GET /blog/wp-content/uploads/2012/04/img_0576_edited-2.jpg HTTP/1.1" 200 75186 "http://www.rpwoodwork.com/blog/2012/04/" "Mozilla/5.0 (Linux; U; Android 4.2.2; en-gb; GT-N5100 Build/JDQ39) AppleWebKit/534.30 (KHTML, like Gecko) Version/4.0 Safari/534.30"
202.62.24.130 - - [15/Jun/2014:05:22:50 -0400] "GET /blog/wp-content/themes/maple-leaf/images/rss.jpg HTTP/1.1" 200 585 "http://www.rpwoodwork.com/blog/2012/04/" "Mozilla/5.0 (Linux; U; Android 4.2.2; en-gb; GT-N5100 Build/JDQ39) AppleWebKit/534.30 (KHTML, like Gecko) Version/4.0 Safari/534.30"
202.62.24.130 - - [15/Jun/2014:05:22:50 -0400] "GET /blog/wp-content/uploads/2012/04/IMG_0608_edited-2.jpg HTTP/1.1" 200 73127 "http://www.rpwoodwork.com/blog/2012/04/" "Mozilla/5.0 (Linux; U; Android 4.2.2; en-gb; GT-N5100 Build/JDQ39) AppleWebKit/534.30 (KHTML, like Gecko) Version/4.0 Safari/534.30"
202.62.24.130 - - [15/Jun/2014:05:22:48 -0400] "GET /blog/wp-content/uploads/2012/04/IMG_0585_edited-2.jpg HTTP/1.1" 200 56160 "-" "Mozilla/5.0 (Linux; U; Android 4.2.2; en-gb; GT-N5100 Build/JDQ39) AppleWebKit/534.30 (KHTML, like Gecko) Version/4.0 Safari/534.30"
202.62.24.130 - - [15/Jun/2014:05:22:50 -0400] "GET /blog/wp-content/themes/maple-leaf/images/sidebar_arrow.jpg HTTP/1.1" 200 446 "http://www.rpwoodwork.com/blog/2012/04/" "Mozilla/5.0 (Linux; U; Android 4.2.2; en-gb; GT-N5100 Build/JDQ39) AppleWebKit/534.30 (KHTML, like Gecko) Version/4.0 Safari/534.30"
202.62.24.130 - - [15/Jun/2014:05:22:50 -0400] "GET /blog/wp-content/uploads/2012/04/IMG_0586_edited-2.jpg HTTP/1.1" 200 65852 "http://www.rpwoodwork.com/blog/2012/04/" "Mozilla/5.0 (Linux; U; Android 4.2.2; en-gb; GT-N5100 Build/JDQ39) AppleWebKit/534.30 (KHTML, like Gecko) Version/4.0 Safari/534.30"
202.62.24.130 - - [15/Jun/2014:05:22:52 -0400] "GET /blog/wp-content/themes/maple-leaf/images/container_repeat.jpg HTTP/1.1" 200 1038 "http://www.rpwoodwork.com/blog/2012/04/" "Mozilla/5.0 (Linux; U; Android 4.2.2; en-gb; GT-N5100 Build/JDQ39) AppleWebKit/534.30 (KHTML, like Gecko) Version/4.0 Safari/534.30"
202.62.24.130 - - [15/Jun/2014:05:22:52 -0400] "GET /blog/wp-content/themes/maple-leaf/images/line.jpg HTTP/1.1" 200 362 "http://www.rpwoodwork.com/blog/2012/04/" "Mozilla/5.0 (Linux; U; Android 4.2.2; en-gb; GT-N5100 Build/JDQ39) AppleWebKit/534.30 (KHTML, like Gecko) Version/4.0 Safari/534.30"
