91.54.159.181 - - [15/Jun/2014:16:10:45 -0400] "GET /images/Rpwoodwork023_edited-1.jpg HTTP/1.1" 200 5543 "http://www.rpwoodwork.com/blog.html" "Mozilla/5.0 (Windows NT 6.1; WOW64) AppleWebKit/537.36 (KHTML, like Gecko) Chrome/29.0.1547.76 Safari/537.36"
91.54.159.181 - - [15/Jun/2014:16:11:05 -0400] "GET /images/ic_059_title_bg.png HTTP/1.1" 200 3634 "http://www.rpwoodwork.com/blog.html" "Mozilla/5.0 (Windows NT 6.1; WOW64) AppleWebKit/537.36 (KHTML, like Gecko) Chrome/29.0.1547.76 Safari/537.36"
91.54.159.181 - - [15/Jun/2014:16:10:45 -0400] "GET /images/ic_059_slogan_bg.png HTTP/1.1" 200 467 "http://www.rpwoodwork.com/blog.html" "Mozilla/5.0 (Windows NT 6.1; WOW64) AppleWebKit/537.36 (KHTML, like Gecko) Chrome/29.0.1547.76 Safari/537.36"
91.54.159.181 - - [15/Jun/2014:16:11:06 -0400] "GET /favicon.ico HTTP/1.1" 404 575 "-" "Mozilla/5.0 (Windows NT 6.1; WOW64) AppleWebKit/537.36 (KHTML, like Gecko) Chrome/29.0.1547.76 Safari/537.36"
91.54.159.181 - - [15/Jun/2014:16:11:10 -0400] "GET /gallery.html HTTP/1.1" 200 18115 "http://www.rpwoodwork.com/blog.html" "Mozilla/5.0 (Windows NT 6.1; WOW64) AppleWebKit/537.36 (KHTML, like Gecko) Chrome/29.0.1547.76 Safari/537.36"
91.54.159.181 - - [15/Jun/2014:16:11:10 -0400] "GET /scripts/3custom.css HTTP/1.1" 200 4516 "http://www.rpwoodwork.com/gallery.html" "Mozilla/5.0 (Windows NT 6.1; WOW64) AppleWebKit/537.36 (KHTML, like Gecko) Chrome/29.0.1547.76 Safari/537.36"
91.54.159.181 - - [15/Jun/2014:16:11:11 -0400] "GET /images/217_IMG_0268_edited-5.jpg HTTP/1.1" 200 6060 "http://www.rpwoodwork.com/gallery.html" "Mozilla/5.0 (Windows NT 6.1; WOW64) AppleWebKit/537.36 (KHTML, like Gecko) Chrome/29.0.1547.76 Safari/537.36"
91.54.159.181 - - [15/Jun/2014:16:11:11 -0400] "GET /images/217_IMG_0920_edited-4.jpg HTTP/1.1" 200 6167 "http://www.rpwoodwork.com/gallery.html" "Mozilla/5.0 (Windows NT 6.1; WOW64) AppleWebKit/537.36 (KHTML, like Gecko) Chrome/29.0.1547.76 Safari/537.36"
91.54.159.181 - - [15/Jun/2014:16:11:10 -0400] "GET /images/217_IMG_0320_edited-3.jpg HTTP/1.1" 200 6067 "http://www.rpwoodwork.com/gallery.html" "Mozilla/5.0 (Windows NT 6.1; WOW64) AppleWebKit/537.36 (KHTML, like Gecko) Chrome/29.0.1547.76 Safari/537.36"
91.54.159.181 - - [15/Jun/2014:16:11:11 -0400] "GET /images/217_IMG_0224_edited-3.jpg HTTP/1.1" 200 6359 "http://www.rpwoodwork.com/gallery.html" "Mozilla/5.0 (Windows NT 6.1; WOW64) AppleWebKit/537.36 (KHTML, like Gecko) Chrome/29.0.1547.76 Safari/537.36"
91.54.159.181 - - [15/Jun/2014:16:11:11 -0400] "GET /images/217_IMG_0481_edited-3.jpg HTTP/1.1" 200 5771 "http://www.rpwoodwork.com/gallery.html" "Mozilla/5.0 (Windows NT 6.1; WOW64) AppleWebKit/537.36 (KHTML, like Gecko) Chrome/29.0.1547.76 Safari/537.36"
91.54.159.181 - - [15/Jun/2014:16:11:11 -0400] "GET /images/217_IMG_1285_edited-2.jpg HTTP/1.1" 200 5399 "http://www.rpwoodwork.com/gallery.html" "Mozilla/5.0 (Windows NT 6.1; WOW64) AppleWebKit/537.36 (KHTML, like Gecko) Chrome/29.0.1547.76 Safari/537.36"
91.54.159.181 - - [15/Jun/2014:16:11:11 -0400] "GET /images/217_IMG_1045_edited-2.jpg HTTP/1.1" 200 5022 "http://www.rpwoodwork.com/gallery.html" "Mozilla/5.0 (Windows NT 6.1; WOW64) AppleWebKit/537.36 (KHTML, like Gecko) Chrome/29.0.1547.76 Safari/537.36"
91.54.159.181 - - [15/Jun/2014:16:11:11 -0400] "GET /images/217_Woodwork-10_edited-2.jpg HTTP/1.1" 200 8011 "http://www.rpwoodwork.com/gallery.html" "Mozilla/5.0 (Windows NT 6.1; WOW64) AppleWebKit/537.36 (KHTML, like Gecko) Chrome/29.0.1547.76 Safari/537.36"
91.54.159.181 - - [15/Jun/2014:16:11:11 -0400] "GET /images/217_RPwoodwork-04_edited-3.jpg HTTP/1.1" 200 5123 "http://www.rpwoodwork.com/gallery.html" "Mozilla/5.0 (Windows NT 6.1; WOW64) AppleWebKit/537.36 (KHTML, like Gecko) Chrome/29.0.1547.76 Safari/537.36"
76.250.68.187 - - [15/Jun/2014:16:11:12 -0400] "GET /blog/2010/08/13/east-meets-west-my-saws-part-2/ HTTP/1.1" 200 32007 "http://www.google.com/url?sa=t&rct=j&q=&esrc=s&source=web&cd=2&ved=0CCsQFjAB&url=http%3A%2F%2Fwww.rpwoodwork.com%2Fblog%2F2010%2F08%2F13%2Feast-meets-west-my-saws-part-2%2F&ei=0v2dU-61AoqF8gGI6oHQDw&usg=AFQjCNFn9dFtHSG5oeJZpY2YGZDiyFBJnw&bvm=bv.68911936,d.b2U" "Mozilla/5.0 (Windows NT 6.1; WOW64; Trident/7.0; yie9; rv:11.0) like Gecko"
76.250.68.187 - - [15/Jun/2014:16:11:14 -0400] "GET /blog/wp-content/themes/maple-leaf/style.css HTTP/1.1" 200 10944 "http://www.rpwoodwork.com/blog/2010/08/13/east-meets-west-my-saws-part-2/" "Mozilla/5.0 (Windows NT 6.1; WOW64; Trident/7.0; yie9; rv:11.0) like Gecko"
76.250.68.187 - - [15/Jun/2014:16:11:14 -0400] "GET /blog/wp-content/themes/maple-leaf/images/spacer.gif HTTP/1.1" 200 43 "http://www.rpwoodwork.com/blog/2010/08/13/east-meets-west-my-saws-part-2/" "Mozilla/5.0 (Windows NT 6.1; WOW64; Trident/7.0; yie9; rv:11.0) like Gecko"
76.250.68.187 - - [15/Jun/2014:16:11:10 -0400] "GET /blog/wp-content/themes/maple-leaf/images/rss.jpg HTTP/1.1" 200 585 "http://www.rpwoodwork.com/blog/2010/08/13/east-meets-west-my-saws-part-2/" "Mozilla/5.0 (Windows NT 6.1; WOW64; Trident/7.0; yie9; rv:11.0) like Gecko"
76.250.68.187 - - [15/Jun/2014:16:11:14 -0400] "GET /blog/wp-content/themes/maple-leaf/images/bg_repeat.png HTTP/1.1" 200 230 "http://www.rpwoodwork.com/blog/2010/08/13/east-meets-west-my-saws-part-2/" "Mozilla/5.0 (Windows NT 6.1; WOW64; Trident/7.0; yie9; rv:11.0) like Gecko"
76.250.68.187 - - [15/Jun/2014:16:11:14 -0400] "GET /blog/wp-content/uploads/2010/08/img_0004_edited-2.jpg HTTP/1.1" 200 85710 "http://www.rpwoodwork.com/blog/2010/08/13/east-meets-west-my-saws-part-2/" "Mozilla/5.0 (Windows NT 6.1; WOW64; Trident/7.0; yie9; rv:11.0) like Gecko"
76.250.68.187 - - [15/Jun/2014:16:11:14 -0400] "GET /blog/wp-content/themes/maple-leaf/images/bg_bottom_repeat.jpg HTTP/1.1" 200 411 "http://www.rpwoodwork.com/blog/2010/08/13/east-meets-west-my-saws-part-2/" "Mozilla/5.0 (Windows NT 6.1; WOW64; Trident/7.0; yie9; rv:11.0) like Gecko"
76.250.68.187 - - [15/Jun/2014:16:11:10 -0400] "GET /blog/wp-content/themes/maple-leaf/images/bg_top.jpg HTTP/1.1" 200 78074 "http://www.rpwoodwork.com/blog/2010/08/13/east-meets-west-my-saws-part-2/" "Mozilla/5.0 (Windows NT 6.1; WOW64; Trident/7.0; yie9; rv:11.0) like Gecko"
76.250.68.187 - - [15/Jun/2014:16:11:14 -0400] "GET /blog/wp-content/themes/maple-leaf/images/menu_bg.jpg HTTP/1.1" 200 7818 "http://www.rpwoodwork.com/blog/2010/08/13/east-meets-west-my-saws-part-2/" "Mozilla/5.0 (Windows NT 6.1; WOW64; Trident/7.0; yie9; rv:11.0) like Gecko"
76.250.68.187 - - [15/Jun/2014:16:11:14 -0400] "GET /blog/wp-content/themes/maple-leaf/images/container_repeat.jpg HTTP/1.1" 200 1038 "http://www.rpwoodwork.com/blog/2010/08/13/east-meets-west-my-saws-part-2/" "Mozilla/5.0 (Windows NT 6.1; WOW64; Trident/7.0; yie9; rv:11.0) like Gecko"
76.250.68.187 - - [15/Jun/2014:16:11:14 -0400] "GET /blog/wp-content/themes/maple-leaf/images/header_bg.jpg HTTP/1.1" 200 57398 "http://www.rpwoodwork.com/blog/2010/08/13/east-meets-west-my-saws-part-2/" "Mozilla/5.0 (Windows NT 6.1; WOW64; Trident/7.0; yie9; rv:11.0) like Gecko"
76.250.68.187 - - [15/Jun/2014:16:11:14 -0400] "GET /blog/wp-content/themes/maple-leaf/images/sidebar_title.jpg HTTP/1.1" 200 1393 "http://www.rpwoodwork.com/blog/2010/08/13/east-meets-west-my-saws-part-2/" "Mozilla/5.0 (Windows NT 6.1; WOW64; Trident/7.0; yie9; rv:11.0) like Gecko"
76.250.68.187 - - [15/Jun/2014:16:11:14 -0400] "GET /blog/wp-content/themes/maple-leaf/images/sidebar_arrow.jpg HTTP/1.1" 200 446 "http://www.rpwoodwork.com/blog/2010/08/13/east-meets-west-my-saws-part-2/" "Mozilla/5.0 (Windows NT 6.1; WOW64; Trident/7.0; yie9; rv:11.0) like Gecko"
91.54.159.181 - - [15/Jun/2014:16:11:13 -0400] "GET /displaycabinet.html HTTP/1.1" 200 14570 "http://www.rpwoodwork.com/gallery.html" "Mozilla/5.0 (Windows NT 6.1; WOW64) AppleWebKit/537.36 (KHTML, like Gecko) Chrome/29.0.1547.76 Safari/537.36"
76.250.68.187 - - [15/Jun/2014:16:11:15 -0400] "GET /blog/wp-content/themes/maple-leaf/images/menu_separate.jpg HTTP/1.1" 200 362 "http://www.rpwoodwork.com/blog/2010/08/13/east-meets-west-my-saws-part-2/" "Mozilla/5.0 (Windows NT 6.1; WOW64; Trident/7.0; yie9; rv:11.0) like Gecko"
76.250.68.187 - - [15/Jun/2014:16:11:15 -0400] "GET /blog/wp-content/themes/maple-leaf/images/footer_bg.jpg HTTP/1.1" 200 596 "http://www.rpwoodwork.com/blog/2010/08/13/east-meets-west-my-saws-part-2/" "Mozilla/5.0 (Windows NT 6.1; WOW64; Trident/7.0; yie9; rv:11.0) like Gecko"
76.250.68.187 - - [15/Jun/2014:16:11:14 -0400] "GET /blog/wp-content/themes/maple-leaf/images/category.jpg HTTP/1.1" 200 523 "http://www.rpwoodwork.com/blog/2010/08/13/east-meets-west-my-saws-part-2/" "Mozilla/5.0 (Windows NT 6.1; WOW64; Trident/7.0; yie9; rv:11.0) like Gecko"
77.230.118.198 - - [15/Jun/2014:16:11:13 -0400] "GET /blog/2009/02/04/drawer-making-helper/ HTTP/1.1" 200 27136 "http://www.homemadetools.net/drawer-making-jig?utm_source=Newsletter&utm_medium=email&utm_campaign=06/11/2014" "Mozilla/5.0 (Windows NT 6.1) AppleWebKit/537.36 (KHTML, like Gecko) Chrome/35.0.1916.153 Safari/537.36"
76.250.68.187 - - [15/Jun/2014:16:11:15 -0400] "GET /blog/wp-content/themes/maple-leaf/images/tags.jpg HTTP/1.1" 200 497 "http://www.rpwoodwork.com/blog/2010/08/13/east-meets-west-my-saws-part-2/" "Mozilla/5.0 (Windows NT 6.1; WOW64; Trident/7.0; yie9; rv:11.0) like Gecko"
76.250.68.187 - - [15/Jun/2014:16:11:15 -0400] "GET /blog/wp-content/themes/maple-leaf/images/line.jpg HTTP/1.1" 200 362 "http://www.rpwoodwork.com/blog/2010/08/13/east-meets-west-my-saws-part-2/" "Mozilla/5.0 (Windows NT 6.1; WOW64; Trident/7.0; yie9; rv:11.0) like Gecko"
77.230.118.198 - - [15/Jun/2014:16:11:15 -0400] "GET /blog/wp-content/themes/maple-leaf/style.css HTTP/1.1" 200 10944 "http://www.rpwoodwork.com/blog/2009/02/04/drawer-making-helper/" "Mozilla/5.0 (Windows NT 6.1) AppleWebKit/537.36 (KHTML, like Gecko) Chrome/35.0.1916.153 Safari/537.36"
91.54.159.181 - - [15/Jun/2014:16:11:13 -0400] "GET /scripts/12custom.css HTTP/1.1" 200 4510 "http://www.rpwoodwork.com/displaycabinet.html" "Mozilla/5.0 (Windows NT 6.1; WOW64) AppleWebKit/537.36 (KHTML, like Gecko) Chrome/29.0.1547.76 Safari/537.36"
91.54.159.181 - - [15/Jun/2014:16:11:13 -0400] "GET /images/473_IMG_0464_edited-2.jpg HTTP/1.1" 200 19434 "http://www.rpwoodwork.com/displaycabinet.html" "Mozilla/5.0 (Windows NT 6.1; WOW64) AppleWebKit/537.36 (KHTML, like Gecko) Chrome/29.0.1547.76 Safari/537.36"
91.54.159.181 - - [15/Jun/2014:16:11:15 -0400] "GET /images/473_IMG_0519_edited-2.jpg HTTP/1.1" 200 19897 "http://www.rpwoodwork.com/displaycabinet.html" "Mozilla/5.0 (Windows NT 6.1; WOW64) AppleWebKit/537.36 (KHTML, like Gecko) Chrome/29.0.1547.76 Safari/537.36"
91.54.159.181 - - [15/Jun/2014:16:11:15 -0400] "GET /images/473_IMG_0481_edited-2.jpg HTTP/1.1" 200 17918 "http://www.rpwoodwork.com/displaycabinet.html" "Mozilla/5.0 (Windows NT 6.1; WOW64) AppleWebKit/537.36 (KHTML, like Gecko) Chrome/29.0.1547.76 Safari/537.36"
91.54.159.181 - - [15/Jun/2014:16:11:17 -0400] "GET /images/473_IMG_0492_edited-2.jpg HTTP/1.1" 200 14641 "http://www.rpwoodwork.com/displaycabinet.html" "Mozilla/5.0 (Windows NT 6.1; WOW64) AppleWebKit/537.36 (KHTML, like Gecko) Chrome/29.0.1547.76 Safari/537.36"
91.54.159.181 - - [15/Jun/2014:16:11:15 -0400] "GET /images/473_IMG_0478_edited-2.jpg HTTP/1.1" 200 22118 "http://www.rpwoodwork.com/displaycabinet.html" "Mozilla/5.0 (Windows NT 6.1; WOW64) AppleWebKit/537.36 (KHTML, like Gecko) Chrome/29.0.1547.76 Safari/537.36"
77.230.118.198 - - [15/Jun/2014:16:11:15 -0400] "GET /blog/wp-content/uploads/2009/02/img_1723_edited-2.jpg HTTP/1.1" 200 84506 "http://www.rpwoodwork.com/blog/2009/02/04/drawer-making-helper/" "Mozilla/5.0 (Windows NT 6.1) AppleWebKit/537.36 (KHTML, like Gecko) Chrome/35.0.1916.153 Safari/537.36"
77.230.118.198 - - [15/Jun/2014:16:11:15 -0400] "GET /blog/wp-content/uploads/2009/02/img_1726_edited-2.jpg HTTP/1.1" 200 100196 "http://www.rpwoodwork.com/blog/2009/02/04/drawer-making-helper/" "Mozilla/5.0 (Windows NT 6.1) AppleWebKit/537.36 (KHTML, like Gecko) Chrome/35.0.1916.153 Safari/537.36"
77.230.118.198 - - [15/Jun/2014:16:10:44 -0400] "GET /blog/wp-content/themes/maple-leaf/images/rss.jpg HTTP/1.1" 200 585 "http://www.rpwoodwork.com/blog/2009/02/04/drawer-making-helper/" "Mozilla/5.0 (Windows NT 6.1) AppleWebKit/537.36 (KHTML, like Gecko) Chrome/35.0.1916.153 Safari/537.36"
77.230.118.198 - - [15/Jun/2014:16:11:15 -0400] "GET /blog/wp-content/uploads/2009/02/img_1725_edited-2.jpg HTTP/1.1" 200 74165 "http://www.rpwoodwork.com/blog/2009/02/04/drawer-making-helper/" "Mozilla/5.0 (Windows NT 6.1) AppleWebKit/537.36 (KHTML, like Gecko) Chrome/35.0.1916.153 Safari/537.36"
76.250.68.187 - - [15/Jun/2014:16:10:36 -0400] "GET /favicon.ico HTTP/1.1" 404 575 "-" "Mozilla/5.0 (Windows NT 6.1; Win64; x64; Trident/7.0; yie9; rv:11.0) like Gecko"
77.230.118.198 - - [15/Jun/2014:16:10:44 -0400] "GET /blog/wp-content/themes/maple-leaf/images/bg_bottom_repeat.jpg HTTP/1.1" 200 411 "http://www.rpwoodwork.com/blog/2009/02/04/drawer-making-helper/" "Mozilla/5.0 (Windows NT 6.1) AppleWebKit/537.36 (KHTML, like Gecko) Chrome/35.0.1916.153 Safari/537.36"
77.230.118.198 - - [15/Jun/2014:16:11:16 -0400] "GET /blog/wp-content/themes/maple-leaf/images/bg_top.jpg HTTP/1.1" 200 78074 "http://www.rpwoodwork.com/blog/2009/02/04/drawer-making-helper/" "Mozilla/5.0 (Windows NT 6.1) AppleWebKit/537.36 (KHTML, like Gecko) Chrome/35.0.1916.153 Safari/537.36"
77.230.118.198 - - [15/Jun/2014:16:10:44 -0400] "GET /blog/wp-content/themes/maple-leaf/images/bg_repeat.png HTTP/1.1" 200 230 "http://www.rpwoodwork.com/blog/2009/02/04/drawer-making-helper/" "Mozilla/5.0 (Windows NT 6.1) AppleWebKit/537.36 (KHTML, like Gecko) Chrome/35.0.1916.153 Safari/537.36"
77.230.118.198 - - [15/Jun/2014:16:11:16 -0400] "GET /blog/wp-content/themes/maple-leaf/images/header_bg.jpg HTTP/1.1" 200 57398 "http://www.rpwoodwork.com/blog/2009/02/04/drawer-making-helper/" "Mozilla/5.0 (Windows NT 6.1) AppleWebKit/537.36 (KHTML, like Gecko) Chrome/35.0.1916.153 Safari/537.36"
77.230.118.198 - - [15/Jun/2014:16:10:45 -0400] "GET /blog/wp-content/themes/maple-leaf/images/menu_bg.jpg HTTP/1.1" 200 7818 "http://www.rpwoodwork.com/blog/2009/02/04/drawer-making-helper/" "Mozilla/5.0 (Windows NT 6.1) AppleWebKit/537.36 (KHTML, like Gecko) Chrome/35.0.1916.153 Safari/537.36"
77.230.118.198 - - [15/Jun/2014:16:11:16 -0400] "GET /blog/wp-content/themes/maple-leaf/images/menu_separate.jpg HTTP/1.1" 200 362 "http://www.rpwoodwork.com/blog/2009/02/04/drawer-making-helper/" "Mozilla/5.0 (Windows NT 6.1) AppleWebKit/537.36 (KHTML, like Gecko) Chrome/35.0.1916.153 Safari/537.36"
77.230.118.198 - - [15/Jun/2014:16:11:16 -0400] "GET /blog/wp-content/themes/maple-leaf/images/spacer.gif HTTP/1.1" 200 43 "http://www.rpwoodwork.com/blog/2009/02/04/drawer-making-helper/" "Mozilla/5.0 (Windows NT 6.1) AppleWebKit/537.36 (KHTML, like Gecko) Chrome/35.0.1916.153 Safari/537.36"
77.230.118.198 - - [15/Jun/2014:16:10:45 -0400] "GET /blog/wp-content/themes/maple-leaf/images/sidebar_title.jpg HTTP/1.1" 200 1393 "http://www.rpwoodwork.com/blog/2009/02/04/drawer-making-helper/" "Mozilla/5.0 (Windows NT 6.1) AppleWebKit/537.36 (KHTML, like Gecko) Chrome/35.0.1916.153 Safari/537.36"
77.230.118.198 - - [15/Jun/2014:16:11:16 -0400] "GET /blog/wp-content/themes/maple-leaf/images/container_repeat.jpg HTTP/1.1" 200 1038 "http://www.rpwoodwork.com/blog/2009/02/04/drawer-making-helper/" "Mozilla/5.0 (Windows NT 6.1) AppleWebKit/537.36 (KHTML, like Gecko) Chrome/35.0.1916.153 Safari/537.36"
77.230.118.198 - - [15/Jun/2014:16:11:16 -0400] "GET /blog/wp-content/themes/maple-leaf/images/line.jpg HTTP/1.1" 200 362 "http://www.rpwoodwork.com/blog/2009/02/04/drawer-making-helper/" "Mozilla/5.0 (Windows NT 6.1) AppleWebKit/537.36 (KHTML, like Gecko) Chrome/35.0.1916.153 Safari/537.36"
77.230.118.198 - - [15/Jun/2014:16:11:16 -0400] "GET /blog/wp-content/themes/maple-leaf/images/sidebar_arrow.jpg HTTP/1.1" 200 446 "http://www.rpwoodwork.com/blog/2009/02/04/drawer-making-helper/" "Mozilla/5.0 (Windows NT 6.1) AppleWebKit/537.36 (KHTML, like Gecko) Chrome/35.0.1916.153 Safari/537.36"
77.230.118.198 - - [15/Jun/2014:16:10:45 -0400] "GET /blog/wp-content/themes/maple-leaf/images/footer_bg.jpg HTTP/1.1" 200 596 "http://www.rpwoodwork.com/blog/2009/02/04/drawer-making-helper/" "Mozilla/5.0 (Windows NT 6.1) AppleWebKit/537.36 (KHTML, like Gecko) Chrome/35.0.1916.153 Safari/537.36"
77.230.118.198 - - [15/Jun/2014:16:11:16 -0400] "GET /blog/wp-content/themes/maple-leaf/images/category.jpg HTTP/1.1" 200 523 "http://www.rpwoodwork.com/blog/2009/02/04/drawer-making-helper/" "Mozilla/5.0 (Windows NT 6.1) AppleWebKit/537.36 (KHTML, like Gecko) Chrome/35.0.1916.153 Safari/537.36"
77.230.118.198 - - [15/Jun/2014:16:11:19 -0400] "GET /favicon.ico HTTP/1.1" 404 575 "-" "Mozilla/5.0 (Windows NT 6.1) AppleWebKit/537.36 (KHTML, like Gecko) Chrome/35.0.1916.153 Safari/537.36"
74.229.75.22 - - [15/Jun/2014:16:11:25 -0400] "GET /blog/feed/atom/ HTTP/1.1" 200 48049 "http://www.rpwoodwork.com/blog/feed/atom/" "Tiny Tiny RSS/1.12 (http://tt-rss.org/)"
91.54.159.181 - - [15/Jun/2014:16:11:34 -0400] "GET /blog/ HTTP/1.1" 200 76457 "http://www.rpwoodwork.com/blog.html" "Mozilla/5.0 (Windows NT 6.1; WOW64) AppleWebKit/537.36 (KHTML, like Gecko) Chrome/29.0.1547.76 Safari/537.36"
173.187.179.15 - - [15/Jun/2014:16:11:45 -0400] "GET /favicon.ico HTTP/1.1" 404 575 "http://firstlightwoodworking.blogspot.com/2011/04/quit-display-case.html" "Mozilla/5.0 (Windows NT 6.1; WOW64; Trident/7.0; rv:11.0) like Gecko"
91.54.159.181 - - [15/Jun/2014:16:11:47 -0400] "GET /blog/?s=dovetails&x=28&y=14 HTTP/1.1" 200 34994 "http://www.rpwoodwork.com/blog/" "Mozilla/5.0 (Windows NT 6.1; WOW64) AppleWebKit/537.36 (KHTML, like Gecko) Chrome/29.0.1547.76 Safari/537.36"
91.54.159.181 - - [15/Jun/2014:16:11:09 -0400] "GET /blog/2013/12/23/4-shop-tips-and-4-shop-irritations/ HTTP/1.1" 200 29961 "http://www.rpwoodwork.com/blog/?s=dovetails&x=28&y=14" "Mozilla/5.0 (Windows NT 6.1; WOW64) AppleWebKit/537.36 (KHTML, like Gecko) Chrome/29.0.1547.76 Safari/537.36"
91.54.159.181 - - [15/Jun/2014:16:11:11 -0400] "GET /blog/wp-content/uploads/2013/12/IMG_1131_edited-2.jpg HTTP/1.1" 200 79484 "http://www.rpwoodwork.com/blog/2013/12/23/4-shop-tips-and-4-shop-irritations/" "Mozilla/5.0 (Windows NT 6.1; WOW64) AppleWebKit/537.36 (KHTML, like Gecko) Chrome/29.0.1547.76 Safari/537.36"
91.54.159.181 - - [15/Jun/2014:16:12:00 -0400] "GET /blog/wp-content/uploads/2013/12/IMG_1135_edited-2.jpg HTTP/1.1" 200 71562 "http://www.rpwoodwork.com/blog/2013/12/23/4-shop-tips-and-4-shop-irritations/" "Mozilla/5.0 (Windows NT 6.1; WOW64) AppleWebKit/537.36 (KHTML, like Gecko) Chrome/29.0.1547.76 Safari/537.36"
91.54.159.181 - - [15/Jun/2014:16:12:11 -0400] "GET /blog/wp-content/uploads/2013/12/IMG_1134_edited-2.jpg HTTP/1.1" 200 67626 "http://www.rpwoodwork.com/blog/2013/12/23/4-shop-tips-and-4-shop-irritations/" "Mozilla/5.0 (Windows NT 6.1; WOW64) AppleWebKit/537.36 (KHTML, like Gecko) Chrome/29.0.1547.76 Safari/537.36"
91.54.159.181 - - [15/Jun/2014:16:12:00 -0400] "GET /blog/wp-content/uploads/2013/12/IMG_1133_edited-2.jpg HTTP/1.1" 200 82837 "http://www.rpwoodwork.com/blog/2013/12/23/4-shop-tips-and-4-shop-irritations/" "Mozilla/5.0 (Windows NT 6.1; WOW64) AppleWebKit/537.36 (KHTML, like Gecko) Chrome/29.0.1547.76 Safari/537.36"
91.54.159.181 - - [15/Jun/2014:16:12:00 -0400] "GET /blog/wp-content/uploads/2013/12/IMG_1129_edited-2.jpg HTTP/1.1" 200 68341 "http://www.rpwoodwork.com/blog/2013/12/23/4-shop-tips-and-4-shop-irritations/" "Mozilla/5.0 (Windows NT 6.1; WOW64) AppleWebKit/537.36 (KHTML, like Gecko) Chrome/29.0.1547.76 Safari/537.36"
91.54.159.181 - - [15/Jun/2014:16:12:00 -0400] "GET /blog/wp-content/uploads/2013/12/IMG_1136_edited-2.jpg HTTP/1.1" 200 71824 "http://www.rpwoodwork.com/blog/2013/12/23/4-shop-tips-and-4-shop-irritations/" "Mozilla/5.0 (Windows NT 6.1; WOW64) AppleWebKit/537.36 (KHTML, like Gecko) Chrome/29.0.1547.76 Safari/537.36"
91.54.159.181 - - [15/Jun/2014:16:11:12 -0400] "GET /blog/wp-content/uploads/2013/12/IMG_0742_edited-2.jpg HTTP/1.1" 200 84474 "http://www.rpwoodwork.com/blog/2013/12/23/4-shop-tips-and-4-shop-irritations/" "Mozilla/5.0 (Windows NT 6.1; WOW64) AppleWebKit/537.36 (KHTML, like Gecko) Chrome/29.0.1547.76 Safari/537.36"
99.22.17.113 - - [15/Jun/2014:16:11:28 -0400] "GET /blog/feed/ HTTP/1.1" 304 - "-" "Windows-RSS-Platform/2.0 (IE 11.0; Windows NT 6.1)"
91.54.159.181 - - [15/Jun/2014:16:11:13 -0400] "GET /blog/wp-content/uploads/2013/12/IMG_1137_edited-2.jpg HTTP/1.1" 200 75974 "http://www.rpwoodwork.com/blog/2013/12/23/4-shop-tips-and-4-shop-irritations/" "Mozilla/5.0 (Windows NT 6.1; WOW64) AppleWebKit/537.36 (KHTML, like Gecko) Chrome/29.0.1547.76 Safari/537.36"
98.137.206.35 - - [15/Jun/2014:16:12:00 -0400] "GET /blog/feed/ HTTP/1.1" 304 - "-" "Mozilla/5.0 (compatible; Yahoo! Slurp; http://help.yahoo.com/help/us/ysearch/slurp)"
91.54.159.181 - - [15/Jun/2014:16:12:15 -0400] "GET /blog/2008/09/28/chopping-dovetails/ HTTP/1.1" 200 29036 "http://www.rpwoodwork.com/blog/?s=dovetails&x=28&y=14" "Mozilla/5.0 (Windows NT 6.1; WOW64) AppleWebKit/537.36 (KHTML, like Gecko) Chrome/29.0.1547.76 Safari/537.36"
91.54.159.181 - - [15/Jun/2014:16:12:17 -0400] "GET /blog/wp-content/uploads/2008/10/img_1422_edited-3.jpg HTTP/1.1" 200 112274 "http://www.rpwoodwork.com/blog/2008/09/28/chopping-dovetails/" "Mozilla/5.0 (Windows NT 6.1; WOW64) AppleWebKit/537.36 (KHTML, like Gecko) Chrome/29.0.1547.76 Safari/537.36"
162.243.23.67 - - [15/Jun/2014:16:11:58 -0400] "GET /blog/feed/ HTTP/1.1" 200 46223 "http://www.rpwoodwork.com/blog/feed/" "SimplePie/1.3.1 (Feed Parser; http://simplepie.org; Allow like Gecko) Build/20140607160241"
91.54.159.181 - - [15/Jun/2014:16:12:28 -0400] "GET /blog/2013/09/11/two-projects-from-which-i-learned-a-lot/ HTTP/1.1" 200 26382 "http://www.rpwoodwork.com/blog/?s=dovetails&x=28&y=14" "Mozilla/5.0 (Windows NT 6.1; WOW64) AppleWebKit/537.36 (KHTML, like Gecko) Chrome/29.0.1547.76 Safari/537.36"
77.230.118.198 - - [15/Jun/2014:16:12:35 -0400] "GET /blog/woodworking-links/ HTTP/1.1" 200 31336 "http://www.rpwoodwork.com/blog/2009/02/04/drawer-making-helper/" "Mozilla/5.0 (Windows NT 6.1) AppleWebKit/537.36 (KHTML, like Gecko) Chrome/35.0.1916.153 Safari/537.36"
91.54.159.181 - - [15/Jun/2014:16:12:56 -0400] "GET /about.html HTTP/1.1" 200 12144 "http://www.rpwoodwork.com/blog.html" "Mozilla/5.0 (Windows NT 6.1; WOW64) AppleWebKit/537.36 (KHTML, like Gecko) Chrome/29.0.1547.76 Safari/537.36"
91.54.159.181 - - [15/Jun/2014:16:12:56 -0400] "GET /scripts/4custom.css HTTP/1.1" 200 1478 "http://www.rpwoodwork.com/about.html" "Mozilla/5.0 (Windows NT 6.1; WOW64) AppleWebKit/537.36 (KHTML, like Gecko) Chrome/29.0.1547.76 Safari/537.36"
91.54.159.181 - - [15/Jun/2014:16:12:57 -0400] "GET /images/274_RPwoodwork-16edited-2.jpg HTTP/1.1" 200 10368 "http://www.rpwoodwork.com/about.html" "Mozilla/5.0 (Windows NT 6.1; WOW64) AppleWebKit/537.36 (KHTML, like Gecko) Chrome/29.0.1547.76 Safari/537.36"
91.54.159.181 - - [15/Jun/2014:16:12:57 -0400] "GET /images/333_RPwoodwork-17edited-2.jpg HTTP/1.1" 200 12745 "http://www.rpwoodwork.com/about.html" "Mozilla/5.0 (Windows NT 6.1; WOW64) AppleWebKit/537.36 (KHTML, like Gecko) Chrome/29.0.1547.76 Safari/537.36"
91.54.159.181 - - [15/Jun/2014:16:12:57 -0400] "GET /images/108_flag1.jpg HTTP/1.1" 200 2934 "http://www.rpwoodwork.com/about.html" "Mozilla/5.0 (Windows NT 6.1; WOW64) AppleWebKit/537.36 (KHTML, like Gecko) Chrome/29.0.1547.76 Safari/537.36"
91.54.159.181 - - [15/Jun/2014:16:12:22 -0400] "GET /commissionapiece.html HTTP/1.1" 200 10393 "http://www.rpwoodwork.com/about.html" "Mozilla/5.0 (Windows NT 6.1; WOW64) AppleWebKit/537.36 (KHTML, like Gecko) Chrome/29.0.1547.76 Safari/537.36"
91.54.159.181 - - [15/Jun/2014:16:12:23 -0400] "GET /scripts/15custom.css HTTP/1.1" 200 805 "http://www.rpwoodwork.com/commissionapiece.html" "Mozilla/5.0 (Windows NT 6.1; WOW64) AppleWebKit/537.36 (KHTML, like Gecko) Chrome/29.0.1547.76 Safari/537.36"
66.249.67.11 - - [15/Jun/2014:16:13:14 -0400] "GET /blog/2012/01/17/a-practical-tool-cabinet-part-2/feed/ HTTP/1.1" 200 1714 "-" "Mozilla/5.0 (compatible; Googlebot/2.1; +http://www.google.com/bot.html)"
91.54.159.181 - - [15/Jun/2014:16:13:07 -0400] "GET /intheshop.html HTTP/1.1" 200 18288 "http://www.rpwoodwork.com/commissionapiece.html" "Mozilla/5.0 (Windows NT 6.1; WOW64) AppleWebKit/537.36 (KHTML, like Gecko) Chrome/29.0.1547.76 Safari/537.36"
91.54.159.181 - - [15/Jun/2014:16:13:04 -0400] "GET /scripts/6custom.css HTTP/1.1" 200 6195 "http://www.rpwoodwork.com/intheshop.html" "Mozilla/5.0 (Windows NT 6.1; WOW64) AppleWebKit/537.36 (KHTML, like Gecko) Chrome/29.0.1547.76 Safari/537.36"
91.54.159.181 - - [15/Jun/2014:16:13:07 -0400] "GET /images/473_IMG_0820_edited-3.jpg HTTP/1.1" 200 98862 "http://www.rpwoodwork.com/intheshop.html" "Mozilla/5.0 (Windows NT 6.1; WOW64) AppleWebKit/537.36 (KHTML, like Gecko) Chrome/29.0.1547.76 Safari/537.36"
91.54.159.181 - - [15/Jun/2014:16:13:08 -0400] "GET /images/473_IMG_1094_edited-5.jpg HTTP/1.1" 200 90676 "http://www.rpwoodwork.com/intheshop.html" "Mozilla/5.0 (Windows NT 6.1; WOW64) AppleWebKit/537.36 (KHTML, like Gecko) Chrome/29.0.1547.76 Safari/537.36"
91.54.159.181 - - [15/Jun/2014:16:13:07 -0400] "GET /images/473_IMG_1032_edited-2.jpg HTTP/1.1" 200 96682 "http://www.rpwoodwork.com/intheshop.html" "Mozilla/5.0 (Windows NT 6.1; WOW64) AppleWebKit/537.36 (KHTML, like Gecko) Chrome/29.0.1547.76 Safari/537.36"
91.54.159.181 - - [15/Jun/2014:16:13:08 -0400] "GET /images/473_IMG_1066_edited-2.jpg HTTP/1.1" 200 114554 "http://www.rpwoodwork.com/intheshop.html" "Mozilla/5.0 (Windows NT 6.1; WOW64) AppleWebKit/537.36 (KHTML, like Gecko) Chrome/29.0.1547.76 Safari/537.36"
91.54.159.181 - - [15/Jun/2014:16:13:04 -0400] "GET /images/473_IMG_0207edited-2.jpg HTTP/1.1" 200 19756 "http://www.rpwoodwork.com/intheshop.html" "Mozilla/5.0 (Windows NT 6.1; WOW64) AppleWebKit/537.36 (KHTML, like Gecko) Chrome/29.0.1547.76 Safari/537.36"
91.54.159.181 - - [15/Jun/2014:16:13:08 -0400] "GET /images/473_Shop-02edited_1.jpg HTTP/1.1" 200 21827 "http://www.rpwoodwork.com/intheshop.html" "Mozilla/5.0 (Windows NT 6.1; WOW64) AppleWebKit/537.36 (KHTML, like Gecko) Chrome/29.0.1547.76 Safari/537.36"
91.54.159.181 - - [15/Jun/2014:16:13:04 -0400] "GET /images/473_IMG_0201edited-2.jpg HTTP/1.1" 200 23680 "http://www.rpwoodwork.com/intheshop.html" "Mozilla/5.0 (Windows NT 6.1; WOW64) AppleWebKit/537.36 (KHTML, like Gecko) Chrome/29.0.1547.76 Safari/537.36"
91.54.159.181 - - [15/Jun/2014:16:13:08 -0400] "GET /images/473_Shop-37edited_1.jpg HTTP/1.1" 200 26257 "http://www.rpwoodwork.com/intheshop.html" "Mozilla/5.0 (Windows NT 6.1; WOW64) AppleWebKit/537.36 (KHTML, like Gecko) Chrome/29.0.1547.76 Safari/537.36"
91.54.159.181 - - [15/Jun/2014:16:13:29 -0400] "GET /blog/ HTTP/1.1" 200 76457 "http://www.rpwoodwork.com/blog.html" "Mozilla/5.0 (Windows NT 6.1; WOW64) AppleWebKit/537.36 (KHTML, like Gecko) Chrome/29.0.1547.76 Safari/537.36"
91.54.159.181 - - [15/Jun/2014:16:13:38 -0400] "GET /blog/category/resources/ HTTP/1.1" 200 57090 "http://www.rpwoodwork.com/blog/" "Mozilla/5.0 (Windows NT 6.1; WOW64) AppleWebKit/537.36 (KHTML, like Gecko) Chrome/29.0.1547.76 Safari/537.36"
91.54.159.181 - - [15/Jun/2014:16:13:41 -0400] "GET /blog/wp-content/uploads/2014/02/NWA-image_edited-1.jpg HTTP/1.1" 200 91688 "http://www.rpwoodwork.com/blog/category/resources/" "Mozilla/5.0 (Windows NT 6.1; WOW64) AppleWebKit/537.36 (KHTML, like Gecko) Chrome/29.0.1547.76 Safari/537.36"
91.54.159.181 - - [15/Jun/2014:16:13:21 -0400] "GET /blog/wp-content/uploads/2013/10/IMG_0111_edited-2.jpg HTTP/1.1" 200 84010 "http://www.rpwoodwork.com/blog/category/resources/" "Mozilla/5.0 (Windows NT 6.1; WOW64) AppleWebKit/537.36 (KHTML, like Gecko) Chrome/29.0.1547.76 Safari/537.36"
91.54.159.181 - - [15/Jun/2014:16:13:41 -0400] "GET /blog/wp-content/uploads/2013/10/IMG_0118_edited-2.jpg HTTP/1.1" 200 83945 "http://www.rpwoodwork.com/blog/category/resources/" "Mozilla/5.0 (Windows NT 6.1; WOW64) AppleWebKit/537.36 (KHTML, like Gecko) Chrome/29.0.1547.76 Safari/537.36"
91.54.159.181 - - [15/Jun/2014:16:13:41 -0400] "GET /blog/wp-content/uploads/2013/10/IMG_0115_edited-2.jpg HTTP/1.1" 200 80173 "http://www.rpwoodwork.com/blog/category/resources/" "Mozilla/5.0 (Windows NT 6.1; WOW64) AppleWebKit/537.36 (KHTML, like Gecko) Chrome/29.0.1547.76 Safari/537.36"
91.54.159.181 - - [15/Jun/2014:16:13:41 -0400] "GET /blog/wp-content/uploads/2013/10/IMG_0117_edited-2.jpg HTTP/1.1" 200 77096 "http://www.rpwoodwork.com/blog/category/resources/" "Mozilla/5.0 (Windows NT 6.1; WOW64) AppleWebKit/537.36 (KHTML, like Gecko) Chrome/29.0.1547.76 Safari/537.36"
91.54.159.181 - - [15/Jun/2014:16:13:41 -0400] "GET /blog/wp-content/uploads/2013/10/IMG_0120_edited-2.jpg HTTP/1.1" 200 81788 "http://www.rpwoodwork.com/blog/category/resources/" "Mozilla/5.0 (Windows NT 6.1; WOW64) AppleWebKit/537.36 (KHTML, like Gecko) Chrome/29.0.1547.76 Safari/537.36"
91.54.159.181 - - [15/Jun/2014:16:13:42 -0400] "GET /blog/wp-content/uploads/2013/10/IMG_0123_edited-2.jpg HTTP/1.1" 200 74845 "http://www.rpwoodwork.com/blog/category/resources/" "Mozilla/5.0 (Windows NT 6.1; WOW64) AppleWebKit/537.36 (KHTML, like Gecko) Chrome/29.0.1547.76 Safari/537.36"
91.54.159.181 - - [15/Jun/2014:16:13:43 -0400] "GET /blog/wp-content/uploads/2013/05/WIAimage.php_.png HTTP/1.1" 200 4675 "http://www.rpwoodwork.com/blog/category/resources/" "Mozilla/5.0 (Windows NT 6.1; WOW64) AppleWebKit/537.36 (KHTML, like Gecko) Chrome/29.0.1547.76 Safari/537.36"
91.54.159.181 - - [15/Jun/2014:16:13:43 -0400] "GET /blog/wp-content/uploads/2009/11/img_1021_edited-2.jpg HTTP/1.1" 200 81331 "http://www.rpwoodwork.com/blog/category/resources/" "Mozilla/5.0 (Windows NT 6.1; WOW64) AppleWebKit/537.36 (KHTML, like Gecko) Chrome/29.0.1547.76 Safari/537.36"
91.54.159.181 - - [15/Jun/2014:16:13:43 -0400] "GET /blog/wp-content/uploads/2013/07/IMG_0663_edited-2.jpg HTTP/1.1" 200 81727 "http://www.rpwoodwork.com/blog/category/resources/" "Mozilla/5.0 (Windows NT 6.1; WOW64) AppleWebKit/537.36 (KHTML, like Gecko) Chrome/29.0.1547.76 Safari/537.36"
91.54.159.181 - - [15/Jun/2014:16:13:24 -0400] "GET /blog/wp-content/uploads/2012/05/IMG_0620_edited-2.jpg HTTP/1.1" 200 72121 "http://www.rpwoodwork.com/blog/category/resources/" "Mozilla/5.0 (Windows NT 6.1; WOW64) AppleWebKit/537.36 (KHTML, like Gecko) Chrome/29.0.1547.76 Safari/537.36"
91.54.159.181 - - [15/Jun/2014:16:13:44 -0400] "GET /blog/wp-content/uploads/2012/11/IMG_0088_edited-2.jpg HTTP/1.1" 200 76103 "http://www.rpwoodwork.com/blog/category/resources/" "Mozilla/5.0 (Windows NT 6.1; WOW64) AppleWebKit/537.36 (KHTML, like Gecko) Chrome/29.0.1547.76 Safari/537.36"
91.54.159.181 - - [15/Jun/2014:16:13:44 -0400] "GET /blog/wp-content/uploads/2012/05/IMG_0711_edited-2.jpg HTTP/1.1" 200 63449 "http://www.rpwoodwork.com/blog/category/resources/" "Mozilla/5.0 (Windows NT 6.1; WOW64) AppleWebKit/537.36 (KHTML, like Gecko) Chrome/29.0.1547.76 Safari/537.36"
91.54.159.181 - - [15/Jun/2014:16:13:44 -0400] "GET /blog/wp-content/uploads/2012/05/IMG_0647_edited-2.jpg HTTP/1.1" 200 60028 "http://www.rpwoodwork.com/blog/category/resources/" "Mozilla/5.0 (Windows NT 6.1; WOW64) AppleWebKit/537.36 (KHTML, like Gecko) Chrome/29.0.1547.76 Safari/537.36"
91.54.159.181 - - [15/Jun/2014:16:13:45 -0400] "GET /blog/wp-content/uploads/2013/10/IMG_0124_edited-2.jpg HTTP/1.1" 200 77264 "http://www.rpwoodwork.com/blog/category/resources/" "Mozilla/5.0 (Windows NT 6.1; WOW64) AppleWebKit/537.36 (KHTML, like Gecko) Chrome/29.0.1547.76 Safari/537.36"
91.54.159.181 - - [15/Jun/2014:16:13:25 -0400] "GET /blog/wp-content/uploads/2013/10/IMG_0125_edited-2.jpg HTTP/1.1" 200 77883 "http://www.rpwoodwork.com/blog/category/resources/" "Mozilla/5.0 (Windows NT 6.1; WOW64) AppleWebKit/537.36 (KHTML, like Gecko) Chrome/29.0.1547.76 Safari/537.36"
91.54.159.181 - - [15/Jun/2014:16:13:46 -0400] "GET /blog/wp-content/uploads/2013/10/IMG_0119_edited-2.jpg HTTP/1.1" 200 80545 "http://www.rpwoodwork.com/blog/category/resources/" "Mozilla/5.0 (Windows NT 6.1; WOW64) AppleWebKit/537.36 (KHTML, like Gecko) Chrome/29.0.1547.76 Safari/537.36"
77.230.118.198 - - [15/Jun/2014:16:13:58 -0400] "GET /favicon.ico HTTP/1.1" 404 575 "http://theboisshop.blogspot.com.es/" "Mozilla/5.0 (Windows NT 6.1) AppleWebKit/537.36 (KHTML, like Gecko) Chrome/35.0.1916.153 Safari/537.36"
91.54.159.181 - - [15/Jun/2014:16:13:57 -0400] "GET /blog/category/ideas/ HTTP/1.1" 200 58735 "http://www.rpwoodwork.com/blog/category/resources/" "Mozilla/5.0 (Windows NT 6.1; WOW64) AppleWebKit/537.36 (KHTML, like Gecko) Chrome/29.0.1547.76 Safari/537.36"
76.250.68.187 - - [15/Jun/2014:16:14:09 -0400] "GET /blog/about-the-author/ HTTP/1.1" 200 22653 "http://www.rpwoodwork.com/blog/2010/08/13/east-meets-west-my-saws-part-2/" "Mozilla/5.0 (Windows NT 6.1; WOW64; Trident/7.0; yie9; rv:11.0) like Gecko"
76.250.68.187 - - [15/Jun/2014:16:14:10 -0400] "GET /blog/wp-content/uploads/2011/12/img_0434-1_edited-5.jpg HTTP/1.1" 200 49992 "http://www.rpwoodwork.com/blog/about-the-author/" "Mozilla/5.0 (Windows NT 6.1; WOW64; Trident/7.0; yie9; rv:11.0) like Gecko"
76.250.68.187 - - [15/Jun/2014:16:14:10 -0400] "GET /blog/wp-content/uploads/2008/10/flag1.jpg HTTP/1.1" 200 2934 "http://www.rpwoodwork.com/blog/about-the-author/" "Mozilla/5.0 (Windows NT 6.1; WOW64; Trident/7.0; yie9; rv:11.0) like Gecko"
76.250.68.187 - - [15/Jun/2014:16:14:11 -0400] "GET /favicon.ico HTTP/1.1" 404 575 "-" "Mozilla/5.0 (Windows NT 6.1; Win64; x64; Trident/7.0; yie9; rv:11.0) like Gecko"
198.52.215.202 - - [15/Jun/2014:16:14:06 -0400] "GET /blog/2014/04/22/tools-for-curves-team/ HTTP/1.1" 200 32226 "-" "Mozilla/4.0 (compatible; MSIE 6.0; Windows NT 5.1)"
148.251.81.195 - - [15/Jun/2014:16:14:20 -0400] "GET /blog/feed/atom/ HTTP/1.1" 304 - "-" "Mozilla/5.0 (compatible; FeedBooster; +http://feeds.qsensei.com)"
188.99.77.217 - - [15/Jun/2014:16:14:33 -0400] "GET /blog/feed/atom/ HTTP/1.1" 304 - "-" "Mozilla/5.0 (Macintosh; Intel Mac OS X 10.9; rv:24.0) Gecko/20100101 Thunderbird/24.6.0"
190.36.10.249 - - [15/Jun/2014:16:14:23 -0400] "POST /blog/2014/04/22/tools-for-curves-team/trackback/ HTTP/1.0" 200 78 "http://www.rpwoodwork.com/blog/2014/04/22/tools-for-curves-team/" "Mozilla/4.0 (compatible; MSIE 6.0; Windows NT 5.1; SV1; Mozilla/4.0 (compatible; MSIE 6.0; Windows NT 5.1; SV1) ; .NET CLR 2.0.50727 ; .NET CLR 4.0.30319)"
162.243.12.13 - - [15/Jun/2014:16:14:30 -0400] "GET /blog/feed/atom/ HTTP/1.1" 304 - "-" "Feed Wrangler/1.0 (2 subscribers; feed-id=117254; http://feedwrangler.net; Allow like Gecko)"
199.204.185.210 - - [15/Jun/2014:16:14:36 -0400] "GET /blog/2014/04/25/nuancing-the-stanley-surform-shaver/ HTTP/1.1" 200 30850 "-" "Mozilla/4.0 (compatible; MSIE 6.0; Windows NT 5.1; SV1; Mozilla/4.0 (compatible; MSIE 6.0; Windows NT 5.1; SV1) )"
183.60.213.81 - - [15/Jun/2014:16:14:10 -0400] "GET /blog/2009/08/26/high-end-drawers-part-6-making-it-fit/ HTTP/1.1" 200 30125 "-" "Mozilla/5.0 (compatible; EasouSpider; +http://www.easou.com/search/spider.html)"
151.229.220.136 - - [15/Jun/2014:16:15:09 -0400] "GET /blog/feed/ HTTP/1.1" 200 46223 "-" "Mozilla/5.0 (Windows NT 6.1; WOW64; rv:29.0) Gecko/20100101 Firefox/29.0"
73.180.14.138 - - [15/Jun/2014:16:15:27 -0400] "GET /blog/feed/ HTTP/1.1" 200 46223 "-" "Mozilla/5.0 (Sage)"
173.44.37.226 - - [15/Jun/2014:16:15:49 -0400] "GET /blog/2013/05/03/east-meets-west-my-saws-part-8/ HTTP/1.1" 200 37295 "-" "Mozilla/4.0 (compatible; MSIE 8.0; Windows NT 6.0; Trident/4.0)"
198.58.102.95 - - [15/Jun/2014:16:16:14 -0400] "GET /blog/feed/atom/ HTTP/1.1" 304 - "-" "Superfeedr bot/2.0 http://superfeedr.com - Make your feeds realtime: get in touch!"
76.250.68.187 - - [15/Jun/2014:16:16:23 -0400] "GET /blog/wp-content/uploads/2010/08/img_0004_edited-2.jpg HTTP/1.1" 200 85710 "-" "Mozilla/4.0 (compatible; MSIE 7.0; Windows NT 6.1; Win64; x64; Trident/7.0; .NET CLR 2.0.50727; SLCC2; .NET CLR 3.5.30729; .NET CLR 3.0.30729; Media Center PC 6.0; Tablet PC 2.0; .NET4.0C; .NET4.0E; yie9; MS STORE DMC2.8.4431.2; ms-office; MSOffice 14)"
194.28.14.2 - - [15/Jun/2014:16:16:25 -0400] "GET /favicon.ico HTTP/1.1" 404 575 "http://accidentalwoodworker.blogspot.com/2013/06/leg-vise-2-months-later.html" "Mozilla/5.0 (Windows NT 6.1; rv:29.0) Gecko/20100101 Firefox/29.0"
162.243.99.58 - - [15/Jun/2014:16:16:50 -0400] "GET /blog/feed/atom/ HTTP/1.1" 200 48049 "-" "Feedbin - 6 subscribers"
64.12.250.152 - - [15/Jun/2014:16:16:51 -0400] "GET /blog/feed/atom/ HTTP/1.1" 200 48049 "-" "UniversalFeedParser/5.1.3 +https://code.google.com/p/feedparser/"
109.128.232.120 - - [15/Jun/2014:16:17:07 -0400] "GET /blog/feed/ HTTP/1.1" 304 - "-" "NetNewsWire/4.0.0 (Mac OS X; http://netnewswireapp.com/mac/; gzip-happy)"
173.236.176.134 - - [15/Jun/2014:16:17:21 -0400] "GET /blog/feed/atom/ HTTP/1.1" 200 48049 "-" "Fever/1.28 (Feed Parser; http://feedafever.com; Allow like Gecko)"
71.54.75.142 - - [15/Jun/2014:16:17:25 -0400] "GET /blog/feed HTTP/1.1" 304 - "-" "RSSOwl/2.2.1.201312301258 (Windows; U; en)"
183.60.213.81 - - [15/Jun/2014:16:18:43 -0400] "GET /blog/2014/01/ HTTP/1.1" 200 35095 "-" "Mozilla/5.0 (compatible; EasouSpider; +http://www.easou.com/search/spider.html)"
188.99.77.217 - - [15/Jun/2014:16:19:43 -0400] "GET /blog/feed/atom/ HTTP/1.1" 304 - "-" "Mozilla/5.0 (Macintosh; Intel Mac OS X 10.9; rv:24.0) Gecko/20100101 Thunderbird/24.6.0"
65.19.138.33 - - [15/Jun/2014:16:19:59 -0400] "GET /blog/feed/ HTTP/1.1" 304 - "-" "Feedly/1.0 (+http://www.feedly.com/fetcher.html; like FeedFetcher-Google)"
142.68.120.7 - - [15/Jun/2014:16:20:16 -0400] "GET /favicon.ico HTTP/1.1" 404 575 "http://notjustsawdust.blogspot.ca/" "Mozilla/5.0 (Windows NT 6.1; WOW64; Trident/7.0; rv:11.0) like Gecko"
75.115.14.247 - - [15/Jun/2014:16:19:44 -0400] "GET /favicon.ico HTTP/1.1" 404 575 "http://accidentalwoodworker.blogspot.com/2014/06/repeating-past.html" "Mozilla/5.0 (iPad; CPU OS 7_1_1 like Mac OS X) AppleWebKit/537.51.2 (KHTML, like Gecko) Version/7.0 Mobile/11D201 Safari/9537.53"
99.46.146.90 - - [15/Jun/2014:16:20:28 -0400] "GET /favicon.ico HTTP/1.1" 404 575 "http://tatteredjeansandsawdust.blogspot.com/2013_06_01_archive.html" "Mozilla/5.0 (Windows NT 6.1; WOW64; rv:30.0) Gecko/20100101 Firefox/30.0"
110.148.134.9 - - [15/Jun/2014:16:20:48 -0400] "GET /blog/feed/atom/ HTTP/1.1" 304 - "-" "Windows-RSS-Platform/2.0 (IE 11.0; Windows NT 6.1)"
78.179.189.236 - - [15/Jun/2014:16:21:04 -0400] "GET /blog/wp-content/uploads/2010/11/img_0060_edited-2.jpg HTTP/1.1" 200 67413 "https://www.google.com.tr/" "Mozilla/5.0 (Windows NT 6.1; WOW64) AppleWebKit/537.36 (KHTML, like Gecko) Chrome/30.0.1599.10 Safari/537.36"
107.170.96.101 - - [15/Jun/2014:16:21:27 -0400] "GET /blog/feed/ HTTP/1.1" 200 46223 "-" "Feedbin - 5 subscribers"
183.60.213.81 - - [15/Jun/2014:16:21:32 -0400] "GET /blog/2011/12/21/go-ahead-ask-me/ HTTP/1.1" 200 25637 "-" "Mozilla/5.0 (compatible; EasouSpider; +http://www.easou.com/search/spider.html)"
98.227.169.200 - - [15/Jun/2014:16:21:45 -0400] "GET /blog/wp-content/uploads/2013/10/IMG_1039_edited-2.jpg HTTP/1.1" 200 104166 "https://www.google.com/" "Mozilla/5.0 (Windows NT 5.1) AppleWebKit/537.36 (KHTML, like Gecko) Chrome/35.0.1916.153 Safari/537.36"
12.40.32.18 - - [15/Jun/2014:16:21:14 -0400] "GET /blog/feed/ HTTP/1.1" 304 - "-" "Vienna 3.0.0 Beta 18 :8c42af7: rv:4990 (Macintosh; Mac OS X 10.9.3; en_US)"
66.249.67.11 - - [15/Jun/2014:16:22:10 -0400] "GET /blog/2011/03/23/moxon-vise-another-version/ HTTP/1.1" 200 37073 "-" "SAMSUNG-SGH-E250/1.0 Profile/MIDP-2.0 Configuration/CLDC-1.1 UP.Browser/6.2.3.3.c.1.101 (GUI) MMP/2.0 (compatible; Googlebot-Mobile/2.1; +http://www.google.com/bot.html)"
67.205.8.73 - - [15/Jun/2014:16:22:22 -0400] "GET /blog/feed/atom/ HTTP/1.1" 200 48049 "http://www.rpwoodwork.com/blog/feed/atom/" "Tiny Tiny RSS/1.7.5 (http://tt-rss.org/)"
65.19.138.33 - - [15/Jun/2014:16:22:38 -0400] "GET /blog/feed/atom/ HTTP/1.1" 304 - "-" "Feedly/1.0 (+http://www.feedly.com/fetcher.html; like FeedFetcher-Google)"
69.164.213.164 - - [15/Jun/2014:16:23:02 -0400] "GET /blog/feed/atom/ HTTP/1.1" 200 48049 "-" "Mozilla/5.0 (Macintosh; Intel Mac OS X 10_8_2; Feeder.co) AppleWebKit/537.31 (KHTML, like Gecko) Chrome/26.0.1410.43 Safari/537.31"
73.190.81.87 - - [15/Jun/2014:16:23:31 -0400] "GET /blog/feed/atom/ HTTP/1.1" 304 - "-" "Apple-PubSub/65.28"
37.187.78.42 - - [15/Jun/2014:16:23:38 -0400] "GET /blog/ HTTP/1.1" 200 76457 "-" "Mozilla/4.0 (compatible; MSIE 6.0; Windows NT 5.1; SV1; Mozilla/4.0 (compatible; MSIE 6.0; Windows NT 5.1; SV1) ; .NET CLR 1.0.3705)"
37.187.78.42 - - [15/Jun/2014:16:23:41 -0400] "POST /blog/trackback/ HTTP/1.1" 404 20952 "http://www.rpwoodwork.com/blog/" "Mozilla/4.0 (compatible; MSIE 6.0; Windows NT 5.1; SV1; Mozilla/4.0 (compatible; MSIE 6.0; Windows NT 5.1; SV1) ; .NET CLR 1.0.3705)"
218.186.14.10 - - [15/Jun/2014:16:23:50 -0400] "GET /blog/wp-content/uploads/2014/03/Bach-violin-sonata.jpg HTTP/1.1" 200 111754 "http://feedly.com/" "Mozilla/5.0 (Macintosh; Intel Mac OS X 10_9_3) AppleWebKit/537.36 (KHTML, like Gecko) Chrome/35.0.1916.114 Safari/537.36"
218.186.14.10 - - [15/Jun/2014:16:23:50 -0400] "GET /blog/wp-content/uploads/2014/04/IMG_1235_edited-2.jpg HTTP/1.1" 200 84066 "http://feedly.com/" "Mozilla/5.0 (Macintosh; Intel Mac OS X 10_9_3) AppleWebKit/537.36 (KHTML, like Gecko) Chrome/35.0.1916.114 Safari/537.36"
218.186.14.10 - - [15/Jun/2014:16:23:50 -0400] "GET /blog/wp-content/uploads/2014/05/IMG_2005_edited-2.jpg HTTP/1.1" 200 80767 "http://feedly.com/" "Mozilla/5.0 (Macintosh; Intel Mac OS X 10_9_3) AppleWebKit/537.36 (KHTML, like Gecko) Chrome/35.0.1916.114 Safari/537.36"
162.243.124.153 - - [15/Jun/2014:16:23:53 -0400] "GET /blog/feed/atom/ HTTP/1.1" 200 48049 "-" "Feedbin - 6 subscribers"
91.52.177.146 - - [15/Jun/2014:16:24:06 -0400] "GET /blog/feed/ HTTP/1.1" 200 46223 "-" "Dalvik/1.6.0 (Linux; U; Android 4.4.2; C6603 Build/10.5.A.0.230)"
2.26.136.189 - - [15/Jun/2014:16:24:28 -0400] "GET /favicon.ico HTTP/1.1" 404 575 "http://honeydowoodworking.blogspot.co.uk/2014/01/veritas-shooting-board-plane.html" "Mozilla/5.0 (Windows NT 6.1; WOW64; Trident/7.0; rv:11.0) like Gecko"
83.101.44.98 - - [15/Jun/2014:16:24:39 -0400] "GET /blog/feed/atom/ HTTP/1.1" 200 48049 "-" "Opera/9.80 (Windows NT 6.1) Presto/2.12.388 Version/12.17"
188.99.77.217 - - [15/Jun/2014:16:25:00 -0400] "GET /blog/feed/atom/ HTTP/1.1" 304 - "-" "Mozilla/5.0 (Macintosh; Intel Mac OS X 10.9; rv:24.0) Gecko/20100101 Thunderbird/24.6.0"
151.229.220.136 - - [15/Jun/2014:16:25:05 -0400] "GET /blog/feed/ HTTP/1.1" 200 46223 "-" "Mozilla/5.0 (Windows NT 6.1; WOW64; rv:29.0) Gecko/20100101 Firefox/29.0"
2.26.136.189 - - [15/Jun/2014:16:25:19 -0400] "GET /blog/2011/11/03/this-is-the-shooting-board-you-want/ HTTP/1.1" 200 32291 "http://www.google.co.uk/url?sa=t&rct=j&q=&esrc=s&source=web&cd=17&ved=0CEoQFjAGOAo&url=http%3A%2F%2Fwww.rpwoodwork.com%2Fblog%2F2011%2F11%2F03%2Fthis-is-the-shooting-board-you-want%2F&ei=5QCeU7jrDaHG0AXRmoGgDA&usg=AFQjCNHH-4nfh3swCTPm1AB29z_FaR3wWw" "Mozilla/5.0 (Windows NT 6.1; WOW64; Trident/7.0; rv:11.0) like Gecko"
2.26.136.189 - - [15/Jun/2014:16:25:22 -0400] "GET /blog/wp-content/themes/maple-leaf/style.css HTTP/1.1" 200 10944 "http://www.rpwoodwork.com/blog/2011/11/03/this-is-the-shooting-board-you-want/" "Mozilla/5.0 (Windows NT 6.1; WOW64; Trident/7.0; rv:11.0) like Gecko"
2.26.136.189 - - [15/Jun/2014:16:25:22 -0400] "GET /blog/wp-content/themes/maple-leaf/images/spacer.gif HTTP/1.1" 200 43 "http://www.rpwoodwork.com/blog/2011/11/03/this-is-the-shooting-board-you-want/" "Mozilla/5.0 (Windows NT 6.1; WOW64; Trident/7.0; rv:11.0) like Gecko"
2.26.136.189 - - [15/Jun/2014:16:25:22 -0400] "GET /blog/wp-content/uploads/2011/10/img_0407_edited-3.jpg HTTP/1.1" 200 102132 "http://www.rpwoodwork.com/blog/2011/11/03/this-is-the-shooting-board-you-want/" "Mozilla/5.0 (Windows NT 6.1; WOW64; Trident/7.0; rv:11.0) like Gecko"
2.26.136.189 - - [15/Jun/2014:16:25:22 -0400] "GET /blog/wp-content/uploads/2011/10/img_0407_edited-2.jpg HTTP/1.1" 200 122911 "http://www.rpwoodwork.com/blog/2011/11/03/this-is-the-shooting-board-you-want/" "Mozilla/5.0 (Windows NT 6.1; WOW64; Trident/7.0; rv:11.0) like Gecko"
2.26.136.189 - - [15/Jun/2014:16:25:22 -0400] "GET /blog/wp-content/themes/maple-leaf/images/rss.jpg HTTP/1.1" 200 585 "http://www.rpwoodwork.com/blog/2011/11/03/this-is-the-shooting-board-you-want/" "Mozilla/5.0 (Windows NT 6.1; WOW64; Trident/7.0; rv:11.0) like Gecko"
2.26.136.189 - - [15/Jun/2014:16:25:22 -0400] "GET /blog/wp-content/themes/maple-leaf/images/bg_repeat.png HTTP/1.1" 200 230 "http://www.rpwoodwork.com/blog/2011/11/03/this-is-the-shooting-board-you-want/" "Mozilla/5.0 (Windows NT 6.1; WOW64; Trident/7.0; rv:11.0) like Gecko"
2.26.136.189 - - [15/Jun/2014:16:25:22 -0400] "GET /blog/wp-content/themes/maple-leaf/images/bg_top.jpg HTTP/1.1" 200 78074 "http://www.rpwoodwork.com/blog/2011/11/03/this-is-the-shooting-board-you-want/" "Mozilla/5.0 (Windows NT 6.1; WOW64; Trident/7.0; rv:11.0) like Gecko"
2.26.136.189 - - [15/Jun/2014:16:25:22 -0400] "GET /blog/wp-content/themes/maple-leaf/images/bg_bottom_repeat.jpg HTTP/1.1" 200 411 "http://www.rpwoodwork.com/blog/2011/11/03/this-is-the-shooting-board-you-want/" "Mozilla/5.0 (Windows NT 6.1; WOW64; Trident/7.0; rv:11.0) like Gecko"
2.26.136.189 - - [15/Jun/2014:16:25:22 -0400] "GET /blog/wp-content/themes/maple-leaf/images/menu_bg.jpg HTTP/1.1" 200 7818 "http://www.rpwoodwork.com/blog/2011/11/03/this-is-the-shooting-board-you-want/" "Mozilla/5.0 (Windows NT 6.1; WOW64; Trident/7.0; rv:11.0) like Gecko"
2.26.136.189 - - [15/Jun/2014:16:25:22 -0400] "GET /blog/wp-content/themes/maple-leaf/images/sidebar_title.jpg HTTP/1.1" 200 1393 "http://www.rpwoodwork.com/blog/2011/11/03/this-is-the-shooting-board-you-want/" "Mozilla/5.0 (Windows NT 6.1; WOW64; Trident/7.0; rv:11.0) like Gecko"
2.26.136.189 - - [15/Jun/2014:16:25:18 -0400] "GET /blog/wp-content/themes/maple-leaf/images/menu_separate.jpg HTTP/1.1" 200 362 "http://www.rpwoodwork.com/blog/2011/11/03/this-is-the-shooting-board-you-want/" "Mozilla/5.0 (Windows NT 6.1; WOW64; Trident/7.0; rv:11.0) like Gecko"
2.26.136.189 - - [15/Jun/2014:16:25:22 -0400] "GET /blog/wp-content/themes/maple-leaf/images/sidebar_arrow.jpg HTTP/1.1" 200 446 "http://www.rpwoodwork.com/blog/2011/11/03/this-is-the-shooting-board-you-want/" "Mozilla/5.0 (Windows NT 6.1; WOW64; Trident/7.0; rv:11.0) like Gecko"
2.26.136.189 - - [15/Jun/2014:16:25:22 -0400] "GET /blog/wp-content/themes/maple-leaf/images/container_repeat.jpg HTTP/1.1" 200 1038 "http://www.rpwoodwork.com/blog/2011/11/03/this-is-the-shooting-board-you-want/" "Mozilla/5.0 (Windows NT 6.1; WOW64; Trident/7.0; rv:11.0) like Gecko"
2.26.136.189 - - [15/Jun/2014:16:25:22 -0400] "GET /blog/wp-content/themes/maple-leaf/images/header_bg.jpg HTTP/1.1" 200 57398 "http://www.rpwoodwork.com/blog/2011/11/03/this-is-the-shooting-board-you-want/" "Mozilla/5.0 (Windows NT 6.1; WOW64; Trident/7.0; rv:11.0) like Gecko"
2.26.136.189 - - [15/Jun/2014:16:25:22 -0400] "GET /blog/wp-content/themes/maple-leaf/images/category.jpg HTTP/1.1" 200 523 "http://www.rpwoodwork.com/blog/2011/11/03/this-is-the-shooting-board-you-want/" "Mozilla/5.0 (Windows NT 6.1; WOW64; Trident/7.0; rv:11.0) like Gecko"
2.26.136.189 - - [15/Jun/2014:16:25:22 -0400] "GET /blog/wp-content/themes/maple-leaf/images/footer_bg.jpg HTTP/1.1" 200 596 "http://www.rpwoodwork.com/blog/2011/11/03/this-is-the-shooting-board-you-want/" "Mozilla/5.0 (Windows NT 6.1; WOW64; Trident/7.0; rv:11.0) like Gecko"
2.26.136.189 - - [15/Jun/2014:16:25:22 -0400] "GET /blog/wp-content/themes/maple-leaf/images/line.jpg HTTP/1.1" 200 362 "http://www.rpwoodwork.com/blog/2011/11/03/this-is-the-shooting-board-you-want/" "Mozilla/5.0 (Windows NT 6.1; WOW64; Trident/7.0; rv:11.0) like Gecko"
198.58.103.92 - - [15/Jun/2014:16:25:22 -0400] "GET /blog/feed/atom/ HTTP/1.1" 304 - "-" "Superfeedr bot/2.0 http://superfeedr.com - Make your feeds realtime: get in touch!"
2.26.136.189 - - [15/Jun/2014:16:25:22 -0400] "GET /blog/wp-content/themes/maple-leaf/images/track.gif HTTP/1.1" 404 20952 "http://www.rpwoodwork.com/blog/2011/11/03/this-is-the-shooting-board-you-want/" "Mozilla/5.0 (Windows NT 6.1; WOW64; Trident/7.0; rv:11.0) like Gecko"
2.26.136.189 - - [15/Jun/2014:16:25:24 -0400] "GET /favicon.ico HTTP/1.1" 404 575 "-" "Mozilla/5.0 (Windows NT 6.1; Win64; x64; Trident/7.0; rv:11.0) like Gecko"
198.12.72.103 - - [15/Jun/2014:16:25:41 -0400] "GET /blog/2009/11/24/lie-nielsen-hand-tool-event-in-massachusetts-dec-4-5/ HTTP/1.1" 200 26756 "http://www.rpwoodwork.com/blog/2009/11/24/lie-nielsen-hand-tool-event-in-massachusetts-dec-4-5/" "Mozilla/5.0 (Windows; U; Windows NT 5.1; en-US; rv:1.9.0.14) Gecko/2009082707 Firefox/3.0.14 (.NET CLR 3.5.30729)"
70.26.237.49 - - [15/Jun/2014:16:26:06 -0400] "GET /blog/wp-content/uploads/2009/07/img_0461_edited-2.jpg HTTP/1.1" 200 88132 "https://www.google.ca/" "Mozilla/5.0 (Windows NT 6.1; WOW64) AppleWebKit/537.36 (KHTML, like Gecko) Chrome/35.0.1916.153 Safari/537.36"
50.36.97.6 - - [15/Jun/2014:16:25:38 -0400] "GET /blog/feed/atom/ HTTP/1.1" 304 - "-" "FeedDemon/4.5 (http://www.feeddemon.com/; Microsoft Windows)"
140.254.63.5 - - [15/Jun/2014:16:27:09 -0400] "GET /blog/wp-content/uploads/2013/10/IMG_0117_edited-2.jpg HTTP/1.1" 304 - "-" "Mozilla/4.0 (compatible;)"
71.212.236.199 - - [15/Jun/2014:16:27:12 -0400] "GET /blog/wp-content/uploads/2011/10/img_0394_edited-2.jpg HTTP/1.1" 200 89168 "https://www.google.com/" "Mozilla/5.0 (Windows NT 6.1; WOW64) AppleWebKit/537.36 (KHTML, like Gecko) Chrome/35.0.1916.153 Safari/537.36"
74.229.75.22 - - [15/Jun/2014:16:27:30 -0400] "GET /blog/feed/atom/ HTTP/1.1" 200 48049 "http://www.rpwoodwork.com/blog/feed/atom/" "Tiny Tiny RSS/1.12 (http://tt-rss.org/)"
71.233.60.81 - - [15/Jun/2014:16:27:33 -0400] "GET /blog/feed/ HTTP/1.0" 200 46223 "-" "Tiny Tiny RSS/1.7.2 (http://tt-rss.org/)"
