83.53.227.37 - - [15/Jun/2014:02:04:02 -0400] "GET /blog/wp-content/uploads/2014/05/IMG_1392_edited-2.jpg HTTP/1.1" 200 75692 "http://www.rpwoodwork.com/blog/" "Mozilla/5.0 (Windows NT 6.1; WOW64) AppleWebKit/537.36 (KHTML, like Gecko) Chrome/35.0.1916.114 Safari/537.36"
83.53.227.37 - - [15/Jun/2014:02:04:02 -0400] "GET /blog/wp-content/uploads/2014/05/IMG_1390_edited-2.jpg HTTP/1.1" 200 89228 "http://www.rpwoodwork.com/blog/" "Mozilla/5.0 (Windows NT 6.1; WOW64) AppleWebKit/537.36 (KHTML, like Gecko) Chrome/35.0.1916.114 Safari/537.36"
83.53.227.37 - - [15/Jun/2014:02:03:58 -0400] "GET /blog/wp-content/uploads/2014/04/IMG_1218_edited-2.jpg HTTP/1.1" 200 65064 "http://www.rpwoodwork.com/blog/" "Mozilla/5.0 (Windows NT 6.1; WOW64) AppleWebKit/537.36 (KHTML, like Gecko) Chrome/35.0.1916.114 Safari/537.36"
83.53.227.37 - - [15/Jun/2014:02:04:02 -0400] "GET /blog/wp-content/uploads/2014/04/IMG_1216_edited-3.jpg HTTP/1.1" 200 98760 "http://www.rpwoodwork.com/blog/" "Mozilla/5.0 (Windows NT 6.1; WOW64) AppleWebKit/537.36 (KHTML, like Gecko) Chrome/35.0.1916.114 Safari/537.36"
83.53.227.37 - - [15/Jun/2014:02:04:02 -0400] "GET /blog/wp-content/uploads/2014/04/IMG_1219_edited-2.jpg HTTP/1.1" 200 74402 "http://www.rpwoodwork.com/blog/" "Mozilla/5.0 (Windows NT 6.1; WOW64) AppleWebKit/537.36 (KHTML, like Gecko) Chrome/35.0.1916.114 Safari/537.36"
83.53.227.37 - - [15/Jun/2014:02:04:02 -0400] "GET /blog/wp-content/uploads/2014/04/IMG_1234_edited-2.jpg HTTP/1.1" 200 90937 "http://www.rpwoodwork.com/blog/" "Mozilla/5.0 (Windows NT 6.1; WOW64) AppleWebKit/537.36 (KHTML, like Gecko) Chrome/35.0.1916.114 Safari/537.36"
83.53.227.37 - - [15/Jun/2014:02:03:59 -0400] "GET /blog/wp-content/uploads/2014/04/IMG_1235_edited-2.jpg HTTP/1.1" 200 84066 "http://www.rpwoodwork.com/blog/" "Mozilla/5.0 (Windows NT 6.1; WOW64) AppleWebKit/537.36 (KHTML, like Gecko) Chrome/35.0.1916.114 Safari/537.36"
83.53.227.37 - - [15/Jun/2014:02:04:03 -0400] "GET /blog/wp-content/uploads/2014/04/IMG_1236_edited-2.jpg HTTP/1.1" 200 86791 "http://www.rpwoodwork.com/blog/" "Mozilla/5.0 (Windows NT 6.1; WOW64) AppleWebKit/537.36 (KHTML, like Gecko) Chrome/35.0.1916.114 Safari/537.36"
83.53.227.37 - - [15/Jun/2014:02:04:03 -0400] "GET /blog/wp-content/uploads/2014/04/IMG_1210_edited-2.jpg HTTP/1.1" 200 82942 "http://www.rpwoodwork.com/blog/" "Mozilla/5.0 (Windows NT 6.1; WOW64) AppleWebKit/537.36 (KHTML, like Gecko) Chrome/35.0.1916.114 Safari/537.36"
83.53.227.37 - - [15/Jun/2014:02:04:03 -0400] "GET /blog/wp-content/uploads/2014/04/IMG_1205_edited-2.jpg HTTP/1.1" 200 108254 "http://www.rpwoodwork.com/blog/" "Mozilla/5.0 (Windows NT 6.1; WOW64) AppleWebKit/537.36 (KHTML, like Gecko) Chrome/35.0.1916.114 Safari/537.36"
83.53.227.37 - - [15/Jun/2014:02:04:03 -0400] "GET /blog/wp-content/uploads/2014/04/IMG_1210_edited-3.jpg HTTP/1.1" 200 88268 "http://www.rpwoodwork.com/blog/" "Mozilla/5.0 (Windows NT 6.1; WOW64) AppleWebKit/537.36 (KHTML, like Gecko) Chrome/35.0.1916.114 Safari/537.36"
83.53.227.37 - - [15/Jun/2014:02:04:03 -0400] "GET /blog/wp-content/uploads/2014/04/IMG_1202_edited-2.jpg HTTP/1.1" 200 76679 "http://www.rpwoodwork.com/blog/" "Mozilla/5.0 (Windows NT 6.1; WOW64) AppleWebKit/537.36 (KHTML, like Gecko) Chrome/35.0.1916.114 Safari/537.36"
83.53.227.37 - - [15/Jun/2014:02:03:59 -0400] "GET /blog/wp-content/uploads/2014/04/IMG_1211_edited-2.jpg HTTP/1.1" 200 76623 "http://www.rpwoodwork.com/blog/" "Mozilla/5.0 (Windows NT 6.1; WOW64) AppleWebKit/537.36 (KHTML, like Gecko) Chrome/35.0.1916.114 Safari/537.36"
83.53.227.37 - - [15/Jun/2014:02:04:04 -0400] "GET /blog/wp-content/uploads/2014/04/IMG_1212_edited-2.jpg HTTP/1.1" 200 90208 "http://www.rpwoodwork.com/blog/" "Mozilla/5.0 (Windows NT 6.1; WOW64) AppleWebKit/537.36 (KHTML, like Gecko) Chrome/35.0.1916.114 Safari/537.36"
83.53.227.37 - - [15/Jun/2014:02:04:00 -0400] "GET /blog/wp-content/uploads/2014/04/IMG_0189_edited-3.jpg HTTP/1.1" 200 87465 "http://www.rpwoodwork.com/blog/" "Mozilla/5.0 (Windows NT 6.1; WOW64) AppleWebKit/537.36 (KHTML, like Gecko) Chrome/35.0.1916.114 Safari/537.36"
83.53.227.37 - - [15/Jun/2014:02:04:04 -0400] "GET /blog/wp-content/uploads/2014/03/IMG_1194_edited-2.jpg HTTP/1.1" 200 77280 "http://www.rpwoodwork.com/blog/" "Mozilla/5.0 (Windows NT 6.1; WOW64) AppleWebKit/537.36 (KHTML, like Gecko) Chrome/35.0.1916.114 Safari/537.36"
83.53.227.37 - - [15/Jun/2014:02:04:04 -0400] "GET /blog/wp-content/uploads/2014/03/IMG_1196_edited-2.jpg HTTP/1.1" 200 103461 "http://www.rpwoodwork.com/blog/" "Mozilla/5.0 (Windows NT 6.1; WOW64) AppleWebKit/537.36 (KHTML, like Gecko) Chrome/35.0.1916.114 Safari/537.36"
83.53.227.37 - - [15/Jun/2014:02:04:04 -0400] "GET /blog/wp-content/uploads/2014/03/IMG_1199_edited-2.jpg HTTP/1.1" 200 74513 "http://www.rpwoodwork.com/blog/" "Mozilla/5.0 (Windows NT 6.1; WOW64) AppleWebKit/537.36 (KHTML, like Gecko) Chrome/35.0.1916.114 Safari/537.36"
83.53.227.37 - - [15/Jun/2014:02:04:04 -0400] "GET /blog/wp-content/uploads/2014/03/IMG_1079_edited-3.jpg HTTP/1.1" 200 108662 "http://www.rpwoodwork.com/blog/" "Mozilla/5.0 (Windows NT 6.1; WOW64) AppleWebKit/537.36 (KHTML, like Gecko) Chrome/35.0.1916.114 Safari/537.36"
83.53.227.37 - - [15/Jun/2014:02:04:04 -0400] "GET /blog/wp-content/themes/maple-leaf/images/rss.jpg HTTP/1.1" 200 585 "http://www.rpwoodwork.com/blog/" "Mozilla/5.0 (Windows NT 6.1; WOW64) AppleWebKit/537.36 (KHTML, like Gecko) Chrome/35.0.1916.114 Safari/537.36"
83.53.227.37 - - [15/Jun/2014:02:04:04 -0400] "GET /blog/wp-content/themes/maple-leaf/images/bg_bottom_repeat.jpg HTTP/1.1" 200 411 "http://www.rpwoodwork.com/blog/" "Mozilla/5.0 (Windows NT 6.1; WOW64) AppleWebKit/537.36 (KHTML, like Gecko) Chrome/35.0.1916.114 Safari/537.36"
83.53.227.37 - - [15/Jun/2014:02:04:01 -0400] "GET /blog/wp-content/themes/maple-leaf/images/bg_repeat.png HTTP/1.1" 200 230 "http://www.rpwoodwork.com/blog/" "Mozilla/5.0 (Windows NT 6.1; WOW64) AppleWebKit/537.36 (KHTML, like Gecko) Chrome/35.0.1916.114 Safari/537.36"
83.53.227.37 - - [15/Jun/2014:02:04:05 -0400] "GET /blog/wp-content/themes/maple-leaf/images/menu_bg.jpg HTTP/1.1" 200 7818 "http://www.rpwoodwork.com/blog/" "Mozilla/5.0 (Windows NT 6.1; WOW64) AppleWebKit/537.36 (KHTML, like Gecko) Chrome/35.0.1916.114 Safari/537.36"
83.53.227.37 - - [15/Jun/2014:02:04:05 -0400] "GET /blog/wp-content/themes/maple-leaf/images/menu_separate.jpg HTTP/1.1" 200 362 "http://www.rpwoodwork.com/blog/" "Mozilla/5.0 (Windows NT 6.1; WOW64) AppleWebKit/537.36 (KHTML, like Gecko) Chrome/35.0.1916.114 Safari/537.36"
83.53.227.37 - - [15/Jun/2014:02:04:05 -0400] "GET /blog/wp-content/themes/maple-leaf/images/spacer.gif HTTP/1.1" 200 43 "http://www.rpwoodwork.com/blog/" "Mozilla/5.0 (Windows NT 6.1; WOW64) AppleWebKit/537.36 (KHTML, like Gecko) Chrome/35.0.1916.114 Safari/537.36"
83.53.227.37 - - [15/Jun/2014:02:04:01 -0400] "GET /blog/wp-content/themes/maple-leaf/images/container_repeat.jpg HTTP/1.1" 200 1038 "http://www.rpwoodwork.com/blog/" "Mozilla/5.0 (Windows NT 6.1; WOW64) AppleWebKit/537.36 (KHTML, like Gecko) Chrome/35.0.1916.114 Safari/537.36"
83.53.227.37 - - [15/Jun/2014:02:04:05 -0400] "GET /blog/wp-content/themes/maple-leaf/images/sidebar_title.jpg HTTP/1.1" 200 1393 "http://www.rpwoodwork.com/blog/" "Mozilla/5.0 (Windows NT 6.1; WOW64) AppleWebKit/537.36 (KHTML, like Gecko) Chrome/35.0.1916.114 Safari/537.36"
83.53.227.37 - - [15/Jun/2014:02:04:05 -0400] "GET /blog/wp-content/themes/maple-leaf/images/category.jpg HTTP/1.1" 200 523 "http://www.rpwoodwork.com/blog/" "Mozilla/5.0 (Windows NT 6.1; WOW64) AppleWebKit/537.36 (KHTML, like Gecko) Chrome/35.0.1916.114 Safari/537.36"
83.53.227.37 - - [15/Jun/2014:02:04:05 -0400] "GET /blog/wp-content/themes/maple-leaf/images/sidebar_arrow.jpg HTTP/1.1" 200 446 "http://www.rpwoodwork.com/blog/" "Mozilla/5.0 (Windows NT 6.1; WOW64) AppleWebKit/537.36 (KHTML, like Gecko) Chrome/35.0.1916.114 Safari/537.36"
83.53.227.37 - - [15/Jun/2014:02:04:01 -0400] "GET /blog/wp-content/themes/maple-leaf/images/bubble.jpg HTTP/1.1" 200 525 "http://www.rpwoodwork.com/blog/" "Mozilla/5.0 (Windows NT 6.1; WOW64) AppleWebKit/537.36 (KHTML, like Gecko) Chrome/35.0.1916.114 Safari/537.36"
83.53.227.37 - - [15/Jun/2014:02:04:05 -0400] "GET /blog/wp-content/themes/maple-leaf/images/header_bg.jpg HTTP/1.1" 200 57398 "http://www.rpwoodwork.com/blog/" "Mozilla/5.0 (Windows NT 6.1; WOW64) AppleWebKit/537.36 (KHTML, like Gecko) Chrome/35.0.1916.114 Safari/537.36"
83.53.227.37 - - [15/Jun/2014:02:04:04 -0400] "GET /blog/wp-content/themes/maple-leaf/images/bg_top.jpg HTTP/1.1" 200 78074 "http://www.rpwoodwork.com/blog/" "Mozilla/5.0 (Windows NT 6.1; WOW64) AppleWebKit/537.36 (KHTML, like Gecko) Chrome/35.0.1916.114 Safari/537.36"
83.53.227.37 - - [15/Jun/2014:02:04:05 -0400] "GET /blog/wp-content/themes/maple-leaf/images/line.jpg HTTP/1.1" 200 362 "http://www.rpwoodwork.com/blog/" "Mozilla/5.0 (Windows NT 6.1; WOW64) AppleWebKit/537.36 (KHTML, like Gecko) Chrome/35.0.1916.114 Safari/537.36"
83.53.227.37 - - [15/Jun/2014:02:04:05 -0400] "GET /blog/wp-content/themes/maple-leaf/images/footer_bg.jpg HTTP/1.1" 200 596 "http://www.rpwoodwork.com/blog/" "Mozilla/5.0 (Windows NT 6.1; WOW64) AppleWebKit/537.36 (KHTML, like Gecko) Chrome/35.0.1916.114 Safari/537.36"
83.53.227.37 - - [15/Jun/2014:02:04:05 -0400] "GET /favicon.ico HTTP/1.1" 404 575 "-" "Mozilla/5.0 (Windows NT 6.1; WOW64) AppleWebKit/537.36 (KHTML, like Gecko) Chrome/35.0.1916.114 Safari/537.36"
151.229.220.136 - - [15/Jun/2014:02:04:05 -0400] "GET /blog/feed/ HTTP/1.1" 200 46223 "-" "Mozilla/5.0 (Windows NT 6.1; WOW64; rv:29.0) Gecko/20100101 Firefox/29.0"
144.76.195.74 - - [15/Jun/2014:02:04:00 -0400] "GET /blog/2013/08/ HTTP/1.1" 200 36792 "-" "Mozilla/5.0 (compatible; 007ac9 Crawler; http://crawler.007ac9.net/)"
144.76.195.74 - - [15/Jun/2014:02:04:12 -0400] "GET /blog/2013/07/ HTTP/1.1" 200 39992 "-" "Mozilla/5.0 (compatible; 007ac9 Crawler; http://crawler.007ac9.net/)"
108.183.112.67 - - [15/Jun/2014:02:04:24 -0400] "GET /favicon.ico HTTP/1.1" 404 575 "http://theboisshop.blogspot.com/" "Mozilla/5.0 (Macintosh; Intel Mac OS X 10.9; rv:29.0) Gecko/20100101 Firefox/29.0"
41.13.200.65 - - [15/Jun/2014:02:04:28 -0400] "GET /favicon.ico HTTP/1.1" 404 575 "http://www.woodworkers-online.com/p/top-100-woodworking-sites.html" "Mozilla/5.0 (iPad; CPU OS 7_1_1 like Mac OS X) AppleWebKit/537.51.2 (KHTML, like Gecko) Version/7.0 Mobile/11D201 Safari/9537.53"
188.99.77.217 - - [15/Jun/2014:02:04:20 -0400] "GET /blog/feed/atom/ HTTP/1.1" 304 - "-" "Mozilla/5.0 (Macintosh; Intel Mac OS X 10.9; rv:24.0) Gecko/20100101 Thunderbird/24.6.0"
144.76.195.74 - - [15/Jun/2014:02:04:27 -0400] "GET /blog/2013/06/ HTTP/1.1" 200 33369 "-" "Mozilla/5.0 (compatible; 007ac9 Crawler; http://crawler.007ac9.net/)"
144.76.195.74 - - [15/Jun/2014:02:04:38 -0400] "GET /blog/2013/05/ HTTP/1.1" 200 42220 "-" "Mozilla/5.0 (compatible; 007ac9 Crawler; http://crawler.007ac9.net/)"
144.76.195.74 - - [15/Jun/2014:02:04:53 -0400] "GET /blog/2013/04/ HTTP/1.1" 200 45709 "-" "Mozilla/5.0 (compatible; 007ac9 Crawler; http://crawler.007ac9.net/)"
144.76.195.74 - - [15/Jun/2014:02:05:10 -0400] "GET /blog/2013/03/ HTTP/1.1" 200 41059 "-" "Mozilla/5.0 (compatible; 007ac9 Crawler; http://crawler.007ac9.net/)"
144.76.195.74 - - [15/Jun/2014:02:05:25 -0400] "GET /blog/2013/02/ HTTP/1.1" 200 48729 "-" "Mozilla/5.0 (compatible; 007ac9 Crawler; http://crawler.007ac9.net/)"
37.58.100.91 - - [15/Jun/2014:02:05:25 -0400] "GET /blog/2013/04/03/sharpening-bench-part-5/ HTTP/1.1" 200 29313 "-" "Mozilla/5.0 (compatible; AhrefsBot/5.0; +http://ahrefs.com/robot/)"
66.249.92.12 - - [15/Jun/2014:02:05:35 -0400] "GET /blog/2012/01/17/a-practical-tool-cabinet-part-2/feed/ HTTP/1.1" 200 1714 "-" "Feedfetcher-Google; (+http://www.google.com/feedfetcher.html; 1 subscribers; feed-id=9705110735699461001)"
144.76.195.74 - - [15/Jun/2014:02:05:41 -0400] "GET /blog/2013/01/ HTTP/1.1" 200 38629 "-" "Mozilla/5.0 (compatible; 007ac9 Crawler; http://crawler.007ac9.net/)"
140.254.63.5 - - [15/Jun/2014:02:06:03 -0400] "GET /blog/wp-content/uploads/2013/10/IMG_0124_edited-2.jpg HTTP/1.1" 304 - "-" "Mozilla/4.0 (compatible;)"
144.76.195.74 - - [15/Jun/2014:02:05:53 -0400] "GET /blog/2012/12/ HTTP/1.1" 200 46398 "-" "Mozilla/5.0 (compatible; 007ac9 Crawler; http://crawler.007ac9.net/)"
107.20.202.46 - - [15/Jun/2014:02:06:40 -0400] "GET /blog/feed/atom/ HTTP/1.1" 200 48049 "-" "Flamingo_SearchEngine (+http://www.flamingosearch.com/bot)"
144.76.195.74 - - [15/Jun/2014:02:06:28 -0400] "GET /blog/2012/11/ HTTP/1.1" 200 39723 "-" "Mozilla/5.0 (compatible; 007ac9 Crawler; http://crawler.007ac9.net/)"
72.208.70.224 - - [15/Jun/2014:02:06:35 -0400] "GET /blog/2009/03/31/shooting-board/ HTTP/1.1" 200 34632 "-" "Mozilla/5.0 (Windows NT 6.1) AppleWebKit/537.36 (KHTML, like Gecko) Chrome/35.0.1916.153 Safari/537.36"
5.9.174.34 - - [15/Jun/2014:02:06:26 -0400] "GET /blog/2014/03/27/tooth-pitch-and-sawing-accuracy/ HTTP/1.1" 200 26152 "http://www.rpwoodwork.com/" "Mozilla/5.0 (Windows NT 6.1; WOW64) AppleWebKit/537.36 (KHTML, like Gecko) Chrome/27.0.1453.116 Safari/537.36"
64.12.250.144 - - [15/Jun/2014:02:06:38 -0400] "GET /blog/feed/atom/ HTTP/1.1" 200 48049 "-" "UniversalFeedParser/5.1.3 +https://code.google.com/p/feedparser/"
144.76.195.74 - - [15/Jun/2014:02:06:57 -0400] "GET /blog/2012/10/ HTTP/1.1" 200 40447 "-" "Mozilla/5.0 (compatible; 007ac9 Crawler; http://crawler.007ac9.net/)"
24.126.48.234 - - [15/Jun/2014:02:06:54 -0400] "GET /blog/ HTTP/1.1" 200 76457 "http://www.popularwoodworking.com/popular-woodworking-blog-network" "Mozilla/5.0 (iPad; U; CPU OS 4_3_5 like Mac OS X; en-us) AppleWebKit/533.17.9 (KHTML, like Gecko) Version/5.0.2 Mobile/8L1 Safari/6533.18.5"
24.126.48.234 - - [15/Jun/2014:02:06:46 -0400] "GET /blog/wp-content/themes/maple-leaf/style.css HTTP/1.1" 200 10944 "http://www.rpwoodwork.com/blog/" "Mozilla/5.0 (iPad; U; CPU OS 4_3_5 like Mac OS X; en-us) AppleWebKit/533.17.9 (KHTML, like Gecko) Version/5.0.2 Mobile/8L1 Safari/6533.18.5"
24.126.48.234 - - [15/Jun/2014:02:07:19 -0400] "GET /blog/wp-content/themes/maple-leaf/images/spacer.gif HTTP/1.1" 200 43 "http://www.rpwoodwork.com/blog/" "Mozilla/5.0 (iPad; U; CPU OS 4_3_5 like Mac OS X; en-us) AppleWebKit/533.17.9 (KHTML, like Gecko) Version/5.0.2 Mobile/8L1 Safari/6533.18.5"
24.126.48.234 - - [15/Jun/2014:02:06:46 -0400] "GET /blog/wp-content/themes/maple-leaf/images/bg_bottom_repeat.jpg HTTP/1.1" 200 411 "http://www.rpwoodwork.com/blog/" "Mozilla/5.0 (iPad; U; CPU OS 4_3_5 like Mac OS X; en-us) AppleWebKit/533.17.9 (KHTML, like Gecko) Version/5.0.2 Mobile/8L1 Safari/6533.18.5"
24.126.48.234 - - [15/Jun/2014:02:07:19 -0400] "GET /blog/wp-content/themes/maple-leaf/images/bg_top.jpg HTTP/1.1" 200 78074 "http://www.rpwoodwork.com/blog/" "Mozilla/5.0 (iPad; U; CPU OS 4_3_5 like Mac OS X; en-us) AppleWebKit/533.17.9 (KHTML, like Gecko) Version/5.0.2 Mobile/8L1 Safari/6533.18.5"
24.126.48.234 - - [15/Jun/2014:02:07:15 -0400] "GET /blog/wp-content/themes/maple-leaf/images/header_bg.jpg HTTP/1.1" 200 57398 "http://www.rpwoodwork.com/blog/" "Mozilla/5.0 (iPad; U; CPU OS 4_3_5 like Mac OS X; en-us) AppleWebKit/533.17.9 (KHTML, like Gecko) Version/5.0.2 Mobile/8L1 Safari/6533.18.5"
24.126.48.234 - - [15/Jun/2014:02:07:17 -0400] "GET /blog/wp-content/themes/maple-leaf/images/menu_separate.jpg HTTP/1.1" 200 362 "http://www.rpwoodwork.com/blog/" "Mozilla/5.0 (iPad; U; CPU OS 4_3_5 like Mac OS X; en-us) AppleWebKit/533.17.9 (KHTML, like Gecko) Version/5.0.2 Mobile/8L1 Safari/6533.18.5"
24.126.48.234 - - [15/Jun/2014:02:07:17 -0400] "GET /blog/wp-content/themes/maple-leaf/images/bg_repeat.png HTTP/1.1" 200 230 "http://www.rpwoodwork.com/blog/" "Mozilla/5.0 (iPad; U; CPU OS 4_3_5 like Mac OS X; en-us) AppleWebKit/533.17.9 (KHTML, like Gecko) Version/5.0.2 Mobile/8L1 Safari/6533.18.5"
24.126.48.234 - - [15/Jun/2014:02:07:17 -0400] "GET /blog/wp-content/themes/maple-leaf/images/menu_bg.jpg HTTP/1.1" 200 7818 "http://www.rpwoodwork.com/blog/" "Mozilla/5.0 (iPad; U; CPU OS 4_3_5 like Mac OS X; en-us) AppleWebKit/533.17.9 (KHTML, like Gecko) Version/5.0.2 Mobile/8L1 Safari/6533.18.5"
24.126.48.234 - - [15/Jun/2014:02:06:46 -0400] "GET /blog/wp-content/themes/maple-leaf/images/container_repeat.jpg HTTP/1.1" 200 1038 "http://www.rpwoodwork.com/blog/" "Mozilla/5.0 (iPad; U; CPU OS 4_3_5 like Mac OS X; en-us) AppleWebKit/533.17.9 (KHTML, like Gecko) Version/5.0.2 Mobile/8L1 Safari/6533.18.5"
24.126.48.234 - - [15/Jun/2014:02:07:17 -0400] "GET /blog/wp-content/themes/maple-leaf/images/sidebar_arrow.jpg HTTP/1.1" 200 446 "http://www.rpwoodwork.com/blog/" "Mozilla/5.0 (iPad; U; CPU OS 4_3_5 like Mac OS X; en-us) AppleWebKit/533.17.9 (KHTML, like Gecko) Version/5.0.2 Mobile/8L1 Safari/6533.18.5"
24.126.48.234 - - [15/Jun/2014:02:07:17 -0400] "GET /blog/wp-content/themes/maple-leaf/images/sidebar_title.jpg HTTP/1.1" 200 1393 "http://www.rpwoodwork.com/blog/" "Mozilla/5.0 (iPad; U; CPU OS 4_3_5 like Mac OS X; en-us) AppleWebKit/533.17.9 (KHTML, like Gecko) Version/5.0.2 Mobile/8L1 Safari/6533.18.5"
24.126.48.234 - - [15/Jun/2014:02:06:46 -0400] "GET /blog/wp-content/uploads/2014/06/bored-gorilla_edited-2.jpg HTTP/1.1" 200 118801 "http://www.rpwoodwork.com/blog/" "Mozilla/5.0 (iPad; U; CPU OS 4_3_5 like Mac OS X; en-us) AppleWebKit/533.17.9 (KHTML, like Gecko) Version/5.0.2 Mobile/8L1 Safari/6533.18.5"
24.126.48.234 - - [15/Jun/2014:02:07:17 -0400] "GET /blog/wp-content/uploads/2014/05/IMG_2027_edited-2.jpg HTTP/1.1" 200 85902 "http://www.rpwoodwork.com/blog/" "Mozilla/5.0 (iPad; U; CPU OS 4_3_5 like Mac OS X; en-us) AppleWebKit/533.17.9 (KHTML, like Gecko) Version/5.0.2 Mobile/8L1 Safari/6533.18.5"
24.126.48.234 - - [15/Jun/2014:02:07:19 -0400] "GET /blog/wp-content/uploads/2014/05/IMG_2021_edited-2.jpg HTTP/1.1" 200 80811 "http://www.rpwoodwork.com/blog/" "Mozilla/5.0 (iPad; U; CPU OS 4_3_5 like Mac OS X; en-us) AppleWebKit/533.17.9 (KHTML, like Gecko) Version/5.0.2 Mobile/8L1 Safari/6533.18.5"
24.126.48.234 - - [15/Jun/2014:02:07:17 -0400] "GET /blog/wp-content/uploads/2014/05/IMG_2037_edited-2.jpg HTTP/1.1" 200 93708 "http://www.rpwoodwork.com/blog/" "Mozilla/5.0 (iPad; U; CPU OS 4_3_5 like Mac OS X; en-us) AppleWebKit/533.17.9 (KHTML, like Gecko) Version/5.0.2 Mobile/8L1 Safari/6533.18.5"
24.126.48.234 - - [15/Jun/2014:02:07:17 -0400] "GET /blog/wp-content/uploads/2014/05/IMG_2029_edited-2.jpg HTTP/1.1" 200 96163 "http://www.rpwoodwork.com/blog/" "Mozilla/5.0 (iPad; U; CPU OS 4_3_5 like Mac OS X; en-us) AppleWebKit/533.17.9 (KHTML, like Gecko) Version/5.0.2 Mobile/8L1 Safari/6533.18.5"
24.126.48.234 - - [15/Jun/2014:02:06:47 -0400] "GET /blog/wp-content/uploads/2014/05/IMG_2005_edited-2.jpg HTTP/1.1" 200 80767 "http://www.rpwoodwork.com/blog/" "Mozilla/5.0 (iPad; U; CPU OS 4_3_5 like Mac OS X; en-us) AppleWebKit/533.17.9 (KHTML, like Gecko) Version/5.0.2 Mobile/8L1 Safari/6533.18.5"
24.126.48.234 - - [15/Jun/2014:02:07:17 -0400] "GET /blog/wp-content/uploads/2014/05/IMG_2000_edited-2.jpg HTTP/1.1" 200 80704 "http://www.rpwoodwork.com/blog/" "Mozilla/5.0 (iPad; U; CPU OS 4_3_5 like Mac OS X; en-us) AppleWebKit/533.17.9 (KHTML, like Gecko) Version/5.0.2 Mobile/8L1 Safari/6533.18.5"
24.126.48.234 - - [15/Jun/2014:02:07:18 -0400] "GET /blog/wp-content/uploads/2014/05/IMG_1386_edited-2.jpg HTTP/1.1" 200 80323 "http://www.rpwoodwork.com/blog/" "Mozilla/5.0 (iPad; U; CPU OS 4_3_5 like Mac OS X; en-us) AppleWebKit/533.17.9 (KHTML, like Gecko) Version/5.0.2 Mobile/8L1 Safari/6533.18.5"
24.126.48.234 - - [15/Jun/2014:02:07:20 -0400] "GET /blog/wp-content/uploads/2014/05/IMG_2028_edited-2.jpg HTTP/1.1" 200 88030 "http://www.rpwoodwork.com/blog/" "Mozilla/5.0 (iPad; U; CPU OS 4_3_5 like Mac OS X; en-us) AppleWebKit/533.17.9 (KHTML, like Gecko) Version/5.0.2 Mobile/8L1 Safari/6533.18.5"
24.126.48.234 - - [15/Jun/2014:02:07:16 -0400] "GET /blog/wp-content/uploads/2014/05/IMG_2033_edited-2.jpg HTTP/1.1" 200 98440 "http://www.rpwoodwork.com/blog/" "Mozilla/5.0 (iPad; U; CPU OS 4_3_5 like Mac OS X; en-us) AppleWebKit/533.17.9 (KHTML, like Gecko) Version/5.0.2 Mobile/8L1 Safari/6533.18.5"
24.126.48.234 - - [15/Jun/2014:02:07:20 -0400] "GET /blog/wp-content/uploads/2014/05/IMG_1388_edited-2.jpg HTTP/1.1" 200 109378 "http://www.rpwoodwork.com/blog/" "Mozilla/5.0 (iPad; U; CPU OS 4_3_5 like Mac OS X; en-us) AppleWebKit/533.17.9 (KHTML, like Gecko) Version/5.0.2 Mobile/8L1 Safari/6533.18.5"
24.126.48.234 - - [15/Jun/2014:02:07:18 -0400] "GET /blog/wp-content/uploads/2014/05/IMG_1389_edited-2.jpg HTTP/1.1" 200 75558 "http://www.rpwoodwork.com/blog/" "Mozilla/5.0 (iPad; U; CPU OS 4_3_5 like Mac OS X; en-us) AppleWebKit/533.17.9 (KHTML, like Gecko) Version/5.0.2 Mobile/8L1 Safari/6533.18.5"
24.126.48.234 - - [15/Jun/2014:02:06:47 -0400] "GET /blog/wp-content/uploads/2014/05/IMG_1392_edited-2.jpg HTTP/1.1" 200 75692 "http://www.rpwoodwork.com/blog/" "Mozilla/5.0 (iPad; U; CPU OS 4_3_5 like Mac OS X; en-us) AppleWebKit/533.17.9 (KHTML, like Gecko) Version/5.0.2 Mobile/8L1 Safari/6533.18.5"
24.126.48.234 - - [15/Jun/2014:02:07:18 -0400] "GET /blog/wp-content/uploads/2014/05/IMG_1390_edited-2.jpg HTTP/1.1" 200 89228 "http://www.rpwoodwork.com/blog/" "Mozilla/5.0 (iPad; U; CPU OS 4_3_5 like Mac OS X; en-us) AppleWebKit/533.17.9 (KHTML, like Gecko) Version/5.0.2 Mobile/8L1 Safari/6533.18.5"
24.126.48.234 - - [15/Jun/2014:02:07:18 -0400] "GET /blog/wp-content/uploads/2014/04/IMG_1218_edited-2.jpg HTTP/1.1" 200 65064 "http://www.rpwoodwork.com/blog/" "Mozilla/5.0 (iPad; U; CPU OS 4_3_5 like Mac OS X; en-us) AppleWebKit/533.17.9 (KHTML, like Gecko) Version/5.0.2 Mobile/8L1 Safari/6533.18.5"
24.126.48.234 - - [15/Jun/2014:02:07:16 -0400] "GET /blog/wp-content/uploads/2014/04/IMG_1216_edited-3.jpg HTTP/1.1" 200 98760 "http://www.rpwoodwork.com/blog/" "Mozilla/5.0 (iPad; U; CPU OS 4_3_5 like Mac OS X; en-us) AppleWebKit/533.17.9 (KHTML, like Gecko) Version/5.0.2 Mobile/8L1 Safari/6533.18.5"
24.126.48.234 - - [15/Jun/2014:02:07:21 -0400] "GET /blog/wp-content/uploads/2014/04/IMG_1234_edited-2.jpg HTTP/1.1" 200 90937 "http://www.rpwoodwork.com/blog/" "Mozilla/5.0 (iPad; U; CPU OS 4_3_5 like Mac OS X; en-us) AppleWebKit/533.17.9 (KHTML, like Gecko) Version/5.0.2 Mobile/8L1 Safari/6533.18.5"
24.126.48.234 - - [15/Jun/2014:02:06:48 -0400] "GET /blog/wp-content/uploads/2014/04/IMG_1219_edited-2.jpg HTTP/1.1" 200 74402 "http://www.rpwoodwork.com/blog/" "Mozilla/5.0 (iPad; U; CPU OS 4_3_5 like Mac OS X; en-us) AppleWebKit/533.17.9 (KHTML, like Gecko) Version/5.0.2 Mobile/8L1 Safari/6533.18.5"
24.126.48.234 - - [15/Jun/2014:02:07:19 -0400] "GET /blog/wp-content/uploads/2014/04/IMG_1210_edited-3.jpg HTTP/1.1" 200 88268 "http://www.rpwoodwork.com/blog/" "Mozilla/5.0 (iPad; U; CPU OS 4_3_5 like Mac OS X; en-us) AppleWebKit/533.17.9 (KHTML, like Gecko) Version/5.0.2 Mobile/8L1 Safari/6533.18.5"
24.126.48.234 - - [15/Jun/2014:02:07:19 -0400] "GET /blog/wp-content/uploads/2014/04/IMG_1210_edited-2.jpg HTTP/1.1" 200 82942 "http://www.rpwoodwork.com/blog/" "Mozilla/5.0 (iPad; U; CPU OS 4_3_5 like Mac OS X; en-us) AppleWebKit/533.17.9 (KHTML, like Gecko) Version/5.0.2 Mobile/8L1 Safari/6533.18.5"
24.126.48.234 - - [15/Jun/2014:02:07:19 -0400] "GET /blog/wp-content/uploads/2014/04/IMG_1235_edited-2.jpg HTTP/1.1" 200 84066 "http://www.rpwoodwork.com/blog/" "Mozilla/5.0 (iPad; U; CPU OS 4_3_5 like Mac OS X; en-us) AppleWebKit/533.17.9 (KHTML, like Gecko) Version/5.0.2 Mobile/8L1 Safari/6533.18.5"
24.126.48.234 - - [15/Jun/2014:02:07:17 -0400] "GET /blog/wp-content/uploads/2014/04/IMG_1236_edited-2.jpg HTTP/1.1" 200 86791 "http://www.rpwoodwork.com/blog/" "Mozilla/5.0 (iPad; U; CPU OS 4_3_5 like Mac OS X; en-us) AppleWebKit/533.17.9 (KHTML, like Gecko) Version/5.0.2 Mobile/8L1 Safari/6533.18.5"
24.126.48.234 - - [15/Jun/2014:02:07:22 -0400] "GET /blog/wp-content/uploads/2014/04/IMG_1205_edited-2.jpg HTTP/1.1" 200 108254 "http://www.rpwoodwork.com/blog/" "Mozilla/5.0 (iPad; U; CPU OS 4_3_5 like Mac OS X; en-us) AppleWebKit/533.17.9 (KHTML, like Gecko) Version/5.0.2 Mobile/8L1 Safari/6533.18.5"
24.126.48.234 - - [15/Jun/2014:02:06:48 -0400] "GET /blog/wp-content/uploads/2014/04/IMG_1202_edited-2.jpg HTTP/1.1" 200 76679 "http://www.rpwoodwork.com/blog/" "Mozilla/5.0 (iPad; U; CPU OS 4_3_5 like Mac OS X; en-us) AppleWebKit/533.17.9 (KHTML, like Gecko) Version/5.0.2 Mobile/8L1 Safari/6533.18.5"
24.126.48.234 - - [15/Jun/2014:02:07:19 -0400] "GET /blog/wp-content/uploads/2014/04/IMG_1211_edited-2.jpg HTTP/1.1" 200 76623 "http://www.rpwoodwork.com/blog/" "Mozilla/5.0 (iPad; U; CPU OS 4_3_5 like Mac OS X; en-us) AppleWebKit/533.17.9 (KHTML, like Gecko) Version/5.0.2 Mobile/8L1 Safari/6533.18.5"
24.126.48.234 - - [15/Jun/2014:02:07:19 -0400] "GET /blog/wp-content/uploads/2014/04/IMG_1212_edited-2.jpg HTTP/1.1" 200 90208 "http://www.rpwoodwork.com/blog/" "Mozilla/5.0 (iPad; U; CPU OS 4_3_5 like Mac OS X; en-us) AppleWebKit/533.17.9 (KHTML, like Gecko) Version/5.0.2 Mobile/8L1 Safari/6533.18.5"
24.126.48.234 - - [15/Jun/2014:02:07:18 -0400] "GET /blog/wp-content/uploads/2014/03/IMG_1194_edited-2.jpg HTTP/1.1" 200 77280 "http://www.rpwoodwork.com/blog/" "Mozilla/5.0 (iPad; U; CPU OS 4_3_5 like Mac OS X; en-us) AppleWebKit/533.17.9 (KHTML, like Gecko) Version/5.0.2 Mobile/8L1 Safari/6533.18.5"
24.126.48.234 - - [15/Jun/2014:02:07:19 -0400] "GET /blog/wp-content/uploads/2014/04/IMG_0189_edited-3.jpg HTTP/1.1" 200 87465 "http://www.rpwoodwork.com/blog/" "Mozilla/5.0 (iPad; U; CPU OS 4_3_5 like Mac OS X; en-us) AppleWebKit/533.17.9 (KHTML, like Gecko) Version/5.0.2 Mobile/8L1 Safari/6533.18.5"
24.126.48.234 - - [15/Jun/2014:02:06:49 -0400] "GET /blog/wp-content/uploads/2014/03/IMG_1196_edited-2.jpg HTTP/1.1" 200 103461 "http://www.rpwoodwork.com/blog/" "Mozilla/5.0 (iPad; U; CPU OS 4_3_5 like Mac OS X; en-us) AppleWebKit/533.17.9 (KHTML, like Gecko) Version/5.0.2 Mobile/8L1 Safari/6533.18.5"
24.126.48.234 - - [15/Jun/2014:02:07:22 -0400] "GET /blog/wp-content/uploads/2014/03/IMG_1199_edited-2.jpg HTTP/1.1" 200 74513 "http://www.rpwoodwork.com/blog/" "Mozilla/5.0 (iPad; U; CPU OS 4_3_5 like Mac OS X; en-us) AppleWebKit/533.17.9 (KHTML, like Gecko) Version/5.0.2 Mobile/8L1 Safari/6533.18.5"
24.126.48.234 - - [15/Jun/2014:02:07:18 -0400] "GET /blog/wp-content/themes/maple-leaf/images/rss.jpg HTTP/1.1" 200 585 "http://www.rpwoodwork.com/blog/" "Mozilla/5.0 (iPad; U; CPU OS 4_3_5 like Mac OS X; en-us) AppleWebKit/533.17.9 (KHTML, like Gecko) Version/5.0.2 Mobile/8L1 Safari/6533.18.5"
24.126.48.234 - - [15/Jun/2014:02:07:20 -0400] "GET /blog/wp-content/uploads/2014/03/IMG_1079_edited-3.jpg HTTP/1.1" 200 108662 "http://www.rpwoodwork.com/blog/" "Mozilla/5.0 (iPad; U; CPU OS 4_3_5 like Mac OS X; en-us) AppleWebKit/533.17.9 (KHTML, like Gecko) Version/5.0.2 Mobile/8L1 Safari/6533.18.5"
24.126.48.234 - - [15/Jun/2014:02:07:20 -0400] "GET /blog/wp-content/themes/maple-leaf/images/category.jpg HTTP/1.1" 200 523 "http://www.rpwoodwork.com/blog/" "Mozilla/5.0 (iPad; U; CPU OS 4_3_5 like Mac OS X; en-us) AppleWebKit/533.17.9 (KHTML, like Gecko) Version/5.0.2 Mobile/8L1 Safari/6533.18.5"
24.126.48.234 - - [15/Jun/2014:02:07:20 -0400] "GET /blog/wp-content/themes/maple-leaf/images/bubble.jpg HTTP/1.1" 200 525 "http://www.rpwoodwork.com/blog/" "Mozilla/5.0 (iPad; U; CPU OS 4_3_5 like Mac OS X; en-us) AppleWebKit/533.17.9 (KHTML, like Gecko) Version/5.0.2 Mobile/8L1 Safari/6533.18.5"
24.126.48.234 - - [15/Jun/2014:02:07:18 -0400] "GET /blog/wp-content/themes/maple-leaf/images/line.jpg HTTP/1.1" 200 362 "http://www.rpwoodwork.com/blog/" "Mozilla/5.0 (iPad; U; CPU OS 4_3_5 like Mac OS X; en-us) AppleWebKit/533.17.9 (KHTML, like Gecko) Version/5.0.2 Mobile/8L1 Safari/6533.18.5"
24.126.48.234 - - [15/Jun/2014:02:07:20 -0400] "GET /blog/wp-content/themes/maple-leaf/images/footer_bg.jpg HTTP/1.1" 200 596 "http://www.rpwoodwork.com/blog/" "Mozilla/5.0 (iPad; U; CPU OS 4_3_5 like Mac OS X; en-us) AppleWebKit/533.17.9 (KHTML, like Gecko) Version/5.0.2 Mobile/8L1 Safari/6533.18.5"
144.76.195.74 - - [15/Jun/2014:02:07:16 -0400] "GET /blog/2012/09/ HTTP/1.1" 200 49564 "-" "Mozilla/5.0 (compatible; 007ac9 Crawler; http://crawler.007ac9.net/)"
198.58.102.96 - - [15/Jun/2014:02:07:45 -0400] "GET /blog/feed/atom/ HTTP/1.1" 304 - "-" "Superfeedr bot/2.0 http://superfeedr.com - Make your feeds realtime: get in touch!"
144.76.195.74 - - [15/Jun/2014:02:07:43 -0400] "GET /blog/2012/08/ HTTP/1.1" 200 46421 "-" "Mozilla/5.0 (compatible; 007ac9 Crawler; http://crawler.007ac9.net/)"
209.99.207.51 - - [15/Jun/2014:02:07:58 -0400] "GET /blog/feed/ HTTP/1.1" 304 - "-" "Mozilla/5.0 (X11; Linux x86_64; rv:24.0) Gecko/20100101 Icedove/24.4.0 Lightning/2.6.5"
204.236.162.60 - - [15/Jun/2014:02:08:06 -0400] "GET /blog/feed/atom/ HTTP/1.1" 304 - "-" "Digg Feed Fetcher 1.0 (Mozilla/5.0 (Macintosh; Intel Mac OS X 10_7_1) AppleWebKit/534.48.3 (KHTML, like Gecko) Version/5.1 Safari/534.48.3)"
98.137.206.35 - - [15/Jun/2014:02:08:06 -0400] "GET /blog/feed/ HTTP/1.1" 304 - "-" "Mozilla/5.0 (compatible; Yahoo! Slurp; http://help.yahoo.com/help/us/ysearch/slurp)"
65.96.167.120 - - [15/Jun/2014:02:07:40 -0400] "GET /blog/wp-content/uploads/2012/01/img_0522_edited-2.jpg HTTP/1.1" 200 99481 "https://www.google.com/" "Mozilla/5.0 (Windows NT 6.1; WOW64) AppleWebKit/537.36 (KHTML, like Gecko) Chrome/35.0.1916.153 Safari/537.36"
144.76.195.74 - - [15/Jun/2014:02:08:10 -0400] "GET /blog/2012/07/ HTTP/1.1" 200 49424 "-" "Mozilla/5.0 (compatible; 007ac9 Crawler; http://crawler.007ac9.net/)"
183.60.215.50 - - [15/Jun/2014:02:08:27 -0400] "GET /blog/category/ideas/page/5/?3e3ea140 HTTP/1.1" 200 30818 "-" "Mozilla/5.0 (compatible; EasouSpider; +http://www.easou.com/search/spider.html)"
83.53.227.37 - - [15/Jun/2014:02:08:30 -0400] "GET /blog/2013/10/17/thinking-about-the-mortise-and-tenon-joint/ HTTP/1.1" 200 29160 "http://www.rpwoodwork.com/blog/" "Mozilla/5.0 (Windows NT 6.1; WOW64) AppleWebKit/537.36 (KHTML, like Gecko) Chrome/35.0.1916.114 Safari/537.36"
83.53.227.37 - - [15/Jun/2014:02:08:53 -0400] "GET /blog/wp-content/uploads/2013/10/IMG_1039_edited-2.jpg HTTP/1.1" 200 104166 "http://www.rpwoodwork.com/blog/2013/10/17/thinking-about-the-mortise-and-tenon-joint/" "Mozilla/5.0 (Windows NT 6.1; WOW64) AppleWebKit/537.36 (KHTML, like Gecko) Chrome/35.0.1916.114 Safari/537.36"
74.229.75.22 - - [15/Jun/2014:02:08:43 -0400] "GET /blog/feed/atom/ HTTP/1.1" 200 48049 "http://www.rpwoodwork.com/blog/feed/atom/" "Tiny Tiny RSS/1.12 (http://tt-rss.org/)"
144.76.195.74 - - [15/Jun/2014:02:08:37 -0400] "GET /blog/2012/06/ HTTP/1.1" 200 36636 "-" "Mozilla/5.0 (compatible; 007ac9 Crawler; http://crawler.007ac9.net/)"
144.76.195.74 - - [15/Jun/2014:02:08:59 -0400] "GET /blog/2012/05/ HTTP/1.1" 200 46107 "-" "Mozilla/5.0 (compatible; 007ac9 Crawler; http://crawler.007ac9.net/)"
219.88.180.180 - - [15/Jun/2014:02:09:17 -0400] "GET /blog/feed/atom/ HTTP/1.1" 200 48049 "-" "Liferea/1.10.3 (Linux; en_NZ.UTF-8; http://liferea.sf.net/) AppleWebKit (KHTML, like Gecko)"
144.76.195.74 - - [15/Jun/2014:02:09:34 -0400] "GET /blog/2012/04/ HTTP/1.1" 200 44290 "-" "Mozilla/5.0 (compatible; 007ac9 Crawler; http://crawler.007ac9.net/)"
144.76.195.74 - - [15/Jun/2014:02:09:54 -0400] "GET /blog/2012/03/ HTTP/1.1" 200 31766 "-" "Mozilla/5.0 (compatible; 007ac9 Crawler; http://crawler.007ac9.net/)"
192.99.12.128 - - [15/Jun/2014:02:10:22 -0400] "GET /rpwoodwork.com.zip HTTP/1.1" 404 575 "-" "Mozilla/4.0 (compatible; MSIE 6.0; Windows NT 5.1; SV1; TencentTraveler ; Mozilla/4.0 (compatible; MSIE 6.0; Windows NT 5.1; SV1) ; .NET CLR 2.0.50727)"
192.99.12.128 - - [15/Jun/2014:02:10:22 -0400] "GET /rpwoodwork.com.zip HTTP/1.1" 404 575 "-" "Mozilla/4.0 (compatible; MSIE 6.0; Windows NT 5.1; SV1; TencentTraveler ; Mozilla/4.0 (compatible; MSIE 6.0; Windows NT 5.1; SV1) ; .NET CLR 2.0.50727)"
192.99.12.128 - - [15/Jun/2014:02:10:22 -0400] "GET /rpwoodwork.com.zip HTTP/1.1" 404 575 "-" "Mozilla/4.0 (compatible; MSIE 6.0; Windows NT 5.1; SV1; TencentTraveler ; Mozilla/4.0 (compatible; MSIE 6.0; Windows NT 5.1; SV1) ; .NET CLR 2.0.50727)"
192.99.12.128 - - [15/Jun/2014:02:10:22 -0400] "GET /rpwoodwork.com.zip HTTP/1.1" 404 575 "-" "Mozilla/4.0 (compatible; MSIE 6.0; Windows NT 5.1; SV1; TencentTraveler ; Mozilla/4.0 (compatible; MSIE 6.0; Windows NT 5.1; SV1) ; .NET CLR 2.0.50727)"
192.99.12.128 - - [15/Jun/2014:02:10:19 -0400] "GET /rpwoodwork.com.zip HTTP/1.1" 404 575 "-" "Mozilla/4.0 (compatible; MSIE 6.0; Windows NT 5.1; SV1; TencentTraveler ; Mozilla/4.0 (compatible; MSIE 6.0; Windows NT 5.1; SV1) ; .NET CLR 2.0.50727)"
192.99.12.128 - - [15/Jun/2014:02:10:22 -0400] "GET /rpwoodwork.com.zip HTTP/1.1" 404 575 "-" "Mozilla/4.0 (compatible; MSIE 6.0; Windows NT 5.1; SV1; TencentTraveler ; Mozilla/4.0 (compatible; MSIE 6.0; Windows NT 5.1; SV1) ; .NET CLR 2.0.50727)"
192.99.12.128 - - [15/Jun/2014:02:10:23 -0400] "GET /rpwoodwork.com.zip HTTP/1.1" 404 575 "-" "Mozilla/4.0 (compatible; MSIE 6.0; Windows NT 5.1; SV1; TencentTraveler ; Mozilla/4.0 (compatible; MSIE 6.0; Windows NT 5.1; SV1) ; .NET CLR 2.0.50727)"
144.76.195.74 - - [15/Jun/2014:02:10:14 -0400] "GET /blog/2012/02/ HTTP/1.1" 200 47743 "-" "Mozilla/5.0 (compatible; 007ac9 Crawler; http://crawler.007ac9.net/)"
192.99.12.128 - - [15/Jun/2014:02:10:19 -0400] "GET /www.rpwoodwork.com.rar HTTP/1.1" 404 575 "-" "Mozilla/4.0 (compatible; MSIE 6.0; Windows NT 5.1; SV1; TencentTraveler ; Mozilla/4.0 (compatible; MSIE 6.0; Windows NT 5.1; SV1) ; .NET CLR 2.0.50727)"
192.99.12.128 - - [15/Jun/2014:02:10:23 -0400] "GET /www.rpwoodwork.com.rar HTTP/1.1" 404 575 "-" "Mozilla/4.0 (compatible; MSIE 6.0; Windows NT 5.1; SV1; TencentTraveler ; Mozilla/4.0 (compatible; MSIE 6.0; Windows NT 5.1; SV1) ; .NET CLR 2.0.50727)"
192.99.12.128 - - [15/Jun/2014:02:10:26 -0400] "GET /www.rpwoodwork.com.rar HTTP/1.1" 404 575 "-" "Mozilla/4.0 (compatible; MSIE 6.0; Windows NT 5.1; SV1; TencentTraveler ; Mozilla/4.0 (compatible; MSIE 6.0; Windows NT 5.1; SV1) ; .NET CLR 2.0.50727)"
192.99.12.128 - - [15/Jun/2014:02:10:23 -0400] "GET /www.rpwoodwork.com.rar HTTP/1.1" 404 575 "-" "Mozilla/4.0 (compatible; MSIE 6.0; Windows NT 5.1; SV1; TencentTraveler ; Mozilla/4.0 (compatible; MSIE 6.0; Windows NT 5.1; SV1) ; .NET CLR 2.0.50727)"
192.99.12.128 - - [15/Jun/2014:02:10:24 -0400] "GET /www.rpwoodwork.com.rar HTTP/1.1" 404 575 "-" "Mozilla/4.0 (compatible; MSIE 6.0; Windows NT 5.1; SV1; TencentTraveler ; Mozilla/4.0 (compatible; MSIE 6.0; Windows NT 5.1; SV1) ; .NET CLR 2.0.50727)"
192.99.12.128 - - [15/Jun/2014:02:10:22 -0400] "GET /www.rpwoodwork.com.rar HTTP/1.1" 404 575 "-" "Mozilla/4.0 (compatible; MSIE 6.0; Windows NT 5.1; SV1; TencentTraveler ; Mozilla/4.0 (compatible; MSIE 6.0; Windows NT 5.1; SV1) ; .NET CLR 2.0.50727)"
192.99.12.128 - - [15/Jun/2014:02:10:24 -0400] "GET /www.rpwoodwork.com.rar HTTP/1.1" 404 575 "-" "Mozilla/4.0 (compatible; MSIE 6.0; Windows NT 5.1; SV1; TencentTraveler ; Mozilla/4.0 (compatible; MSIE 6.0; Windows NT 5.1; SV1) ; .NET CLR 2.0.50727)"
192.99.12.128 - - [15/Jun/2014:02:10:24 -0400] "GET /www.7z HTTP/1.1" 404 575 "-" "Mozilla/4.0 (compatible; MSIE 6.0; Windows NT 5.1; SV1; TencentTraveler ; Mozilla/4.0 (compatible; MSIE 6.0; Windows NT 5.1; SV1) ; .NET CLR 2.0.50727)"
192.99.12.128 - - [15/Jun/2014:02:10:24 -0400] "GET /www.7z HTTP/1.1" 404 575 "-" "Mozilla/4.0 (compatible; MSIE 6.0; Windows NT 5.1; SV1; TencentTraveler ; Mozilla/4.0 (compatible; MSIE 6.0; Windows NT 5.1; SV1) ; .NET CLR 2.0.50727)"
192.99.12.128 - - [15/Jun/2014:02:10:25 -0400] "GET /www.7z HTTP/1.1" 404 575 "-" "Mozilla/4.0 (compatible; MSIE 6.0; Windows NT 5.1; SV1; TencentTraveler ; Mozilla/4.0 (compatible; MSIE 6.0; Windows NT 5.1; SV1) ; .NET CLR 2.0.50727)"
192.99.12.128 - - [15/Jun/2014:02:10:25 -0400] "GET /www.7z HTTP/1.1" 404 575 "-" "Mozilla/4.0 (compatible; MSIE 6.0; Windows NT 5.1; SV1; TencentTraveler ; Mozilla/4.0 (compatible; MSIE 6.0; Windows NT 5.1; SV1) ; .NET CLR 2.0.50727)"
192.99.12.128 - - [15/Jun/2014:02:10:25 -0400] "GET /www.7z HTTP/1.1" 404 575 "-" "Mozilla/4.0 (compatible; MSIE 6.0; Windows NT 5.1; SV1; TencentTraveler ; Mozilla/4.0 (compatible; MSIE 6.0; Windows NT 5.1; SV1) ; .NET CLR 2.0.50727)"
192.99.12.128 - - [15/Jun/2014:02:10:25 -0400] "GET /www.7z HTTP/1.1" 404 575 "-" "Mozilla/4.0 (compatible; MSIE 6.0; Windows NT 5.1; SV1; TencentTraveler ; Mozilla/4.0 (compatible; MSIE 6.0; Windows NT 5.1; SV1) ; .NET CLR 2.0.50727)"
192.99.12.128 - - [15/Jun/2014:02:10:26 -0400] "GET /www.7z HTTP/1.1" 404 575 "-" "Mozilla/4.0 (compatible; MSIE 6.0; Windows NT 5.1; SV1; TencentTraveler ; Mozilla/4.0 (compatible; MSIE 6.0; Windows NT 5.1; SV1) ; .NET CLR 2.0.50727)"
192.99.12.128 - - [15/Jun/2014:02:10:26 -0400] "GET /rpwoodwork.tar.gz HTTP/1.1" 404 575 "-" "Mozilla/4.0 (compatible; MSIE 6.0; Windows NT 5.1; SV1; TencentTraveler ; Mozilla/4.0 (compatible; MSIE 6.0; Windows NT 5.1; SV1) ; .NET CLR 2.0.50727)"
192.99.12.128 - - [15/Jun/2014:02:10:26 -0400] "GET /rpwoodwork.tar.gz HTTP/1.1" 404 575 "-" "Mozilla/4.0 (compatible; MSIE 6.0; Windows NT 5.1; SV1; TencentTraveler ; Mozilla/4.0 (compatible; MSIE 6.0; Windows NT 5.1; SV1) ; .NET CLR 2.0.50727)"
192.99.12.128 - - [15/Jun/2014:02:10:23 -0400] "GET /rpwoodwork.tar.gz HTTP/1.1" 404 575 "-" "Mozilla/4.0 (compatible; MSIE 6.0; Windows NT 5.1; SV1; TencentTraveler ; Mozilla/4.0 (compatible; MSIE 6.0; Windows NT 5.1; SV1) ; .NET CLR 2.0.50727)"
192.99.12.128 - - [15/Jun/2014:02:10:27 -0400] "GET /rpwoodwork.tar.gz HTTP/1.1" 404 575 "-" "Mozilla/4.0 (compatible; MSIE 6.0; Windows NT 5.1; SV1; TencentTraveler ; Mozilla/4.0 (compatible; MSIE 6.0; Windows NT 5.1; SV1) ; .NET CLR 2.0.50727)"
192.99.12.128 - - [15/Jun/2014:02:10:27 -0400] "GET /rpwoodwork.tar.gz HTTP/1.1" 404 575 "-" "Mozilla/4.0 (compatible; MSIE 6.0; Windows NT 5.1; SV1; TencentTraveler ; Mozilla/4.0 (compatible; MSIE 6.0; Windows NT 5.1; SV1) ; .NET CLR 2.0.50727)"
192.99.12.128 - - [15/Jun/2014:02:09:56 -0400] "GET /rpwoodwork.tar.gz HTTP/1.1" 404 575 "-" "Mozilla/4.0 (compatible; MSIE 6.0; Windows NT 5.1; SV1; TencentTraveler ; Mozilla/4.0 (compatible; MSIE 6.0; Windows NT 5.1; SV1) ; .NET CLR 2.0.50727)"
192.99.12.128 - - [15/Jun/2014:02:10:28 -0400] "GET /backup.tar HTTP/1.1" 404 575 "-" "Mozilla/4.0 (compatible; MSIE 6.0; Windows NT 5.1; SV1; TencentTraveler ; Mozilla/4.0 (compatible; MSIE 6.0; Windows NT 5.1; SV1) ; .NET CLR 2.0.50727)"
192.99.12.128 - - [15/Jun/2014:02:10:28 -0400] "GET /backup.tar HTTP/1.1" 404 575 "-" "Mozilla/4.0 (compatible; MSIE 6.0; Windows NT 5.1; SV1; TencentTraveler ; Mozilla/4.0 (compatible; MSIE 6.0; Windows NT 5.1; SV1) ; .NET CLR 2.0.50727)"
192.99.12.128 - - [15/Jun/2014:02:10:27 -0400] "GET /rpwoodwork.tar.gz HTTP/1.1" 404 575 "-" "Mozilla/4.0 (compatible; MSIE 6.0; Windows NT 5.1; SV1; TencentTraveler ; Mozilla/4.0 (compatible; MSIE 6.0; Windows NT 5.1; SV1) ; .NET CLR 2.0.50727)"
192.99.12.128 - - [15/Jun/2014:02:10:28 -0400] "GET /backup.tar HTTP/1.1" 404 575 "-" "Mozilla/4.0 (compatible; MSIE 6.0; Windows NT 5.1; SV1; TencentTraveler ; Mozilla/4.0 (compatible; MSIE 6.0; Windows NT 5.1; SV1) ; .NET CLR 2.0.50727)"
192.99.12.128 - - [15/Jun/2014:02:09:50 -0400] "GET /backup.tar HTTP/1.1" 404 575 "-" "Mozilla/4.0 (compatible; MSIE 6.0; Windows NT 5.1; SV1; TencentTraveler ; Mozilla/4.0 (compatible; MSIE 6.0; Windows NT 5.1; SV1) ; .NET CLR 2.0.50727)"
192.99.12.128 - - [15/Jun/2014:02:10:31 -0400] "GET /backup.tar HTTP/1.1" 404 575 "-" "Mozilla/4.0 (compatible; MSIE 6.0; Windows NT 5.1; SV1; TencentTraveler ; Mozilla/4.0 (compatible; MSIE 6.0; Windows NT 5.1; SV1) ; .NET CLR 2.0.50727)"
192.99.12.128 - - [15/Jun/2014:02:10:28 -0400] "GET /backup.tar HTTP/1.1" 404 575 "-" "Mozilla/4.0 (compatible; MSIE 6.0; Windows NT 5.1; SV1; TencentTraveler ; Mozilla/4.0 (compatible; MSIE 6.0; Windows NT 5.1; SV1) ; .NET CLR 2.0.50727)"
192.99.12.128 - - [15/Jun/2014:02:10:29 -0400] "GET /backup.tar HTTP/1.1" 404 575 "-" "Mozilla/4.0 (compatible; MSIE 6.0; Windows NT 5.1; SV1; TencentTraveler ; Mozilla/4.0 (compatible; MSIE 6.0; Windows NT 5.1; SV1) ; .NET CLR 2.0.50727)"
192.99.12.128 - - [15/Jun/2014:02:10:31 -0400] "GET /web.sql HTTP/1.1" 404 575 "-" "Mozilla/4.0 (compatible; MSIE 6.0; Windows NT 5.1; SV1; TencentTraveler ; Mozilla/4.0 (compatible; MSIE 6.0; Windows NT 5.1; SV1) ; .NET CLR 2.0.50727)"
192.99.12.128 - - [15/Jun/2014:02:10:29 -0400] "GET /web.sql HTTP/1.1" 404 575 "-" "Mozilla/4.0 (compatible; MSIE 6.0; Windows NT 5.1; SV1; TencentTraveler ; Mozilla/4.0 (compatible; MSIE 6.0; Windows NT 5.1; SV1) ; .NET CLR 2.0.50727)"
192.99.12.128 - - [15/Jun/2014:02:10:29 -0400] "GET /web.sql HTTP/1.1" 404 575 "-" "Mozilla/4.0 (compatible; MSIE 6.0; Windows NT 5.1; SV1; TencentTraveler ; Mozilla/4.0 (compatible; MSIE 6.0; Windows NT 5.1; SV1) ; .NET CLR 2.0.50727)"
192.99.12.128 - - [15/Jun/2014:02:10:29 -0400] "GET /web.sql HTTP/1.1" 404 575 "-" "Mozilla/4.0 (compatible; MSIE 6.0; Windows NT 5.1; SV1; TencentTraveler ; Mozilla/4.0 (compatible; MSIE 6.0; Windows NT 5.1; SV1) ; .NET CLR 2.0.50727)"
192.99.12.128 - - [15/Jun/2014:02:10:30 -0400] "GET /web.sql HTTP/1.1" 404 575 "-" "Mozilla/4.0 (compatible; MSIE 6.0; Windows NT 5.1; SV1; TencentTraveler ; Mozilla/4.0 (compatible; MSIE 6.0; Windows NT 5.1; SV1) ; .NET CLR 2.0.50727)"
192.99.12.128 - - [15/Jun/2014:02:10:30 -0400] "GET /web.sql HTTP/1.1" 404 575 "-" "Mozilla/4.0 (compatible; MSIE 6.0; Windows NT 5.1; SV1; TencentTraveler ; Mozilla/4.0 (compatible; MSIE 6.0; Windows NT 5.1; SV1) ; .NET CLR 2.0.50727)"
192.99.12.128 - - [15/Jun/2014:02:10:30 -0400] "GET /web.sql HTTP/1.1" 404 575 "-" "Mozilla/4.0 (compatible; MSIE 6.0; Windows NT 5.1; SV1; TencentTraveler ; Mozilla/4.0 (compatible; MSIE 6.0; Windows NT 5.1; SV1) ; .NET CLR 2.0.50727)"
192.99.12.128 - - [15/Jun/2014:02:10:30 -0400] "GET /wwwroot.sql.gz HTTP/1.1" 404 575 "-" "Mozilla/4.0 (compatible; MSIE 6.0; Windows NT 5.1; SV1; TencentTraveler ; Mozilla/4.0 (compatible; MSIE 6.0; Windows NT 5.1; SV1) ; .NET CLR 2.0.50727)"
192.99.12.128 - - [15/Jun/2014:02:10:26 -0400] "GET /wwwroot.sql.gz HTTP/1.1" 404 575 "-" "Mozilla/4.0 (compatible; MSIE 6.0; Windows NT 5.1; SV1; TencentTraveler ; Mozilla/4.0 (compatible; MSIE 6.0; Windows NT 5.1; SV1) ; .NET CLR 2.0.50727)"
192.99.12.128 - - [15/Jun/2014:02:10:30 -0400] "GET /wwwroot.sql.gz HTTP/1.1" 404 575 "-" "Mozilla/4.0 (compatible; MSIE 6.0; Windows NT 5.1; SV1; TencentTraveler ; Mozilla/4.0 (compatible; MSIE 6.0; Windows NT 5.1; SV1) ; .NET CLR 2.0.50727)"
192.99.12.128 - - [15/Jun/2014:02:10:30 -0400] "GET /wwwroot.sql.gz HTTP/1.1" 404 575 "-" "Mozilla/4.0 (compatible; MSIE 6.0; Windows NT 5.1; SV1; TencentTraveler ; Mozilla/4.0 (compatible; MSIE 6.0; Windows NT 5.1; SV1) ; .NET CLR 2.0.50727)"
192.99.12.128 - - [15/Jun/2014:02:10:30 -0400] "GET /wwwroot.sql.gz HTTP/1.1" 404 575 "-" "Mozilla/4.0 (compatible; MSIE 6.0; Windows NT 5.1; SV1; TencentTraveler ; Mozilla/4.0 (compatible; MSIE 6.0; Windows NT 5.1; SV1) ; .NET CLR 2.0.50727)"
192.99.12.128 - - [15/Jun/2014:02:10:31 -0400] "GET /wwwroot.sql.gz HTTP/1.1" 404 575 "-" "Mozilla/4.0 (compatible; MSIE 6.0; Windows NT 5.1; SV1; TencentTraveler ; Mozilla/4.0 (compatible; MSIE 6.0; Windows NT 5.1; SV1) ; .NET CLR 2.0.50727)"
192.99.12.128 - - [15/Jun/2014:02:10:31 -0400] "GET /wwwroot.sql.gz HTTP/1.1" 404 575 "-" "Mozilla/4.0 (compatible; MSIE 6.0; Windows NT 5.1; SV1; TencentTraveler ; Mozilla/4.0 (compatible; MSIE 6.0; Windows NT 5.1; SV1) ; .NET CLR 2.0.50727)"
183.60.214.19 - - [15/Jun/2014:02:10:10 -0400] "GET /blog/tag/east-meets-west-my-saws-series/ HTTP/1.1" 200 71127 "-" "Mozilla/5.0 (compatible; EasouSpider; +http://www.easou.com/search/spider.html)"
98.247.38.151 - - [15/Jun/2014:02:10:38 -0400] "GET /blog/feed/atom/ HTTP/1.1" 304 - "-" "Windows-RSS-Platform/2.0 (IE 11.0; Windows NT 6.1)"
144.76.195.74 - - [15/Jun/2014:02:10:24 -0400] "GET /blog/2012/01/ HTTP/1.1" 200 52469 "-" "Mozilla/5.0 (compatible; 007ac9 Crawler; http://crawler.007ac9.net/)"
91.52.177.146 - - [15/Jun/2014:02:10:34 -0400] "GET /blog/feed/ HTTP/1.1" 200 46223 "-" "Dalvik/1.6.0 (Linux; U; Android 4.4.2; C6603 Build/10.5.A.0.230)"
54.219.213.237 - - [15/Jun/2014:02:10:01 -0400] "GET /blog/feed/atom/ HTTP/1.1" 304 - "-" "Digg Feed Fetcher 1.0 (Mozilla/5.0 (Macintosh; Intel Mac OS X 10_7_1) AppleWebKit/534.48.3 (KHTML, like Gecko) Version/5.1 Safari/534.48.3)"
144.76.195.74 - - [15/Jun/2014:02:10:48 -0400] "GET /blog/2011/12/ HTTP/1.1" 200 41085 "-" "Mozilla/5.0 (compatible; 007ac9 Crawler; http://crawler.007ac9.net/)"
65.19.138.33 - - [15/Jun/2014:02:11:22 -0400] "GET /blog/feed/ HTTP/1.1" 304 - "-" "Feedly/1.0 (+http://www.feedly.com/fetcher.html; like FeedFetcher-Google)"
144.76.195.74 - - [15/Jun/2014:02:11:09 -0400] "GET /blog/2011/11/ HTTP/1.1" 200 39407 "-" "Mozilla/5.0 (compatible; 007ac9 Crawler; http://crawler.007ac9.net/)"
144.76.195.74 - - [15/Jun/2014:02:11:35 -0400] "GET /blog/2011/10/ HTTP/1.1" 200 37103 "-" "Mozilla/5.0 (compatible; 007ac9 Crawler; http://crawler.007ac9.net/)"
162.243.23.67 - - [15/Jun/2014:02:12:37 -0400] "GET /blog/feed/ HTTP/1.1" 200 46223 "http://www.rpwoodwork.com/blog/feed/" "SimplePie/1.3.1 (Feed Parser; http://simplepie.org; Allow like Gecko) Build/20140607160241"
66.249.67.141 - - [15/Jun/2014:02:12:45 -0400] "GET /blog/2013/09/21/hand-plane-class-i-will-be-teaching-tomorrow/ HTTP/1.1" 200 25049 "-" "Mozilla/5.0 (compatible; Googlebot/2.1; +http://www.google.com/bot.html)"
94.23.13.207 - - [15/Jun/2014:02:13:15 -0400] "GET /blog/feed/ HTTP/1.1" 304 - "-" "FeedHQ/0.2 (https://github.com/feedhq/feedhq; 1 subscriber; https://github.com/feedhq/feedhq/wiki/fetcher; like FeedFetcher-Google)"
162.243.99.58 - - [15/Jun/2014:02:13:20 -0400] "GET /blog/feed/ HTTP/1.1" 200 46223 "-" "Feedbin - 5 subscribers"
148.251.81.195 - - [15/Jun/2014:02:13:34 -0400] "GET /blog/feed/atom/ HTTP/1.1" 304 - "-" "Mozilla/5.0 (compatible; FeedBooster; +http://feeds.qsensei.com)"
70.39.246.37 - - [15/Jun/2014:02:13:49 -0400] "GET /blog/?feed=comments-rss2 HTTP/1.1" 301 - "-" "Mozilla/5.0 Moreover/5.1 (+http://www.moreover.com; webmaster@moreover.com)"
70.39.246.37 - - [15/Jun/2014:02:14:00 -0400] "GET /blog/comments/feed/ HTTP/1.1" 200 8437 "-" "Mozilla/5.0 Moreover/5.1 (+http://www.moreover.com; webmaster@moreover.com)"
151.229.220.136 - - [15/Jun/2014:02:13:26 -0400] "GET /blog/feed/ HTTP/1.1" 200 46223 "-" "Mozilla/5.0 (Windows NT 6.1; WOW64; rv:29.0) Gecko/20100101 Firefox/29.0"
162.243.12.24 - - [15/Jun/2014:02:13:49 -0400] "GET /blog/feed/atom/ HTTP/1.1" 304 - "-" "Feed Wrangler/1.0 (2 subscribers; feed-id=117254; http://feedwrangler.net; Allow like Gecko)"
98.137.206.35 - - [15/Jun/2014:02:14:32 -0400] "GET /blog/feed/atom/ HTTP/1.1" 304 - "-" "Mozilla/5.0 (compatible; Yahoo! Slurp; http://help.yahoo.com/help/us/ysearch/slurp)"
149.174.147.140 - - [15/Jun/2014:02:15:05 -0400] "GET /blog/feed/ HTTP/1.1" 200 46223 "-" "UniversalFeedParser/5.1.3 +https://code.google.com/p/feedparser/"
162.253.154.187 - - [15/Jun/2014:02:15:15 -0400] "GET /blog/feed/atom/ HTTP/1.0" 200 48049 "-" "Fever/1.38 (Feed Parser; http://feedafever.com; Allow like Gecko)"
108.166.190.195 - - [15/Jun/2014:02:15:24 -0400] "GET /blog/feed/atom/ HTTP/1.1" 304 - "http://www.rpwoodwork.com/blog/feed/atom/" "Tiny Tiny RSS/1.12 (http://tt-rss.org/)"
193.183.79.54 - - [15/Jun/2014:02:16:35 -0400] "GET /blog/wp-content/themes/maple-leaf/images/category.jpg HTTP/1.1" 304 - "-" "Mozilla/4.0 (compatible;)"
77.94.136.197 - - [15/Jun/2014:02:16:49 -0400] "GET /blog/feed/ HTTP/1.1" 200 46223 "-" "Zemanta Aggregator/0.9 +http://www.zemanta.com"
69.196.165.230 - - [15/Jun/2014:02:17:28 -0400] "GET /blog/feed/atom/ HTTP/1.1" 304 - "-" "RSSOwl/2.2.1.201312301258 (Macintosh; U; en)"
157.55.39.231 - - [15/Jun/2014:02:16:44 -0400] "GET /blog/2012/07/17/table-saw-vs-bandsaw-ii-the-rematch/ HTTP/1.1" 200 33066 "-" "Mozilla/5.0 (compatible; bingbot/2.0; +http://www.bing.com/bingbot.htm)"
198.58.102.117 - - [15/Jun/2014:02:18:18 -0400] "GET /blog/feed/atom/ HTTP/1.1" 304 - "-" "Superfeedr bot/2.0 http://superfeedr.com - Make your feeds realtime: get in touch!"
110.148.134.9 - - [15/Jun/2014:02:18:38 -0400] "GET /blog/feed/atom/ HTTP/1.1" 304 - "-" "Windows-RSS-Platform/2.0 (IE 11.0; Windows NT 6.1)"
77.94.136.197 - - [15/Jun/2014:02:18:45 -0400] "GET /blog/feed/ HTTP/1.1" 200 46223 "-" "Zemanta Aggregator/0.9 +http://www.zemanta.com"
108.61.139.50 - - [15/Jun/2014:02:19:08 -0400] "GET /blog/2014/05/11/three-practical-tips-for-shooting/ HTTP/1.1" 200 31370 "-" "Mozilla/4.0 (compatible; MSIE 6.0; Windows NT 5.1; SV1; Mozilla/4.0 (compatible; MSIE 6.0; Windows NT 5.1; SV1) )"
192.3.166.202 - - [15/Jun/2014:02:19:07 -0400] "GET /blog/2014/01/30/wood-scents/ HTTP/1.1" 200 28303 "http://www.rpwoodwork.com/" "Mozilla/5.0 (Windows NT 6.1; WOW64) AppleWebKit/537.36 (KHTML, like Gecko) Chrome/27.0.1453.116 Safari/537.36"
157.55.39.232 - - [15/Jun/2014:02:19:19 -0400] "GET /blog/page/24/?x=28&y=10 HTTP/1.1" 200 66775 "-" "Mozilla/5.0 (compatible; bingbot/2.0; +http://www.bing.com/bingbot.htm)"
65.19.138.33 - - [15/Jun/2014:02:19:37 -0400] "GET /blog/feed/atom/ HTTP/1.1" 304 - "-" "Feedly/1.0 (+http://www.feedly.com/fetcher.html; like FeedFetcher-Google)"
83.53.227.37 - - [15/Jun/2014:02:19:30 -0400] "GET /blog/2013/10/ HTTP/1.1" 200 33817 "http://www.rpwoodwork.com/blog/2013/10/17/thinking-about-the-mortise-and-tenon-joint/" "Mozilla/5.0 (Windows NT 6.1; WOW64) AppleWebKit/537.36 (KHTML, like Gecko) Chrome/35.0.1916.114 Safari/537.36"
83.53.227.37 - - [15/Jun/2014:02:19:47 -0400] "GET /blog/wp-content/uploads/2013/10/IMG_0111_edited-2.jpg HTTP/1.1" 200 84010 "http://www.rpwoodwork.com/blog/2013/10/" "Mozilla/5.0 (Windows NT 6.1; WOW64) AppleWebKit/537.36 (KHTML, like Gecko) Chrome/35.0.1916.114 Safari/537.36"
83.53.227.37 - - [15/Jun/2014:02:19:47 -0400] "GET /blog/wp-content/uploads/2013/10/IMG_0118_edited-2.jpg HTTP/1.1" 200 83945 "http://www.rpwoodwork.com/blog/2013/10/" "Mozilla/5.0 (Windows NT 6.1; WOW64) AppleWebKit/537.36 (KHTML, like Gecko) Chrome/35.0.1916.114 Safari/537.36"
