91.54.159.181 - - [15/Jun/2014:15:55:12 -0400] "GET /blog/wp-content/uploads/2014/04/IMG_1234_edited-2.jpg HTTP/1.1" 200 90937 "http://www.rpwoodwork.com/blog/" "Mozilla/5.0 (Windows NT 6.1; WOW64; rv:29.0) Gecko/20100101 Firefox/29.0"
91.54.159.181 - - [15/Jun/2014:15:55:12 -0400] "GET /blog/wp-content/uploads/2014/04/IMG_1235_edited-2.jpg HTTP/1.1" 200 84066 "http://www.rpwoodwork.com/blog/" "Mozilla/5.0 (Windows NT 6.1; WOW64; rv:29.0) Gecko/20100101 Firefox/29.0"
86.195.39.27 - - [15/Jun/2014:15:55:14 -0400] "GET /favicon.ico HTTP/1.1" 404 575 "http://firstlightwoodworking.blogspot.fr/2012/11/bench-build-complete.html" "Mozilla/5.0 (Windows NT 5.1; rv:29.0) Gecko/20100101 Firefox/29.0"
91.54.159.181 - - [15/Jun/2014:15:55:15 -0400] "GET /blog/wp-content/uploads/2014/04/IMG_1236_edited-2.jpg HTTP/1.1" 200 86791 "http://www.rpwoodwork.com/blog/" "Mozilla/5.0 (Windows NT 6.1; WOW64; rv:29.0) Gecko/20100101 Firefox/29.0"
91.54.159.181 - - [15/Jun/2014:15:55:11 -0400] "GET /blog/wp-content/uploads/2014/04/IMG_1210_edited-2.jpg HTTP/1.1" 200 82942 "http://www.rpwoodwork.com/blog/" "Mozilla/5.0 (Windows NT 6.1; WOW64; rv:29.0) Gecko/20100101 Firefox/29.0"
91.54.159.181 - - [15/Jun/2014:15:55:16 -0400] "GET /blog/wp-content/uploads/2014/04/IMG_1211_edited-2.jpg HTTP/1.1" 200 76623 "http://www.rpwoodwork.com/blog/" "Mozilla/5.0 (Windows NT 6.1; WOW64; rv:29.0) Gecko/20100101 Firefox/29.0"
91.54.159.181 - - [15/Jun/2014:15:55:17 -0400] "GET /blog/wp-content/uploads/2014/03/IMG_1194_edited-2.jpg HTTP/1.1" 200 77280 "http://www.rpwoodwork.com/blog/" "Mozilla/5.0 (Windows NT 6.1; WOW64; rv:29.0) Gecko/20100101 Firefox/29.0"
91.54.159.181 - - [15/Jun/2014:15:55:17 -0400] "GET /blog/wp-content/uploads/2014/04/IMG_0189_edited-3.jpg HTTP/1.1" 200 87465 "http://www.rpwoodwork.com/blog/" "Mozilla/5.0 (Windows NT 6.1; WOW64; rv:29.0) Gecko/20100101 Firefox/29.0"
91.54.159.181 - - [15/Jun/2014:15:55:17 -0400] "GET /blog/wp-content/uploads/2014/03/IMG_1196_edited-2.jpg HTTP/1.1" 200 103461 "http://www.rpwoodwork.com/blog/" "Mozilla/5.0 (Windows NT 6.1; WOW64; rv:29.0) Gecko/20100101 Firefox/29.0"
91.54.159.181 - - [15/Jun/2014:15:55:17 -0400] "GET /blog/wp-content/uploads/2014/03/IMG_1199_edited-2.jpg HTTP/1.1" 200 74513 "http://www.rpwoodwork.com/blog/" "Mozilla/5.0 (Windows NT 6.1; WOW64; rv:29.0) Gecko/20100101 Firefox/29.0"
91.54.159.181 - - [15/Jun/2014:15:55:13 -0400] "GET /blog/wp-content/uploads/2014/03/IMG_1079_edited-3.jpg HTTP/1.1" 200 108662 "http://www.rpwoodwork.com/blog/" "Mozilla/5.0 (Windows NT 6.1; WOW64; rv:29.0) Gecko/20100101 Firefox/29.0"
74.229.75.22 - - [15/Jun/2014:15:55:17 -0400] "GET /blog/feed/atom/ HTTP/1.1" 200 48049 "http://www.rpwoodwork.com/blog/feed/atom/" "Tiny Tiny RSS/1.12 (http://tt-rss.org/)"
91.54.159.181 - - [15/Jun/2014:15:54:28 -0400] "GET /blog/wp-content/uploads/2014/04/IMG_1212_edited-2.jpg HTTP/1.1" 200 90208 "http://www.rpwoodwork.com/blog/" "Mozilla/5.0 (Windows NT 6.1; WOW64; rv:29.0) Gecko/20100101 Firefox/29.0"
91.54.159.181 - - [15/Jun/2014:15:55:19 -0400] "GET /blog/wp-content/themes/maple-leaf/images/menu_bg.jpg HTTP/1.1" 200 7818 "http://www.rpwoodwork.com/blog/wp-content/themes/maple-leaf/style.css" "Mozilla/5.0 (Windows NT 6.1; WOW64; rv:29.0) Gecko/20100101 Firefox/29.0"
91.54.159.181 - - [15/Jun/2014:15:55:19 -0400] "GET /blog/wp-content/themes/maple-leaf/images/header_bg.jpg HTTP/1.1" 200 57398 "http://www.rpwoodwork.com/blog/wp-content/themes/maple-leaf/style.css" "Mozilla/5.0 (Windows NT 6.1; WOW64; rv:29.0) Gecko/20100101 Firefox/29.0"
91.54.159.181 - - [15/Jun/2014:15:55:19 -0400] "GET /blog/wp-content/themes/maple-leaf/images/sidebar_arrow.jpg HTTP/1.1" 200 446 "http://www.rpwoodwork.com/blog/wp-content/themes/maple-leaf/style.css" "Mozilla/5.0 (Windows NT 6.1; WOW64; rv:29.0) Gecko/20100101 Firefox/29.0"
91.54.159.181 - - [15/Jun/2014:15:55:19 -0400] "GET /blog/wp-content/themes/maple-leaf/images/bg_top.jpg HTTP/1.1" 200 78074 "http://www.rpwoodwork.com/blog/wp-content/themes/maple-leaf/style.css" "Mozilla/5.0 (Windows NT 6.1; WOW64; rv:29.0) Gecko/20100101 Firefox/29.0"
91.54.159.181 - - [15/Jun/2014:15:55:19 -0400] "GET /blog/wp-content/themes/maple-leaf/images/line.jpg HTTP/1.1" 200 362 "http://www.rpwoodwork.com/blog/wp-content/themes/maple-leaf/style.css" "Mozilla/5.0 (Windows NT 6.1; WOW64; rv:29.0) Gecko/20100101 Firefox/29.0"
91.54.159.181 - - [15/Jun/2014:15:55:19 -0400] "GET /blog/wp-content/themes/maple-leaf/images/sidebar_title.jpg HTTP/1.1" 200 1393 "http://www.rpwoodwork.com/blog/wp-content/themes/maple-leaf/style.css" "Mozilla/5.0 (Windows NT 6.1; WOW64; rv:29.0) Gecko/20100101 Firefox/29.0"
91.54.159.181 - - [15/Jun/2014:15:54:59 -0400] "GET /blog/wp-content/themes/maple-leaf/images/bg_bottom_repeat.jpg HTTP/1.1" 200 411 "http://www.rpwoodwork.com/blog/wp-content/themes/maple-leaf/style.css" "Mozilla/5.0 (Windows NT 6.1; WOW64; rv:29.0) Gecko/20100101 Firefox/29.0"
91.54.159.181 - - [15/Jun/2014:15:55:19 -0400] "GET /blog/wp-content/themes/maple-leaf/images/category.jpg HTTP/1.1" 200 523 "http://www.rpwoodwork.com/blog/wp-content/themes/maple-leaf/style.css" "Mozilla/5.0 (Windows NT 6.1; WOW64; rv:29.0) Gecko/20100101 Firefox/29.0"
91.54.159.181 - - [15/Jun/2014:15:55:31 -0400] "GET /blog/wp-content/themes/maple-leaf/images/footer_bg.jpg HTTP/1.1" 200 596 "http://www.rpwoodwork.com/blog/wp-content/themes/maple-leaf/style.css" "Mozilla/5.0 (Windows NT 6.1; WOW64; rv:29.0) Gecko/20100101 Firefox/29.0"
91.54.159.181 - - [15/Jun/2014:15:55:19 -0400] "GET /blog/wp-content/themes/maple-leaf/images/container_repeat.jpg HTTP/1.1" 200 1038 "http://www.rpwoodwork.com/blog/wp-content/themes/maple-leaf/style.css" "Mozilla/5.0 (Windows NT 6.1; WOW64; rv:29.0) Gecko/20100101 Firefox/29.0"
91.54.159.181 - - [15/Jun/2014:15:55:20 -0400] "GET /blog/wp-content/themes/maple-leaf/images/menu_separate.jpg HTTP/1.1" 200 362 "http://www.rpwoodwork.com/blog/wp-content/themes/maple-leaf/style.css" "Mozilla/5.0 (Windows NT 6.1; WOW64; rv:29.0) Gecko/20100101 Firefox/29.0"
91.54.159.181 - - [15/Jun/2014:15:55:20 -0400] "GET /blog/wp-content/themes/maple-leaf/images/bg_repeat.png HTTP/1.1" 200 230 "http://www.rpwoodwork.com/blog/wp-content/themes/maple-leaf/style.css" "Mozilla/5.0 (Windows NT 6.1; WOW64; rv:29.0) Gecko/20100101 Firefox/29.0"
91.54.159.181 - - [15/Jun/2014:15:55:20 -0400] "GET /blog/wp-content/themes/maple-leaf/images/bubble.jpg HTTP/1.1" 200 525 "http://www.rpwoodwork.com/blog/wp-content/themes/maple-leaf/style.css" "Mozilla/5.0 (Windows NT 6.1; WOW64; rv:29.0) Gecko/20100101 Firefox/29.0"
54.219.226.49 - - [15/Jun/2014:15:55:19 -0400] "GET /blog/feed/ HTTP/1.1" 304 - "-" "Digg Feed Fetcher 1.0 (Mozilla/5.0 (Macintosh; Intel Mac OS X 10_7_1) AppleWebKit/534.48.3 (KHTML, like Gecko) Version/5.1 Safari/534.48.3)"
91.54.159.181 - - [15/Jun/2014:15:55:39 -0400] "GET /blog/ HTTP/1.1" 200 76457 "http://www.rpwoodwork.com/blog.html" "Mozilla/5.0 (Windows NT 6.1; WOW64; rv:29.0) Gecko/20100101 Firefox/29.0"
66.249.92.25 - - [15/Jun/2014:15:55:40 -0400] "GET /blog/feed/ HTTP/1.1" 200 46223 "-" "Feedfetcher-Google; (+http://www.google.com/feedfetcher.html; 264 subscribers; feed-id=7323787071665952664)"
91.54.159.181 - - [15/Jun/2014:15:55:42 -0400] "GET /blog/wp-content/uploads/2014/05/IMG_1388_edited-2.jpg HTTP/1.1" 200 109378 "http://www.rpwoodwork.com/blog/" "Mozilla/5.0 (Windows NT 6.1; WOW64; rv:29.0) Gecko/20100101 Firefox/29.0"
91.54.159.181 - - [15/Jun/2014:15:55:42 -0400] "GET /blog/wp-content/uploads/2014/04/IMG_1210_edited-3.jpg HTTP/1.1" 200 88268 "http://www.rpwoodwork.com/blog/" "Mozilla/5.0 (Windows NT 6.1; WOW64; rv:29.0) Gecko/20100101 Firefox/29.0"
91.54.159.181 - - [15/Jun/2014:15:55:43 -0400] "GET /blog/wp-content/uploads/2014/04/IMG_1205_edited-2.jpg HTTP/1.1" 200 108254 "http://www.rpwoodwork.com/blog/" "Mozilla/5.0 (Windows NT 6.1; WOW64; rv:29.0) Gecko/20100101 Firefox/29.0"
91.54.159.181 - - [15/Jun/2014:15:55:43 -0400] "GET /blog/wp-content/uploads/2014/04/IMG_1202_edited-2.jpg HTTP/1.1" 200 76679 "http://www.rpwoodwork.com/blog/" "Mozilla/5.0 (Windows NT 6.1; WOW64; rv:29.0) Gecko/20100101 Firefox/29.0"
91.54.159.181 - - [15/Jun/2014:15:55:43 -0400] "GET /blog/wp-content/uploads/2014/03/IMG_1194_edited-2.jpg HTTP/1.1" 206 17016 "http://www.rpwoodwork.com/blog/" "Mozilla/5.0 (Windows NT 6.1; WOW64; rv:29.0) Gecko/20100101 Firefox/29.0"
91.54.159.181 - - [15/Jun/2014:15:55:43 -0400] "GET /blog/wp-content/uploads/2014/04/IMG_1212_edited-2.jpg HTTP/1.1" 200 90208 "http://www.rpwoodwork.com/blog/" "Mozilla/5.0 (Windows NT 6.1; WOW64; rv:29.0) Gecko/20100101 Firefox/29.0"
91.54.159.181 - - [15/Jun/2014:15:54:54 -0400] "GET /blog/wp-content/uploads/2014/04/IMG_0189_edited-3.jpg HTTP/1.1" 206 58265 "http://www.rpwoodwork.com/blog/" "Mozilla/5.0 (Windows NT 6.1; WOW64; rv:29.0) Gecko/20100101 Firefox/29.0"
91.54.159.181 - - [15/Jun/2014:15:55:43 -0400] "GET /blog/wp-content/uploads/2014/03/IMG_1196_edited-2.jpg HTTP/1.1" 206 44089 "http://www.rpwoodwork.com/blog/" "Mozilla/5.0 (Windows NT 6.1; WOW64; rv:29.0) Gecko/20100101 Firefox/29.0"
91.54.159.181 - - [15/Jun/2014:15:55:43 -0400] "GET /blog/wp-content/uploads/2014/03/IMG_1199_edited-2.jpg HTTP/1.1" 206 4597 "http://www.rpwoodwork.com/blog/" "Mozilla/5.0 (Windows NT 6.1; WOW64; rv:29.0) Gecko/20100101 Firefox/29.0"
91.54.159.181 - - [15/Jun/2014:15:55:44 -0400] "GET /blog/wp-content/uploads/2014/03/IMG_1079_edited-3.jpg HTTP/1.1" 206 53670 "http://www.rpwoodwork.com/blog/" "Mozilla/5.0 (Windows NT 6.1; WOW64; rv:29.0) Gecko/20100101 Firefox/29.0"
91.54.159.181 - - [15/Jun/2014:15:55:44 -0400] "GET /blog/wp-content/themes/maple-leaf/images/rss.jpg HTTP/1.1" 200 585 "http://www.rpwoodwork.com/blog/" "Mozilla/5.0 (Windows NT 6.1; WOW64; rv:29.0) Gecko/20100101 Firefox/29.0"
107.170.54.23 - - [15/Jun/2014:15:55:51 -0400] "GET /blog/feed/atom/ HTTP/1.1" 200 48049 "-" "Feedbin - 6 subscribers"
91.54.159.181 - - [15/Jun/2014:15:56:08 -0400] "GET /blog/2014/05/11/three-practical-tips-for-shooting/ HTTP/1.1" 200 31371 "http://www.rpwoodwork.com/blog/" "Mozilla/5.0 (Windows NT 6.1; WOW64; rv:29.0) Gecko/20100101 Firefox/29.0"
91.54.159.181 - - [15/Jun/2014:15:56:10 -0400] "GET /blog/wp-includes/js/jquery/jquery.js?ver=1.11.0 HTTP/1.1" 200 96402 "http://www.rpwoodwork.com/blog/2014/05/11/three-practical-tips-for-shooting/" "Mozilla/5.0 (Windows NT 6.1; WOW64; rv:29.0) Gecko/20100101 Firefox/29.0"
91.54.159.181 - - [15/Jun/2014:15:56:10 -0400] "GET /blog/wp-includes/js/jquery/jquery-migrate.min.js?ver=1.2.1 HTTP/1.1" 200 7200 "http://www.rpwoodwork.com/blog/2014/05/11/three-practical-tips-for-shooting/" "Mozilla/5.0 (Windows NT 6.1; WOW64; rv:29.0) Gecko/20100101 Firefox/29.0"
91.54.159.181 - - [15/Jun/2014:15:56:13 -0400] "GET /blog/wp-content/plugins/akismet/_inc/form.js?ver=3.0.0 HTTP/1.1" 200 411 "http://www.rpwoodwork.com/blog/2014/05/11/three-practical-tips-for-shooting/" "Mozilla/5.0 (Windows NT 6.1; WOW64; rv:29.0) Gecko/20100101 Firefox/29.0"
91.54.159.181 - - [15/Jun/2014:15:56:12 -0400] "GET /blog/2014/05/25/hand-tool-helper/ HTTP/1.1" 200 29495 "http://www.rpwoodwork.com/blog/2014/05/11/three-practical-tips-for-shooting/" "Mozilla/5.0 (Windows NT 6.1; WOW64; rv:29.0) Gecko/20100101 Firefox/29.0"
71.117.64.249 - - [15/Jun/2014:15:56:15 -0400] "GET /blog/feed/ HTTP/1.1" 304 - "-" "NetNewsWire/3.1b18 (Mac OS X; http://www.newsgator.com/Individuals/NetNewsWire/)"
91.236.74.119 - - [15/Jun/2014:15:56:28 -0400] "GET /blog/2014/03/12/its-always-something/ HTTP/1.0" 200 30758 "http://www.rpwoodwork.com/blog/2014/03/12/its-always-something/" "Mozilla/5.0 (Windows NT 6.2; WOW64) AppleWebKit/537.36 (KHTML, like Gecko) Chrome/32.0.1700.76 Safari/537.36"
66.249.67.141 - - [15/Jun/2014:15:56:24 -0400] "GET /blog/2011/03/23/moxon-vise-another-version/ HTTP/1.1" 200 37073 "-" "Mozilla/5.0 (compatible; Googlebot/2.1; +http://www.google.com/bot.html)"
198.58.102.155 - - [15/Jun/2014:15:56:48 -0400] "GET /blog/feed/atom/ HTTP/1.1" 304 - "-" "Superfeedr bot/2.0 http://superfeedr.com - Make your feeds realtime: get in touch!"
70.39.246.37 - - [15/Jun/2014:15:56:50 -0400] "GET /blog/?feed=atom HTTP/1.1" 301 - "-" "Mozilla/5.0 Moreover/5.1 (+http://www.moreover.com; webmaster@moreover.com)"
70.39.246.37 - - [15/Jun/2014:15:56:51 -0400] "GET /blog/feed/atom/ HTTP/1.1" 200 48049 "-" "Mozilla/5.0 Moreover/5.1 (+http://www.moreover.com; webmaster@moreover.com)"
108.29.109.122 - - [15/Jun/2014:15:56:55 -0400] "GET /favicon.ico HTTP/1.1" 404 575 "http://combraystudio.blogspot.com/2010/12/shaker-side-tables-butterfly-keys-on.html" "Mozilla/5.0 (Windows NT 6.1; WOW64) AppleWebKit/537.36 (KHTML, like Gecko) Chrome/35.0.1916.153 Safari/537.36"
66.249.67.24 - - [15/Jun/2014:15:57:14 -0400] "GET /blog/feed/atom/ HTTP/1.1" 304 - "-" "Mozilla/5.0 (compatible; Googlebot/2.1; +http://www.google.com/bot.html)"
68.180.224.237 - - [15/Jun/2014:15:57:44 -0400] "GET /blog/2009/08/21/high-end-drawers-part-5-dovetailing-tips-for-drawer-making/ HTTP/1.1" 200 33938 "-" "Mozilla/5.0 (compatible; Yahoo! Slurp; http://help.yahoo.com/help/us/ysearch/slurp)"
66.249.67.141 - - [15/Jun/2014:15:57:47 -0400] "GET /blog/2010/01/17/my-starting-lineup-of-finishes/ HTTP/1.1" 200 29671 "-" "Mozilla/5.0 (compatible; Googlebot/2.1; +http://www.google.com/bot.html)"
50.18.85.84 - - [15/Jun/2014:15:58:42 -0400] "GET /blog/feed/ HTTP/1.1" 304 - "-" "Digg Feed Fetcher 1.0 (Mozilla/5.0 (Macintosh; Intel Mac OS X 10_7_1) AppleWebKit/534.48.3 (KHTML, like Gecko) Version/5.1 Safari/534.48.3)"
162.239.65.105 - - [15/Jun/2014:15:58:53 -0400] "GET /blog/feed/ HTTP/1.1" 200 46223 "http://www.rpwoodwork.com/blog/feed/" "Tiny Tiny RSS/1.10 (http://tt-rss.org/)"
24.180.65.170 - - [15/Jun/2014:15:59:17 -0400] "GET /blog/feed/atom/ HTTP/1.1" 200 48049 "-" "Mozilla/5.0 (compatible) AppleWebKit Chrome Safari"
24.180.65.170 - - [15/Jun/2014:15:59:19 -0400] "GET /favicon.ico HTTP/1.1" 404 575 "-" "Mozilla/5.0 (compatible) AppleWebKit Chrome Safari"
69.163.200.114 - - [15/Jun/2014:16:00:20 -0400] "GET /blog/feed/ HTTP/1.1" 200 46223 "http://www.rpwoodwork.com/blog/feed/" "Tiny Tiny RSS/1.10 (http://tt-rss.org/)"
54.219.11.26 - - [15/Jun/2014:16:00:54 -0400] "GET /blog/feed/atom/ HTTP/1.1" 304 - "-" "Digg Feed Fetcher 1.0 (Mozilla/5.0 (Macintosh; Intel Mac OS X 10_7_1) AppleWebKit/534.48.3 (KHTML, like Gecko) Version/5.1 Safari/534.48.3)"
68.179.126.36 - - [15/Jun/2014:16:00:51 -0400] "GET /blog/feed/atom/ HTTP/1.1" 304 - "-" "FeedDemon/4.5 (http://www.feeddemon.com/; Microsoft Windows)"
68.180.224.237 - - [15/Jun/2014:16:00:38 -0400] "GET /blog/2014/05/25/hand-tool-helper/ HTTP/1.1" 200 29496 "-" "Mozilla/5.0 (compatible; Yahoo! Slurp; http://help.yahoo.com/help/us/ysearch/slurp)"
68.0.185.56 - - [15/Jun/2014:16:01:14 -0400] "GET /favicon.ico HTTP/1.1" 404 575 "-" "Mozilla/5.0 (Windows NT 6.1; WOW64; rv:29.0) Gecko/20100101 Firefox/29.0"
68.0.185.56 - - [15/Jun/2014:16:01:14 -0400] "GET /favicon.ico HTTP/1.1" 404 575 "-" "Mozilla/5.0 (Windows NT 6.1; WOW64; rv:29.0) Gecko/20100101 Firefox/29.0"
46.246.37.237 - - [15/Jun/2014:16:01:50 -0400] "GET /blog/2012/09/08/8-tools-that-i-wish-were-made/ HTTP/1.1" 200 35823 "http://www.rpwoodwork.com/" "Mozilla/5.0 (Windows NT 6.1; WOW64) AppleWebKit/537.36 (KHTML, like Gecko) Chrome/27.0.1453.116 Safari/537.36"
46.246.37.237 - - [15/Jun/2014:16:01:59 -0400] "GET /blog/2010/09/11/lie-nielsen-convex-sole-plane/ HTTP/1.1" 200 33491 "http://www.rpwoodwork.com/blog/2012/09/08/8-tools-that-i-wish-were-made/" "Mozilla/5.0 (Windows NT 6.1; WOW64) AppleWebKit/537.36 (KHTML, like Gecko) Chrome/27.0.1453.116 Safari/537.36"
199.204.185.210 - - [15/Jun/2014:16:02:01 -0400] "GET /blog/2014/04/25/nuancing-the-stanley-surform-shaver/ HTTP/1.1" 200 30849 "-" "Mozilla/4.0 (compatible; MSIE 6.0; Windows NT 5.1; SV1; Mozilla/4.0 (compatible; MSIE 6.0; Windows NT 5.1; SV1) ; .NET CLR 2.0.50727 ; .NET CLR 4.0.30319)"
190.205.216.157 - - [15/Jun/2014:16:02:03 -0400] "POST /blog/2014/04/25/nuancing-the-stanley-surform-shaver/trackback/ HTTP/1.0" 200 78 "http://www.rpwoodwork.com/blog/2014/04/25/nuancing-the-stanley-surform-shaver/" "Mozilla/4.0 (compatible; MSIE 6.0; Windows NT 5.1)"
54.87.137.28 - - [15/Jun/2014:16:02:11 -0400] "GET /blog/wp-content/uploads/2014/06/bored-gorilla_edited-2.jpg HTTP/1.1" 200 118801 "-" "Mozilla/5.0 (Macintosh; Intel Mac OS X 10.9; rv:28.0) Gecko/20100101 Firefox/28.0 (FlipboardProxy/1.1; +http://flipboard.com/browserproxy)"
69.164.213.164 - - [15/Jun/2014:16:02:57 -0400] "GET /blog/feed/atom/ HTTP/1.1" 200 48049 "-" "Mozilla/5.0 (Macintosh; Intel Mac OS X 10_8_2; Feeder.co) AppleWebKit/537.31 (KHTML, like Gecko) Chrome/26.0.1410.43 Safari/537.31"
54.219.226.49 - - [15/Jun/2014:16:03:24 -0400] "GET /blog/feed/atom/ HTTP/1.1" 304 - "-" "Digg Feed Fetcher 1.0 (Mozilla/5.0 (Macintosh; Intel Mac OS X 10_7_1) AppleWebKit/534.48.3 (KHTML, like Gecko) Version/5.1 Safari/534.48.3)"
87.98.168.93 - - [15/Jun/2014:16:03:37 -0400] "GET /blog/feed/ HTTP/1.1" 200 46223 "http://www.rpwoodwork.com/blog/feed/" "Tiny Tiny RSS/1.11 (http://tt-rss.org/)"
108.237.238.195 - - [15/Jun/2014:16:04:20 -0400] "GET /favicon.ico HTTP/1.1" 404 575 "http://www.woodworkers-online.com/2011/02/easy-to-build-continuous-motion-treadle.html" "Mozilla/5.0 (Windows NT 6.1; WOW64) AppleWebKit/537.36 (KHTML, like Gecko) Chrome/35.0.1916.153 Safari/537.36"
188.99.77.217 - - [15/Jun/2014:16:04:49 -0400] "GET /blog/feed/atom/ HTTP/1.1" 304 - "-" "Mozilla/5.0 (Macintosh; Intel Mac OS X 10.9; rv:24.0) Gecko/20100101 Thunderbird/24.6.0"
151.229.220.136 - - [15/Jun/2014:16:05:12 -0400] "GET /blog/feed/ HTTP/1.1" 200 46223 "-" "Mozilla/5.0 (Windows NT 6.1; WOW64; rv:29.0) Gecko/20100101 Firefox/29.0"
78.73.1.226 - - [15/Jun/2014:16:05:23 -0400] "GET /blog/wp-content/uploads/2012/01/img_0513_edited-2.jpg HTTP/1.1" 200 97187 "http://www.google.se/blank.html" "Mozilla/5.0 (compatible; MSIE 10.0; Windows NT 6.2; WOW64; Trident/6.0; MALNJS)"
64.12.250.144 - - [15/Jun/2014:16:05:32 -0400] "GET /blog/feed/ HTTP/1.1" 200 46223 "-" "UniversalFeedParser/5.1.3 +https://code.google.com/p/feedparser/"
78.73.1.226 - - [15/Jun/2014:16:05:34 -0400] "GET /blog/tag/a-practical-tool-cabinet-series/ HTTP/1.1" 200 52705 "http://www.google.se/imgres?imgurl=http%3A%2F%2Fwww.rpwoodwork.com%2Fblog%2Fwp-content%2Fuploads%2F2012%2F01%2Fimg_0513_edited-2.jpg&imgrefurl=http%3A%2F%2Fwww.rpwoodwork.com%2Fblog%2Ftag%2Fa-practical-tool-cabinet-series%2F&h=363&w=510&tbnid=Vi8665GosRJNfM%3A&zoom=1&docid=8V-ly2oR_5nAHM&ei=PvydU-qrBsviywO_j4LwBQ&tbm=isch&ved=0CCIQMygaMBo4ZA&iact=rc&uact=3&dur=1519&page=6&start=112&ndsp=25" "Mozilla/5.0 (compatible; MSIE 10.0; Windows NT 6.2; WOW64; Trident/6.0; MALNJS)"
78.73.1.226 - - [15/Jun/2014:16:05:36 -0400] "GET /blog/wp-content/themes/maple-leaf/style.css HTTP/1.1" 200 10944 "http://www.rpwoodwork.com/blog/tag/a-practical-tool-cabinet-series/" "Mozilla/5.0 (compatible; MSIE 10.0; Windows NT 6.2; WOW64; Trident/6.0; MALNJS)"
78.73.1.226 - - [15/Jun/2014:16:05:36 -0400] "GET /blog/wp-content/themes/maple-leaf/images/spacer.gif HTTP/1.1" 200 43 "http://www.rpwoodwork.com/blog/tag/a-practical-tool-cabinet-series/" "Mozilla/5.0 (compatible; MSIE 10.0; Windows NT 6.2; WOW64; Trident/6.0; MALNJS)"
78.73.1.226 - - [15/Jun/2014:16:05:36 -0400] "GET /blog/wp-content/uploads/2012/01/img_0496_edited-2.jpg HTTP/1.1" 200 98996 "http://www.rpwoodwork.com/blog/tag/a-practical-tool-cabinet-series/" "Mozilla/5.0 (compatible; MSIE 10.0; Windows NT 6.2; WOW64; Trident/6.0; MALNJS)"
78.73.1.226 - - [15/Jun/2014:16:05:36 -0400] "GET /blog/wp-content/uploads/2012/01/img_0526_edited-2.jpg HTTP/1.1" 200 98084 "http://www.rpwoodwork.com/blog/tag/a-practical-tool-cabinet-series/" "Mozilla/5.0 (compatible; MSIE 10.0; Windows NT 6.2; WOW64; Trident/6.0; MALNJS)"
78.73.1.226 - - [15/Jun/2014:16:05:36 -0400] "GET /blog/wp-content/uploads/2012/01/img_0509_edited-2.jpg HTTP/1.1" 200 85805 "http://www.rpwoodwork.com/blog/tag/a-practical-tool-cabinet-series/" "Mozilla/5.0 (compatible; MSIE 10.0; Windows NT 6.2; WOW64; Trident/6.0; MALNJS)"
78.73.1.226 - - [15/Jun/2014:16:05:36 -0400] "GET /blog/wp-content/uploads/2012/01/img_0522_edited-2.jpg HTTP/1.1" 200 99481 "http://www.rpwoodwork.com/blog/tag/a-practical-tool-cabinet-series/" "Mozilla/5.0 (compatible; MSIE 10.0; Windows NT 6.2; WOW64; Trident/6.0; MALNJS)"
78.73.1.226 - - [15/Jun/2014:16:05:36 -0400] "GET /blog/wp-content/uploads/2012/01/img_0511_edited-2.jpg HTTP/1.1" 200 66020 "http://www.rpwoodwork.com/blog/tag/a-practical-tool-cabinet-series/" "Mozilla/5.0 (compatible; MSIE 10.0; Windows NT 6.2; WOW64; Trident/6.0; MALNJS)"
78.73.1.226 - - [15/Jun/2014:16:05:36 -0400] "GET /blog/wp-content/uploads/2012/01/img_0524_edited-2.jpg HTTP/1.1" 200 110652 "http://www.rpwoodwork.com/blog/tag/a-practical-tool-cabinet-series/" "Mozilla/5.0 (compatible; MSIE 10.0; Windows NT 6.2; WOW64; Trident/6.0; MALNJS)"
78.73.1.226 - - [15/Jun/2014:16:05:36 -0400] "GET /blog/wp-content/uploads/2012/01/img_0506_edited-2.jpg HTTP/1.1" 200 82688 "http://www.rpwoodwork.com/blog/tag/a-practical-tool-cabinet-series/" "Mozilla/5.0 (compatible; MSIE 10.0; Windows NT 6.2; WOW64; Trident/6.0; MALNJS)"
78.73.1.226 - - [15/Jun/2014:16:05:37 -0400] "GET /blog/wp-content/uploads/2012/01/img_0507_edited-2.jpg HTTP/1.1" 200 69955 "http://www.rpwoodwork.com/blog/tag/a-practical-tool-cabinet-series/" "Mozilla/5.0 (compatible; MSIE 10.0; Windows NT 6.2; WOW64; Trident/6.0; MALNJS)"
78.73.1.226 - - [15/Jun/2014:16:05:37 -0400] "GET /blog/wp-content/uploads/2012/01/img_0493_edited-2.jpg HTTP/1.1" 200 100947 "http://www.rpwoodwork.com/blog/tag/a-practical-tool-cabinet-series/" "Mozilla/5.0 (compatible; MSIE 10.0; Windows NT 6.2; WOW64; Trident/6.0; MALNJS)"
78.73.1.226 - - [15/Jun/2014:16:05:37 -0400] "GET /blog/wp-content/uploads/2012/01/img_0514_edited-2.jpg HTTP/1.1" 200 90608 "http://www.rpwoodwork.com/blog/tag/a-practical-tool-cabinet-series/" "Mozilla/5.0 (compatible; MSIE 10.0; Windows NT 6.2; WOW64; Trident/6.0; MALNJS)"
78.73.1.226 - - [15/Jun/2014:16:05:37 -0400] "GET /blog/wp-content/uploads/2012/01/img_0503_edited-2.jpg HTTP/1.1" 200 118258 "http://www.rpwoodwork.com/blog/tag/a-practical-tool-cabinet-series/" "Mozilla/5.0 (compatible; MSIE 10.0; Windows NT 6.2; WOW64; Trident/6.0; MALNJS)"
78.73.1.226 - - [15/Jun/2014:16:05:37 -0400] "GET /blog/wp-content/uploads/2012/01/img_0505_edited-2.jpg HTTP/1.1" 200 90409 "http://www.rpwoodwork.com/blog/tag/a-practical-tool-cabinet-series/" "Mozilla/5.0 (compatible; MSIE 10.0; Windows NT 6.2; WOW64; Trident/6.0; MALNJS)"
78.73.1.226 - - [15/Jun/2014:16:05:37 -0400] "GET /blog/wp-content/uploads/2012/01/img_0516_edited-2.jpg HTTP/1.1" 200 135199 "http://www.rpwoodwork.com/blog/tag/a-practical-tool-cabinet-series/" "Mozilla/5.0 (compatible; MSIE 10.0; Windows NT 6.2; WOW64; Trident/6.0; MALNJS)"
78.73.1.226 - - [15/Jun/2014:16:05:37 -0400] "GET /blog/wp-content/uploads/2012/01/img_0504_edited-2.jpg HTTP/1.1" 200 107443 "http://www.rpwoodwork.com/blog/tag/a-practical-tool-cabinet-series/" "Mozilla/5.0 (compatible; MSIE 10.0; Windows NT 6.2; WOW64; Trident/6.0; MALNJS)"
78.73.1.226 - - [15/Jun/2014:16:05:37 -0400] "GET /blog/wp-content/uploads/2012/01/img_0497_edited-2.jpg HTTP/1.1" 200 137686 "http://www.rpwoodwork.com/blog/tag/a-practical-tool-cabinet-series/" "Mozilla/5.0 (compatible; MSIE 10.0; Windows NT 6.2; WOW64; Trident/6.0; MALNJS)"
78.73.1.226 - - [15/Jun/2014:16:05:37 -0400] "GET /blog/wp-content/uploads/2012/01/img_0494_edited-2.jpg HTTP/1.1" 200 88308 "http://www.rpwoodwork.com/blog/tag/a-practical-tool-cabinet-series/" "Mozilla/5.0 (compatible; MSIE 10.0; Windows NT 6.2; WOW64; Trident/6.0; MALNJS)"
78.73.1.226 - - [15/Jun/2014:16:05:38 -0400] "GET /blog/wp-content/uploads/2012/01/img_0500_edited-2.jpg HTTP/1.1" 200 87676 "http://www.rpwoodwork.com/blog/tag/a-practical-tool-cabinet-series/" "Mozilla/5.0 (compatible; MSIE 10.0; Windows NT 6.2; WOW64; Trident/6.0; MALNJS)"
78.73.1.226 - - [15/Jun/2014:16:05:38 -0400] "GET /blog/wp-content/uploads/2012/01/img_0502_edited-2.jpg HTTP/1.1" 200 107481 "http://www.rpwoodwork.com/blog/tag/a-practical-tool-cabinet-series/" "Mozilla/5.0 (compatible; MSIE 10.0; Windows NT 6.2; WOW64; Trident/6.0; MALNJS)"
78.73.1.226 - - [15/Jun/2014:16:05:38 -0400] "GET /blog/wp-content/uploads/2012/01/img_0495_edited-2.jpg HTTP/1.1" 200 104878 "http://www.rpwoodwork.com/blog/tag/a-practical-tool-cabinet-series/" "Mozilla/5.0 (compatible; MSIE 10.0; Windows NT 6.2; WOW64; Trident/6.0; MALNJS)"
78.73.1.226 - - [15/Jun/2014:16:05:38 -0400] "GET /blog/wp-content/themes/maple-leaf/images/rss.jpg HTTP/1.1" 200 585 "http://www.rpwoodwork.com/blog/tag/a-practical-tool-cabinet-series/" "Mozilla/5.0 (compatible; MSIE 10.0; Windows NT 6.2; WOW64; Trident/6.0; MALNJS)"
78.73.1.226 - - [15/Jun/2014:16:05:38 -0400] "GET /blog/wp-content/themes/maple-leaf/images/bg_top.jpg HTTP/1.1" 200 78074 "http://www.rpwoodwork.com/blog/tag/a-practical-tool-cabinet-series/" "Mozilla/5.0 (compatible; MSIE 10.0; Windows NT 6.2; WOW64; Trident/6.0; MALNJS)"
78.73.1.226 - - [15/Jun/2014:16:05:38 -0400] "GET /blog/wp-content/themes/maple-leaf/images/bg_bottom_repeat.jpg HTTP/1.1" 200 411 "http://www.rpwoodwork.com/blog/tag/a-practical-tool-cabinet-series/" "Mozilla/5.0 (compatible; MSIE 10.0; Windows NT 6.2; WOW64; Trident/6.0; MALNJS)"
78.73.1.226 - - [15/Jun/2014:16:05:38 -0400] "GET /blog/wp-content/themes/maple-leaf/images/bg_repeat.png HTTP/1.1" 200 230 "http://www.rpwoodwork.com/blog/tag/a-practical-tool-cabinet-series/" "Mozilla/5.0 (compatible; MSIE 10.0; Windows NT 6.2; WOW64; Trident/6.0; MALNJS)"
78.73.1.226 - - [15/Jun/2014:16:05:38 -0400] "GET /blog/wp-content/themes/maple-leaf/images/menu_bg.jpg HTTP/1.1" 200 7818 "http://www.rpwoodwork.com/blog/tag/a-practical-tool-cabinet-series/" "Mozilla/5.0 (compatible; MSIE 10.0; Windows NT 6.2; WOW64; Trident/6.0; MALNJS)"
78.73.1.226 - - [15/Jun/2014:16:05:38 -0400] "GET /blog/wp-content/themes/maple-leaf/images/container_repeat.jpg HTTP/1.1" 200 1038 "http://www.rpwoodwork.com/blog/tag/a-practical-tool-cabinet-series/" "Mozilla/5.0 (compatible; MSIE 10.0; Windows NT 6.2; WOW64; Trident/6.0; MALNJS)"
78.73.1.226 - - [15/Jun/2014:16:05:39 -0400] "GET /blog/wp-content/themes/maple-leaf/images/header_bg.jpg HTTP/1.1" 200 57398 "http://www.rpwoodwork.com/blog/tag/a-practical-tool-cabinet-series/" "Mozilla/5.0 (compatible; MSIE 10.0; Windows NT 6.2; WOW64; Trident/6.0; MALNJS)"
78.73.1.226 - - [15/Jun/2014:16:05:38 -0400] "GET /blog/wp-content/themes/maple-leaf/images/sidebar_title.jpg HTTP/1.1" 200 1393 "http://www.rpwoodwork.com/blog/tag/a-practical-tool-cabinet-series/" "Mozilla/5.0 (compatible; MSIE 10.0; Windows NT 6.2; WOW64; Trident/6.0; MALNJS)"
78.73.1.226 - - [15/Jun/2014:16:05:39 -0400] "GET /blog/wp-content/themes/maple-leaf/images/sidebar_arrow.jpg HTTP/1.1" 200 446 "http://www.rpwoodwork.com/blog/tag/a-practical-tool-cabinet-series/" "Mozilla/5.0 (compatible; MSIE 10.0; Windows NT 6.2; WOW64; Trident/6.0; MALNJS)"
78.73.1.226 - - [15/Jun/2014:16:05:39 -0400] "GET /blog/wp-content/themes/maple-leaf/images/menu_separate.jpg HTTP/1.1" 200 362 "http://www.rpwoodwork.com/blog/tag/a-practical-tool-cabinet-series/" "Mozilla/5.0 (compatible; MSIE 10.0; Windows NT 6.2; WOW64; Trident/6.0; MALNJS)"
78.73.1.226 - - [15/Jun/2014:16:05:38 -0400] "GET /blog/wp-content/themes/maple-leaf/images/category.jpg HTTP/1.1" 200 523 "http://www.rpwoodwork.com/blog/tag/a-practical-tool-cabinet-series/" "Mozilla/5.0 (compatible; MSIE 10.0; Windows NT 6.2; WOW64; Trident/6.0; MALNJS)"
78.73.1.226 - - [15/Jun/2014:16:05:39 -0400] "GET /blog/wp-content/themes/maple-leaf/images/tags.jpg HTTP/1.1" 200 497 "http://www.rpwoodwork.com/blog/tag/a-practical-tool-cabinet-series/" "Mozilla/5.0 (compatible; MSIE 10.0; Windows NT 6.2; WOW64; Trident/6.0; MALNJS)"
78.73.1.226 - - [15/Jun/2014:16:05:39 -0400] "GET /blog/wp-content/themes/maple-leaf/images/bubble.jpg HTTP/1.1" 200 525 "http://www.rpwoodwork.com/blog/tag/a-practical-tool-cabinet-series/" "Mozilla/5.0 (compatible; MSIE 10.0; Windows NT 6.2; WOW64; Trident/6.0; MALNJS)"
78.73.1.226 - - [15/Jun/2014:16:05:39 -0400] "GET /blog/wp-content/themes/maple-leaf/images/line.jpg HTTP/1.1" 200 362 "http://www.rpwoodwork.com/blog/tag/a-practical-tool-cabinet-series/" "Mozilla/5.0 (compatible; MSIE 10.0; Windows NT 6.2; WOW64; Trident/6.0; MALNJS)"
78.73.1.226 - - [15/Jun/2014:16:05:39 -0400] "GET /blog/wp-content/themes/maple-leaf/images/footer_bg.jpg HTTP/1.1" 200 596 "http://www.rpwoodwork.com/blog/tag/a-practical-tool-cabinet-series/" "Mozilla/5.0 (compatible; MSIE 10.0; Windows NT 6.2; WOW64; Trident/6.0; MALNJS)"
78.73.1.226 - - [15/Jun/2014:16:05:19 -0400] "GET /favicon.ico HTTP/1.1" 404 575 "-" "Mozilla/5.0 (compatible; MSIE 10.0; Windows NT 6.2; Win64; x64; Trident/6.0; MALNJS)"
162.243.202.33 - - [15/Jun/2014:16:06:06 -0400] "GET /blog/feed/ HTTP/1.1" 200 46223 "-" "Feedbin - 5 subscribers"
198.58.102.155 - - [15/Jun/2014:16:06:13 -0400] "GET /blog/feed/atom/ HTTP/1.1" 304 - "-" "Superfeedr bot/2.0 http://superfeedr.com - Make your feeds realtime: get in touch!"
94.23.13.207 - - [15/Jun/2014:16:06:26 -0400] "GET /blog/feed/ HTTP/1.1" 304 - "-" "FeedHQ/0.2 (https://github.com/feedhq/feedhq; 1 subscriber; https://github.com/feedhq/feedhq/wiki/fetcher; like FeedFetcher-Google)"
94.111.91.17 - - [15/Jun/2014:16:06:44 -0400] "GET /blog/wp-content/uploads/2011/11/img_0425_edited-2.jpg HTTP/1.1" 200 95157 "-" "Mozilla/5.0 (Macintosh; Intel Mac OS X 10_8_5) AppleWebKit/537.76.4 (KHTML, like Gecko) Version/6.1.4 Safari/537.76.4"
80.147.41.122 - - [15/Jun/2014:16:07:19 -0400] "GET /favicon.ico HTTP/1.1" 404 575 "http://accidentalwoodworker.blogspot.co.uk/2012/10/experimenting-with-pin-sawing.html" "Mozilla/5.0 (iPad; CPU OS 6_1_3 like Mac OS X) AppleWebKit/536.26 (KHTML, like Gecko) Version/6.0 Mobile/10B329 Safari/8536.25"
209.99.207.51 - - [15/Jun/2014:16:08:05 -0400] "GET /blog/feed/ HTTP/1.1" 304 - "-" "Mozilla/5.0 (X11; Linux x86_64; rv:24.0) Gecko/20100101 Icedove/24.4.0 Lightning/2.6.5"
91.54.159.181 - - [15/Jun/2014:16:08:30 -0400] "GET /blog/ HTTP/1.1" 200 76457 "-" "Mozilla/5.0 (Windows NT 6.1; WOW64) AppleWebKit/537.36 (KHTML, like Gecko) Chrome/29.0.1547.76 Safari/537.36"
91.54.159.181 - - [15/Jun/2014:16:08:33 -0400] "GET /blog/wp-content/uploads/2014/05/IMG_2000_edited-2.jpg HTTP/1.1" 200 80704 "http://www.rpwoodwork.com/blog/" "Mozilla/5.0 (Windows NT 6.1; WOW64) AppleWebKit/537.36 (KHTML, like Gecko) Chrome/29.0.1547.76 Safari/537.36"
91.54.159.181 - - [15/Jun/2014:16:08:33 -0400] "GET /blog/wp-content/uploads/2014/05/IMG_2005_edited-2.jpg HTTP/1.1" 200 80767 "http://www.rpwoodwork.com/blog/" "Mozilla/5.0 (Windows NT 6.1; WOW64) AppleWebKit/537.36 (KHTML, like Gecko) Chrome/29.0.1547.76 Safari/537.36"
91.54.159.181 - - [15/Jun/2014:16:08:33 -0400] "GET /blog/wp-content/uploads/2014/04/IMG_1218_edited-2.jpg HTTP/1.1" 200 65064 "http://www.rpwoodwork.com/blog/" "Mozilla/5.0 (Windows NT 6.1; WOW64) AppleWebKit/537.36 (KHTML, like Gecko) Chrome/29.0.1547.76 Safari/537.36"
91.54.159.181 - - [15/Jun/2014:16:08:33 -0400] "GET /blog/wp-content/uploads/2014/04/IMG_1216_edited-3.jpg HTTP/1.1" 200 98760 "http://www.rpwoodwork.com/blog/" "Mozilla/5.0 (Windows NT 6.1; WOW64) AppleWebKit/537.36 (KHTML, like Gecko) Chrome/29.0.1547.76 Safari/537.36"
91.54.159.181 - - [15/Jun/2014:16:08:33 -0400] "GET /blog/wp-content/uploads/2014/04/IMG_1219_edited-2.jpg HTTP/1.1" 200 74402 "http://www.rpwoodwork.com/blog/" "Mozilla/5.0 (Windows NT 6.1; WOW64) AppleWebKit/537.36 (KHTML, like Gecko) Chrome/29.0.1547.76 Safari/537.36"
91.54.159.181 - - [15/Jun/2014:16:08:33 -0400] "GET /blog/wp-content/uploads/2014/04/IMG_1234_edited-2.jpg HTTP/1.1" 200 90937 "http://www.rpwoodwork.com/blog/" "Mozilla/5.0 (Windows NT 6.1; WOW64) AppleWebKit/537.36 (KHTML, like Gecko) Chrome/29.0.1547.76 Safari/537.36"
91.54.159.181 - - [15/Jun/2014:16:08:34 -0400] "GET /blog/wp-content/uploads/2014/04/IMG_1235_edited-2.jpg HTTP/1.1" 200 84066 "http://www.rpwoodwork.com/blog/" "Mozilla/5.0 (Windows NT 6.1; WOW64) AppleWebKit/537.36 (KHTML, like Gecko) Chrome/29.0.1547.76 Safari/537.36"
91.54.159.181 - - [15/Jun/2014:16:08:35 -0400] "GET /blog/wp-content/uploads/2014/04/IMG_1236_edited-2.jpg HTTP/1.1" 200 86791 "http://www.rpwoodwork.com/blog/" "Mozilla/5.0 (Windows NT 6.1; WOW64) AppleWebKit/537.36 (KHTML, like Gecko) Chrome/29.0.1547.76 Safari/537.36"
91.54.159.181 - - [15/Jun/2014:16:08:35 -0400] "GET /blog/wp-content/uploads/2014/04/IMG_1210_edited-2.jpg HTTP/1.1" 200 82942 "http://www.rpwoodwork.com/blog/" "Mozilla/5.0 (Windows NT 6.1; WOW64) AppleWebKit/537.36 (KHTML, like Gecko) Chrome/29.0.1547.76 Safari/537.36"
91.54.159.181 - - [15/Jun/2014:16:08:35 -0400] "GET /blog/wp-content/uploads/2014/04/IMG_1210_edited-3.jpg HTTP/1.1" 200 88268 "http://www.rpwoodwork.com/blog/" "Mozilla/5.0 (Windows NT 6.1; WOW64) AppleWebKit/537.36 (KHTML, like Gecko) Chrome/29.0.1547.76 Safari/537.36"
91.54.159.181 - - [15/Jun/2014:16:08:35 -0400] "GET /blog/wp-content/uploads/2014/04/IMG_1202_edited-2.jpg HTTP/1.1" 200 76679 "http://www.rpwoodwork.com/blog/" "Mozilla/5.0 (Windows NT 6.1; WOW64) AppleWebKit/537.36 (KHTML, like Gecko) Chrome/29.0.1547.76 Safari/537.36"
91.54.159.181 - - [15/Jun/2014:16:08:38 -0400] "GET /blog/wp-content/uploads/2014/04/IMG_1211_edited-2.jpg HTTP/1.1" 200 76623 "http://www.rpwoodwork.com/blog/" "Mozilla/5.0 (Windows NT 6.1; WOW64) AppleWebKit/537.36 (KHTML, like Gecko) Chrome/29.0.1547.76 Safari/537.36"
91.54.159.181 - - [15/Jun/2014:16:08:38 -0400] "GET /blog/wp-content/uploads/2014/04/IMG_1212_edited-2.jpg HTTP/1.1" 200 90208 "http://www.rpwoodwork.com/blog/" "Mozilla/5.0 (Windows NT 6.1; WOW64) AppleWebKit/537.36 (KHTML, like Gecko) Chrome/29.0.1547.76 Safari/537.36"
91.54.159.181 - - [15/Jun/2014:16:08:38 -0400] "GET /blog/wp-content/uploads/2014/04/IMG_1205_edited-2.jpg HTTP/1.1" 200 108254 "http://www.rpwoodwork.com/blog/" "Mozilla/5.0 (Windows NT 6.1; WOW64) AppleWebKit/537.36 (KHTML, like Gecko) Chrome/29.0.1547.76 Safari/537.36"
91.54.159.181 - - [15/Jun/2014:16:08:41 -0400] "GET /favicon.ico HTTP/1.1" 404 575 "-" "Mozilla/5.0 (Windows NT 6.1; WOW64) AppleWebKit/537.36 (KHTML, like Gecko) Chrome/29.0.1547.76 Safari/537.36"
66.249.67.141 - - [15/Jun/2014:16:08:41 -0400] "GET /blog/2012/06/18/do-you-believe-in-magic/feed/ HTTP/1.1" 200 4523 "-" "Mozilla/5.0 (compatible; Googlebot/2.1; +http://www.google.com/bot.html)"
91.54.159.181 - - [15/Jun/2014:16:08:41 -0400] "GET /blog/category/wood/ HTTP/1.1" 200 75351 "http://www.rpwoodwork.com/blog/" "Mozilla/5.0 (Windows NT 6.1; WOW64) AppleWebKit/537.36 (KHTML, like Gecko) Chrome/29.0.1547.76 Safari/537.36"
91.54.159.181 - - [15/Jun/2014:16:07:55 -0400] "GET /blog/wp-content/uploads/2014/01/IMG_1170_edited-2.jpg HTTP/1.1" 200 94780 "http://www.rpwoodwork.com/blog/category/wood/" "Mozilla/5.0 (Windows NT 6.1; WOW64) AppleWebKit/537.36 (KHTML, like Gecko) Chrome/29.0.1547.76 Safari/537.36"
91.54.159.181 - - [15/Jun/2014:16:08:43 -0400] "GET /blog/wp-content/uploads/2013/07/IMG_0400_edited-2.jpg HTTP/1.1" 200 81071 "http://www.rpwoodwork.com/blog/category/wood/" "Mozilla/5.0 (Windows NT 6.1; WOW64) AppleWebKit/537.36 (KHTML, like Gecko) Chrome/29.0.1547.76 Safari/537.36"
91.54.159.181 - - [15/Jun/2014:16:08:44 -0400] "GET /blog/wp-content/uploads/2013/07/IMG_0402_edited-2.jpg HTTP/1.1" 200 114581 "http://www.rpwoodwork.com/blog/category/wood/" "Mozilla/5.0 (Windows NT 6.1; WOW64) AppleWebKit/537.36 (KHTML, like Gecko) Chrome/29.0.1547.76 Safari/537.36"
91.54.159.181 - - [15/Jun/2014:16:08:44 -0400] "GET /blog/wp-content/uploads/2013/06/IMG_1087_edited-2.jpg HTTP/1.1" 200 75453 "http://www.rpwoodwork.com/blog/category/wood/" "Mozilla/5.0 (Windows NT 6.1; WOW64) AppleWebKit/537.36 (KHTML, like Gecko) Chrome/29.0.1547.76 Safari/537.36"
91.54.159.181 - - [15/Jun/2014:16:08:44 -0400] "GET /blog/wp-content/uploads/2013/06/IMG_1089_edited-2.jpg HTTP/1.1" 200 61354 "http://www.rpwoodwork.com/blog/category/wood/" "Mozilla/5.0 (Windows NT 6.1; WOW64) AppleWebKit/537.36 (KHTML, like Gecko) Chrome/29.0.1547.76 Safari/537.36"
91.54.159.181 - - [15/Jun/2014:16:08:44 -0400] "GET /blog/wp-content/uploads/2013/05/IMG_1085_edited-2.jpg HTTP/1.1" 200 76254 "http://www.rpwoodwork.com/blog/category/wood/" "Mozilla/5.0 (Windows NT 6.1; WOW64) AppleWebKit/537.36 (KHTML, like Gecko) Chrome/29.0.1547.76 Safari/537.36"
180.76.5.173 - - [15/Jun/2014:16:08:44 -0400] "GET /blog/2010/09/09/thank-you/ HTTP/1.1" 200 32833 "-" "Mozilla/5.0 (compatible; Baiduspider/2.0; +http://www.baidu.com/search/spider.html)"
91.54.159.181 - - [15/Jun/2014:16:08:45 -0400] "GET /blog/wp-content/uploads/2013/05/IMG_1083_edited-2.jpg HTTP/1.1" 200 73389 "http://www.rpwoodwork.com/blog/category/wood/" "Mozilla/5.0 (Windows NT 6.1; WOW64) AppleWebKit/537.36 (KHTML, like Gecko) Chrome/29.0.1547.76 Safari/537.36"
91.54.159.181 - - [15/Jun/2014:16:08:45 -0400] "GET /blog/wp-content/uploads/2013/05/IMG_1081_edited-2.jpg HTTP/1.1" 200 93146 "http://www.rpwoodwork.com/blog/category/wood/" "Mozilla/5.0 (Windows NT 6.1; WOW64) AppleWebKit/537.36 (KHTML, like Gecko) Chrome/29.0.1547.76 Safari/537.36"
91.54.159.181 - - [15/Jun/2014:16:08:46 -0400] "GET /blog/wp-content/uploads/2013/05/IMG_1082_edited-2.jpg HTTP/1.1" 200 83681 "http://www.rpwoodwork.com/blog/category/wood/" "Mozilla/5.0 (Windows NT 6.1; WOW64) AppleWebKit/537.36 (KHTML, like Gecko) Chrome/29.0.1547.76 Safari/537.36"
91.54.159.181 - - [15/Jun/2014:16:07:57 -0400] "GET /blog/wp-content/uploads/2013/05/IMG_1084_edited-2.jpg HTTP/1.1" 200 75445 "http://www.rpwoodwork.com/blog/category/wood/" "Mozilla/5.0 (Windows NT 6.1; WOW64) AppleWebKit/537.36 (KHTML, like Gecko) Chrome/29.0.1547.76 Safari/537.36"
91.54.159.181 - - [15/Jun/2014:16:08:46 -0400] "GET /blog/wp-content/uploads/2013/05/IMG_1074_edited-2.jpg HTTP/1.1" 200 89125 "http://www.rpwoodwork.com/blog/category/wood/" "Mozilla/5.0 (Windows NT 6.1; WOW64) AppleWebKit/537.36 (KHTML, like Gecko) Chrome/29.0.1547.76 Safari/537.36"
91.54.159.181 - - [15/Jun/2014:16:08:48 -0400] "GET /blog/wp-content/uploads/2013/05/IMG_1078_edited-2.jpg HTTP/1.1" 200 75440 "http://www.rpwoodwork.com/blog/category/wood/" "Mozilla/5.0 (Windows NT 6.1; WOW64) AppleWebKit/537.36 (KHTML, like Gecko) Chrome/29.0.1547.76 Safari/537.36"
91.54.159.181 - - [15/Jun/2014:16:08:48 -0400] "GET /blog/wp-content/uploads/2013/01/IMG_0919_edited-2.jpg HTTP/1.1" 200 67824 "http://www.rpwoodwork.com/blog/category/wood/" "Mozilla/5.0 (Windows NT 6.1; WOW64) AppleWebKit/537.36 (KHTML, like Gecko) Chrome/29.0.1547.76 Safari/537.36"
91.54.159.181 - - [15/Jun/2014:16:08:48 -0400] "GET /blog/wp-content/uploads/2013/01/IMG_0921_edited-2.jpg HTTP/1.1" 200 92443 "http://www.rpwoodwork.com/blog/category/wood/" "Mozilla/5.0 (Windows NT 6.1; WOW64) AppleWebKit/537.36 (KHTML, like Gecko) Chrome/29.0.1547.76 Safari/537.36"
91.54.159.181 - - [15/Jun/2014:16:08:28 -0400] "GET /blog/wp-content/uploads/2013/01/IMG_0924_edited-2.jpg HTTP/1.1" 200 84000 "http://www.rpwoodwork.com/blog/category/wood/" "Mozilla/5.0 (Windows NT 6.1; WOW64) AppleWebKit/537.36 (KHTML, like Gecko) Chrome/29.0.1547.76 Safari/537.36"
91.54.159.181 - - [15/Jun/2014:16:08:48 -0400] "GET /blog/wp-content/uploads/2013/05/IMG_1077_edited-2.jpg HTTP/1.1" 200 95708 "http://www.rpwoodwork.com/blog/category/wood/" "Mozilla/5.0 (Windows NT 6.1; WOW64) AppleWebKit/537.36 (KHTML, like Gecko) Chrome/29.0.1547.76 Safari/537.36"
91.54.159.181 - - [15/Jun/2014:16:08:49 -0400] "GET /blog/wp-content/uploads/2013/01/IMG_0932_edited-2.jpg HTTP/1.1" 200 83836 "http://www.rpwoodwork.com/blog/category/wood/" "Mozilla/5.0 (Windows NT 6.1; WOW64) AppleWebKit/537.36 (KHTML, like Gecko) Chrome/29.0.1547.76 Safari/537.36"
91.54.159.181 - - [15/Jun/2014:16:08:18 -0400] "GET /blog/wp-content/uploads/2013/01/IMG_0942_edited-2.jpg HTTP/1.1" 200 83730 "http://www.rpwoodwork.com/blog/category/wood/" "Mozilla/5.0 (Windows NT 6.1; WOW64) AppleWebKit/537.36 (KHTML, like Gecko) Chrome/29.0.1547.76 Safari/537.36"
91.54.159.181 - - [15/Jun/2014:16:08:50 -0400] "GET /blog/wp-content/uploads/2011/07/img_0280_edited-2.jpg HTTP/1.1" 200 86802 "http://www.rpwoodwork.com/blog/category/wood/" "Mozilla/5.0 (Windows NT 6.1; WOW64) AppleWebKit/537.36 (KHTML, like Gecko) Chrome/29.0.1547.76 Safari/537.36"
91.54.159.181 - - [15/Jun/2014:16:08:30 -0400] "GET /blog/wp-content/uploads/2011/07/img_0278_edited-2.jpg HTTP/1.1" 200 58074 "http://www.rpwoodwork.com/blog/category/wood/" "Mozilla/5.0 (Windows NT 6.1; WOW64) AppleWebKit/537.36 (KHTML, like Gecko) Chrome/29.0.1547.76 Safari/537.36"
91.54.159.181 - - [15/Jun/2014:16:08:51 -0400] "GET /blog/wp-content/uploads/2011/07/img_0285_edited-2.jpg HTTP/1.1" 200 64211 "http://www.rpwoodwork.com/blog/category/wood/" "Mozilla/5.0 (Windows NT 6.1; WOW64) AppleWebKit/537.36 (KHTML, like Gecko) Chrome/29.0.1547.76 Safari/537.36"
91.54.159.181 - - [15/Jun/2014:16:08:31 -0400] "GET /blog/wp-content/uploads/2011/07/img_0277_edited-2.jpg HTTP/1.1" 200 69049 "http://www.rpwoodwork.com/blog/category/wood/" "Mozilla/5.0 (Windows NT 6.1; WOW64) AppleWebKit/537.36 (KHTML, like Gecko) Chrome/29.0.1547.76 Safari/537.36"
91.54.159.181 - - [15/Jun/2014:16:08:51 -0400] "GET /blog/wp-content/uploads/2011/07/img_0282_edited-2.jpg HTTP/1.1" 200 86204 "http://www.rpwoodwork.com/blog/category/wood/" "Mozilla/5.0 (Windows NT 6.1; WOW64) AppleWebKit/537.36 (KHTML, like Gecko) Chrome/29.0.1547.76 Safari/537.36"
91.54.159.181 - - [15/Jun/2014:16:08:51 -0400] "GET /blog/wp-content/uploads/2011/06/img_0243_edited-2.jpg HTTP/1.1" 200 87361 "http://www.rpwoodwork.com/blog/category/wood/" "Mozilla/5.0 (Windows NT 6.1; WOW64) AppleWebKit/537.36 (KHTML, like Gecko) Chrome/29.0.1547.76 Safari/537.36"
91.54.159.181 - - [15/Jun/2014:16:08:51 -0400] "GET /blog/wp-content/uploads/2011/06/img_0250_edited-2.jpg HTTP/1.1" 200 103967 "http://www.rpwoodwork.com/blog/category/wood/" "Mozilla/5.0 (Windows NT 6.1; WOW64) AppleWebKit/537.36 (KHTML, like Gecko) Chrome/29.0.1547.76 Safari/537.36"
91.54.159.181 - - [15/Jun/2014:16:08:32 -0400] "GET /blog/wp-content/uploads/2011/06/img_0235_edited-2.jpg HTTP/1.1" 200 88657 "http://www.rpwoodwork.com/blog/category/wood/" "Mozilla/5.0 (Windows NT 6.1; WOW64) AppleWebKit/537.36 (KHTML, like Gecko) Chrome/29.0.1547.76 Safari/537.36"
91.54.159.181 - - [15/Jun/2014:16:08:52 -0400] "GET /blog/wp-content/uploads/2011/06/img_0236_edited-2.jpg HTTP/1.1" 200 79817 "http://www.rpwoodwork.com/blog/category/wood/" "Mozilla/5.0 (Windows NT 6.1; WOW64) AppleWebKit/537.36 (KHTML, like Gecko) Chrome/29.0.1547.76 Safari/537.36"
91.54.159.181 - - [15/Jun/2014:16:08:53 -0400] "GET /blog/wp-content/uploads/2011/06/img_0254_edited-2.jpg HTTP/1.1" 200 101728 "http://www.rpwoodwork.com/blog/category/wood/" "Mozilla/5.0 (Windows NT 6.1; WOW64) AppleWebKit/537.36 (KHTML, like Gecko) Chrome/29.0.1547.76 Safari/537.36"
91.54.159.181 - - [15/Jun/2014:16:08:33 -0400] "GET /blog/wp-content/uploads/2011/06/img_0246_edited-2.jpg HTTP/1.1" 200 66680 "http://www.rpwoodwork.com/blog/category/wood/" "Mozilla/5.0 (Windows NT 6.1; WOW64) AppleWebKit/537.36 (KHTML, like Gecko) Chrome/29.0.1547.76 Safari/537.36"
91.54.159.181 - - [15/Jun/2014:16:08:54 -0400] "GET /blog/wp-content/uploads/2011/06/img_0240_edited-2.jpg HTTP/1.1" 200 93498 "http://www.rpwoodwork.com/blog/category/wood/" "Mozilla/5.0 (Windows NT 6.1; WOW64) AppleWebKit/537.36 (KHTML, like Gecko) Chrome/29.0.1547.76 Safari/537.36"
91.54.159.181 - - [15/Jun/2014:16:09:09 -0400] "GET /blog/category/techniques/ HTTP/1.1" 200 73523 "http://www.rpwoodwork.com/blog/category/wood/" "Mozilla/5.0 (Windows NT 6.1; WOW64) AppleWebKit/537.36 (KHTML, like Gecko) Chrome/29.0.1547.76 Safari/537.36"
187.164.86.168 - - [15/Jun/2014:16:09:19 -0400] "GET /favicon.ico HTTP/1.1" 404 575 "http://www.woodworkers-online.com/2011/02/easy-to-build-continuous-motion-treadle.html" "Mozilla/5.0 (Windows NT 6.2; WOW64) AppleWebKit/537.36 (KHTML, like Gecko) Chrome/35.0.1916.153 Safari/537.36"
91.54.159.181 - - [15/Jun/2014:16:09:34 -0400] "GET /blog/category/techniques/ HTTP/1.1" 200 73523 "http://www.rpwoodwork.com/blog/category/wood/" "Mozilla/5.0 (Windows NT 6.1; WOW64) AppleWebKit/537.36 (KHTML, like Gecko) Chrome/29.0.1547.76 Safari/537.36"
188.99.77.217 - - [15/Jun/2014:16:09:36 -0400] "GET /blog/feed/atom/ HTTP/1.1" 304 - "-" "Mozilla/5.0 (Macintosh; Intel Mac OS X 10.9; rv:24.0) Gecko/20100101 Thunderbird/24.6.0"
91.54.159.181 - - [15/Jun/2014:16:09:47 -0400] "GET /blog/2014/04/02/shooting-long-grain/ HTTP/1.1" 200 29125 "http://www.rpwoodwork.com/blog/category/techniques/" "Mozilla/5.0 (Windows NT 6.1; WOW64) AppleWebKit/537.36 (KHTML, like Gecko) Chrome/29.0.1547.76 Safari/537.36"
91.49.219.214 - - [15/Jun/2014:16:09:53 -0400] "GET /blog/wp-content/uploads/2009/11/img_0983_edited-2.jpg HTTP/1.1" 200 110302 "http://www.ukworkshop.co.uk/forums/new-japanese-chisel-bargain-t40273.html" "Mozilla/5.0 (Windows NT 6.1; rv:30.0) Gecko/20100101 Firefox/30.0"
91.54.159.181 - - [15/Jun/2014:16:09:53 -0400] "GET /blog/2014/03/21/photography-seeing-and-woodworking/ HTTP/1.1" 200 28978 "http://www.rpwoodwork.com/blog/2014/04/02/shooting-long-grain/" "Mozilla/5.0 (Windows NT 6.1; WOW64) AppleWebKit/537.36 (KHTML, like Gecko) Chrome/29.0.1547.76 Safari/537.36"
91.54.159.181 - - [15/Jun/2014:16:10:05 -0400] "GET /blog/2014/04/22/tools-for-curves-team/ HTTP/1.1" 200 32226 "http://www.rpwoodwork.com/blog/2014/04/02/shooting-long-grain/" "Mozilla/5.0 (Windows NT 6.1; WOW64) AppleWebKit/537.36 (KHTML, like Gecko) Chrome/29.0.1547.76 Safari/537.36"
91.54.159.181 - - [15/Jun/2014:16:10:04 -0400] "GET /blog/wp-content/plugins/akismet/_inc/form.js?ver=3.0.0 HTTP/1.1" 200 411 "http://www.rpwoodwork.com/blog/2014/04/22/tools-for-curves-team/" "Mozilla/5.0 (Windows NT 6.1; WOW64) AppleWebKit/537.36 (KHTML, like Gecko) Chrome/29.0.1547.76 Safari/537.36"
91.54.159.181 - - [15/Jun/2014:16:10:08 -0400] "GET /blog/wp-includes/js/jquery/jquery-migrate.min.js?ver=1.2.1 HTTP/1.1" 200 7200 "http://www.rpwoodwork.com/blog/2014/04/22/tools-for-curves-team/" "Mozilla/5.0 (Windows NT 6.1; WOW64) AppleWebKit/537.36 (KHTML, like Gecko) Chrome/29.0.1547.76 Safari/537.36"
91.54.159.181 - - [15/Jun/2014:16:10:08 -0400] "GET /blog/wp-includes/js/jquery/jquery.js?ver=1.11.0 HTTP/1.1" 200 96402 "http://www.rpwoodwork.com/blog/2014/04/22/tools-for-curves-team/" "Mozilla/5.0 (Windows NT 6.1; WOW64) AppleWebKit/537.36 (KHTML, like Gecko) Chrome/29.0.1547.76 Safari/537.36"
66.249.67.24 - - [15/Jun/2014:16:10:21 -0400] "GET /blog/feed/atom HTTP/1.1" 301 - "-" "Mozilla/5.0 (compatible; Googlebot/2.1; +http://www.google.com/bot.html)"
66.249.67.141 - - [15/Jun/2014:16:10:22 -0400] "GET /blog/feed/atom/ HTTP/1.1" 304 - "-" "Mozilla/5.0 (compatible; Googlebot/2.1; +http://www.google.com/bot.html)"
91.54.159.181 - - [15/Jun/2014:16:10:24 -0400] "GET /blog/2014/05/11/three-practical-tips-for-shooting/ HTTP/1.1" 200 31372 "http://www.rpwoodwork.com/blog/2014/04/02/shooting-long-grain/" "Mozilla/5.0 (Windows NT 6.1; WOW64) AppleWebKit/537.36 (KHTML, like Gecko) Chrome/29.0.1547.76 Safari/537.36"
108.166.190.195 - - [15/Jun/2014:16:10:31 -0400] "GET /blog/feed/atom/ HTTP/1.1" 304 - "http://www.rpwoodwork.com/blog/feed/atom/" "Tiny Tiny RSS/1.12 (http://tt-rss.org/)"
76.187.130.209 - - [15/Jun/2014:16:10:49 -0400] "GET /favicon.ico HTTP/1.1" 404 575 "-" "Mozilla/5.0 (Linux; Android 4.4.2; en-us; SAMSUNG-SGH-I337 Build/KOT49H) AppleWebKit/537.36 (KHTML, like Gecko) Version/1.5 Chrome/28.0.1500.94 Mobile Safari/537.36"
91.54.159.181 - - [15/Jun/2014:16:11:04 -0400] "GET /blog.html HTTP/1.1" 200 9910 "-" "Mozilla/5.0 (Windows NT 6.1; WOW64) AppleWebKit/537.36 (KHTML, like Gecko) Chrome/29.0.1547.76 Safari/537.36"
91.54.159.181 - - [15/Jun/2014:16:11:04 -0400] "GET /scripts/ic_globals_published.js HTTP/1.1" 200 566 "http://www.rpwoodwork.com/blog.html" "Mozilla/5.0 (Windows NT 6.1; WOW64) AppleWebKit/537.36 (KHTML, like Gecko) Chrome/29.0.1547.76 Safari/537.36"
91.54.159.181 - - [15/Jun/2014:16:10:44 -0400] "GET /scripts/user.js HTTP/1.1" 200 23762 "http://www.rpwoodwork.com/blog.html" "Mozilla/5.0 (Windows NT 6.1; WOW64) AppleWebKit/537.36 (KHTML, like Gecko) Chrome/29.0.1547.76 Safari/537.36"
91.54.159.181 - - [15/Jun/2014:16:11:04 -0400] "GET /scripts/photoalbum.js HTTP/1.1" 200 62481 "http://www.rpwoodwork.com/blog.html" "Mozilla/5.0 (Windows NT 6.1; WOW64) AppleWebKit/537.36 (KHTML, like Gecko) Chrome/29.0.1547.76 Safari/537.36"
91.54.159.181 - - [15/Jun/2014:16:11:04 -0400] "GET /scripts/template.css HTTP/1.1" 200 12058 "http://www.rpwoodwork.com/blog.html" "Mozilla/5.0 (Windows NT 6.1; WOW64) AppleWebKit/537.36 (KHTML, like Gecko) Chrome/29.0.1547.76 Safari/537.36"
91.54.159.181 - - [15/Jun/2014:16:11:04 -0400] "GET /scripts/website.css HTTP/1.1" 200 1724 "http://www.rpwoodwork.com/blog.html" "Mozilla/5.0 (Windows NT 6.1; WOW64) AppleWebKit/537.36 (KHTML, like Gecko) Chrome/29.0.1547.76 Safari/537.36"
91.54.159.181 - - [15/Jun/2014:16:11:04 -0400] "GET /scripts/icwebsiteelement.css HTTP/1.1" 200 8132 "http://www.rpwoodwork.com/blog.html" "Mozilla/5.0 (Windows NT 6.1; WOW64) AppleWebKit/537.36 (KHTML, like Gecko) Chrome/29.0.1547.76 Safari/537.36"
91.54.159.181 - - [15/Jun/2014:16:10:44 -0400] "GET /scripts/14custom.css HTTP/1.1" 200 1141 "http://www.rpwoodwork.com/blog.html" "Mozilla/5.0 (Windows NT 6.1; WOW64) AppleWebKit/537.36 (KHTML, like Gecko) Chrome/29.0.1547.76 Safari/537.36"
91.54.159.181 - - [15/Jun/2014:16:11:05 -0400] "GET /scripts/print.css HTTP/1.1" 200 12355 "http://www.rpwoodwork.com/blog.html" "Mozilla/5.0 (Windows NT 6.1; WOW64) AppleWebKit/537.36 (KHTML, like Gecko) Chrome/29.0.1547.76 Safari/537.36"
91.54.159.181 - - [15/Jun/2014:16:11:05 -0400] "GET /images/ic_059_navtopper_bg.png HTTP/1.1" 200 1365 "http://www.rpwoodwork.com/blog.html" "Mozilla/5.0 (Windows NT 6.1; WOW64) AppleWebKit/537.36 (KHTML, like Gecko) Chrome/29.0.1547.76 Safari/537.36"
