96.54.225.7 - - [15/Jun/2014:01:37:46 -0400] "GET /blog/wp-content/uploads/2011/03/img_0177_edited-2.jpg HTTP/1.1" 200 99849 "http://www.rpwoodwork.com/blog/2011/03/" "Mozilla/5.0 (X11; Linux i686; rv:20.0) Gecko/20100101 Firefox/20.0 SeaMonkey/2.17.1"
96.54.225.7 - - [15/Jun/2014:01:37:46 -0400] "GET /blog/wp-content/uploads/2011/03/img_0203_edited-2.jpg HTTP/1.1" 200 60308 "http://www.rpwoodwork.com/blog/2011/03/" "Mozilla/5.0 (X11; Linux i686; rv:20.0) Gecko/20100101 Firefox/20.0 SeaMonkey/2.17.1"
96.54.225.7 - - [15/Jun/2014:01:37:16 -0400] "GET /blog/wp-content/uploads/2011/03/img_0151_edited-2.jpg HTTP/1.1" 200 61188 "http://www.rpwoodwork.com/blog/2011/03/" "Mozilla/5.0 (X11; Linux i686; rv:20.0) Gecko/20100101 Firefox/20.0 SeaMonkey/2.17.1"
96.54.225.7 - - [15/Jun/2014:01:37:47 -0400] "GET /blog/wp-content/uploads/2011/03/img_0190-1_edited-2.jpg HTTP/1.1" 200 59308 "http://www.rpwoodwork.com/blog/2011/03/" "Mozilla/5.0 (X11; Linux i686; rv:20.0) Gecko/20100101 Firefox/20.0 SeaMonkey/2.17.1"
96.54.225.7 - - [15/Jun/2014:01:37:47 -0400] "GET /blog/wp-content/uploads/2011/03/img_0176_edited-2.jpg HTTP/1.1" 200 82242 "http://www.rpwoodwork.com/blog/2011/03/" "Mozilla/5.0 (X11; Linux i686; rv:20.0) Gecko/20100101 Firefox/20.0 SeaMonkey/2.17.1"
96.54.225.7 - - [15/Jun/2014:01:37:46 -0400] "GET /blog/wp-content/uploads/2011/03/img_0171_edited-2.jpg HTTP/1.1" 200 69332 "http://www.rpwoodwork.com/blog/2011/03/" "Mozilla/5.0 (X11; Linux i686; rv:20.0) Gecko/20100101 Firefox/20.0 SeaMonkey/2.17.1"
96.54.225.7 - - [15/Jun/2014:01:37:47 -0400] "GET /blog/wp-content/uploads/2011/03/img_0172_edited-2.jpg HTTP/1.1" 200 77827 "http://www.rpwoodwork.com/blog/2011/03/" "Mozilla/5.0 (X11; Linux i686; rv:20.0) Gecko/20100101 Firefox/20.0 SeaMonkey/2.17.1"
96.54.225.7 - - [15/Jun/2014:01:37:47 -0400] "GET /blog/wp-content/uploads/2011/03/img_0150_edited-2.jpg HTTP/1.1" 200 89824 "http://www.rpwoodwork.com/blog/2011/03/" "Mozilla/5.0 (X11; Linux i686; rv:20.0) Gecko/20100101 Firefox/20.0 SeaMonkey/2.17.1"
96.54.225.7 - - [15/Jun/2014:01:37:47 -0400] "GET /blog/wp-content/uploads/2011/03/img_0152_edited-2.jpg HTTP/1.1" 200 85278 "http://www.rpwoodwork.com/blog/2011/03/" "Mozilla/5.0 (X11; Linux i686; rv:20.0) Gecko/20100101 Firefox/20.0 SeaMonkey/2.17.1"
205.188.191.36 - - [15/Jun/2014:01:38:25 -0400] "GET /blog/feed/atom/ HTTP/1.1" 200 48049 "-" "UniversalFeedParser/5.1.3 +https://code.google.com/p/feedparser/"
219.88.180.180 - - [15/Jun/2014:01:39:04 -0400] "GET /blog/feed/atom/ HTTP/1.1" 304 - "-" "Liferea/1.10.3 (Linux; en_NZ.UTF-8; http://liferea.sf.net/) AppleWebKit (KHTML, like Gecko)"
188.99.77.217 - - [15/Jun/2014:01:39:07 -0400] "GET /blog/feed/atom/ HTTP/1.1" 304 - "-" "Mozilla/5.0 (Macintosh; Intel Mac OS X 10.9; rv:24.0) Gecko/20100101 Thunderbird/24.6.0"
66.249.67.11 - - [15/Jun/2014:01:41:07 -0400] "GET /blog/feed/ HTTP/1.1" 304 - "-" "Mozilla/5.0 (compatible; Googlebot/2.1; +http://www.google.com/bot.html)"
65.19.138.34 - - [15/Jun/2014:01:41:16 -0400] "GET /blog/feed/ HTTP/1.1" 304 - "-" "Feedly/1.0 (+http://www.feedly.com/fetcher.html; like FeedFetcher-Google)"
65.19.138.33 - - [15/Jun/2014:01:41:43 -0400] "GET /blog/comments/feed/ HTTP/1.1" 304 - "-" "Feedly/1.0 (+http://www.feedly.com/fetcher.html; like FeedFetcher-Google)"
183.60.215.50 - - [15/Jun/2014:01:42:21 -0400] "GET /blog/2010/10/31/woods-i-love-big-leaf-maple/ HTTP/1.1" 200 32431 "-" "Mozilla/5.0 (compatible; EasouSpider; +http://www.easou.com/search/spider.html)"
65.19.138.33 - - [15/Jun/2014:01:42:28 -0400] "GET /blog/feed/atom/ HTTP/1.1" 304 - "-" "Feedly/1.0 (+http://www.feedly.com/fetcher.html; like FeedFetcher-Google)"
70.39.246.37 - - [15/Jun/2014:01:42:51 -0400] "GET /blog/?feed=atom HTTP/1.1" 301 - "-" "Mozilla/5.0 Moreover/5.1 (+http://www.moreover.com; webmaster@moreover.com)"
70.39.246.37 - - [15/Jun/2014:01:42:52 -0400] "GET /blog/feed/atom/ HTTP/1.1" 200 48049 "-" "Mozilla/5.0 Moreover/5.1 (+http://www.moreover.com; webmaster@moreover.com)"
69.164.213.164 - - [15/Jun/2014:01:42:56 -0400] "GET /blog/feed/atom/ HTTP/1.1" 200 48049 "-" "Mozilla/5.0 (Macintosh; Intel Mac OS X 10_8_2; Feeder.co) AppleWebKit/537.31 (KHTML, like Gecko) Chrome/26.0.1410.43 Safari/537.31"
157.55.39.231 - - [15/Jun/2014:01:43:03 -0400] "GET /blog/?s=distressing+wood&x=20&y=9 HTTP/1.1" 200 21185 "-" "Mozilla/5.0 (compatible; bingbot/2.0; +http://www.bing.com/bingbot.htm)"
70.182.6.66 - - [15/Jun/2014:01:43:10 -0400] "GET /blog/feed/ HTTP/1.1" 304 - "-" "Mozilla/4.0 (compatible; MSIE 7.0; Windows NT 6.1; WOW64; Trident/7.0; SLCC2; .NET CLR 2.0.50727; .NET CLR 3.5.30729; .NET CLR 3.0.30729; Media Center PC 6.0; .NET4.0C; .NET4.0E; IPH 1.1.21.4019; Microsoft Outlook 14.0.7113; ms-office; MSOffice 14)"
110.148.134.9 - - [15/Jun/2014:01:43:10 -0400] "GET /blog/feed/atom/ HTTP/1.1" 304 - "-" "Windows-RSS-Platform/2.0 (IE 11.0; Windows NT 6.1)"
109.96.28.8 - - [15/Jun/2014:01:43:32 -0400] "GET /favicon.ico HTTP/1.1" 404 575 "http://firstlightwoodworking.blogspot.ro/2012/11/bench-build-complete.html" "Opera/9.80 (Windows NT 5.1) Presto/2.12.388 Version/12.17"
109.96.28.8 - - [15/Jun/2014:01:43:54 -0400] "GET /favicon.ico HTTP/1.1" 404 575 "http://firstlightwoodworking.blogspot.ro/" "Opera/9.80 (Windows NT 5.1) Presto/2.12.388 Version/12.17"
65.96.167.120 - - [15/Jun/2014:01:43:58 -0400] "GET /favicon.ico HTTP/1.1" 404 575 "http://tatteredjeansandsawdust.blogspot.com/2012/02/helping-out-family-and-enviroment.html" "Mozilla/5.0 (Windows NT 6.1; WOW64) AppleWebKit/537.36 (KHTML, like Gecko) Chrome/35.0.1916.153 Safari/537.36"
65.55.212.71 - - [15/Jun/2014:01:44:05 -0400] "GET /blog/2010/03/14/do-i-need-a-micro-adjuster-on-my-router-table-fence/ HTTP/1.1" 200 35406 "-" "Mozilla/5.0 (compatible; MSIE 9.0; Windows NT 6.1; Trident/5.0;  Trident/5.0)"
151.229.220.136 - - [15/Jun/2014:01:44:04 -0400] "GET /blog/feed/ HTTP/1.1" 200 46223 "-" "Mozilla/5.0 (Windows NT 6.1; WOW64; rv:29.0) Gecko/20100101 Firefox/29.0"
50.136.180.174 - - [15/Jun/2014:01:44:06 -0400] "GET /blog/feed/ HTTP/1.1" 304 - "-" "Mozilla/5.0 (Macintosh; U; PPC Mac OS X 10.5; en-US; rv:1.9.2.28) Gecko/20120306 Firefox/3.6.28"
131.253.26.232 - - [15/Jun/2014:01:44:09 -0400] "GET /blog/wp-content/themes/maple-leaf/style.css HTTP/1.1" 200 10944 "http://www.rpwoodwork.com/blog/2010/03/14/do-i-need-a-micro-adjuster-on-my-router-table-fence/" "Mozilla/5.0 (compatible; MSIE 9.0; Windows NT 6.1; Trident/5.0;  Trident/5.0)"
162.243.11.237 - - [15/Jun/2014:01:44:10 -0400] "GET /blog/feed/ HTTP/1.1" 304 - "-" "Feed Wrangler/1.0 (2 subscribers; feed-id=56024; http://feedwrangler.net; Allow like Gecko)"
65.96.167.120 - - [15/Jun/2014:01:44:13 -0400] "GET /favicon.ico HTTP/1.1" 404 575 "http://tatteredjeansandsawdust.blogspot.com/2012/02/helping-out-family-and-enviroment.html" "Mozilla/5.0 (Windows NT 6.1; WOW64) AppleWebKit/537.36 (KHTML, like Gecko) Chrome/35.0.1916.153 Safari/537.36"
188.99.77.217 - - [15/Jun/2014:01:44:13 -0400] "GET /blog/feed/atom/ HTTP/1.1" 304 - "-" "Mozilla/5.0 (Macintosh; Intel Mac OS X 10.9; rv:24.0) Gecko/20100101 Thunderbird/24.6.0"
65.96.167.120 - - [15/Jun/2014:01:44:20 -0400] "GET /favicon.ico HTTP/1.1" 404 575 "http://tatteredjeansandsawdust.blogspot.com/2012/02/helping-out-family-and-enviroment.html" "Mozilla/5.0 (Windows NT 6.1; WOW64) AppleWebKit/537.36 (KHTML, like Gecko) Chrome/35.0.1916.153 Safari/537.36"
162.253.154.187 - - [15/Jun/2014:01:45:10 -0400] "GET /blog/feed/atom/ HTTP/1.0" 200 48049 "-" "Fever/1.38 (Feed Parser; http://feedafever.com; Allow like Gecko)"
75.126.149.14 - - [15/Jun/2014:01:45:25 -0400] "GET /blog/ HTTP/1.1" 200 76457 "-" "Ruby"
75.126.149.14 - - [15/Jun/2014:01:45:26 -0400] "GET /blog/2014/06/03/using-your-brain-is-not-optional/ HTTP/1.1" 200 29521 "-" "Ruby"
109.96.28.8 - - [15/Jun/2014:01:45:29 -0400] "GET /favicon.ico HTTP/1.1" 404 575 "http://firstlightwoodworking.blogspot.ro/search?updated-max=2012-08-13T18:06:00-05:00&max-results=7" "Opera/9.80 (Windows NT 5.1) Presto/2.12.388 Version/12.17"
75.126.149.14 - - [15/Jun/2014:01:45:29 -0400] "GET /blog/2014/05/30/adjusting-tenon-cheeks-to-fit/ HTTP/1.1" 200 30201 "-" "Ruby"
75.126.149.14 - - [15/Jun/2014:01:45:31 -0400] "GET /blog/2014/05/25/hand-tool-helper/ HTTP/1.1" 200 29496 "-" "Ruby"
75.126.149.14 - - [15/Jun/2014:01:45:32 -0400] "GET /blog/2014/05/11/three-practical-tips-for-shooting/ HTTP/1.1" 200 31372 "-" "Ruby"
75.126.149.14 - - [15/Jun/2014:01:45:33 -0400] "GET /blog/2014/04/25/nuancing-the-stanley-surform-shaver/ HTTP/1.1" 200 30850 "-" "Ruby"
75.126.149.14 - - [15/Jun/2014:01:45:35 -0400] "GET /blog/2014/04/22/tools-for-curves-team/ HTTP/1.1" 200 32226 "-" "Ruby"
75.126.149.14 - - [15/Jun/2014:01:45:36 -0400] "GET /blog/2014/04/12/compass-plane-in-use/ HTTP/1.1" 200 27610 "-" "Ruby"
75.126.149.14 - - [15/Jun/2014:01:44:50 -0400] "GET /blog/2014/04/11/compass-plane-fettling-a-stanley-20/ HTTP/1.1" 200 31908 "-" "Ruby"
75.126.149.14 - - [15/Jun/2014:01:45:39 -0400] "GET /blog/2014/04/02/shooting-long-grain/ HTTP/1.1" 200 29125 "-" "Ruby"
75.126.149.14 - - [15/Jun/2014:01:45:41 -0400] "GET /blog/2014/03/27/tooth-pitch-and-sawing-accuracy/ HTTP/1.1" 200 26152 "-" "Ruby"
198.211.100.98 - - [15/Jun/2014:01:45:43 -0400] "GET /blog/feed/atom/ HTTP/1.1" 304 - "-" "NewsBlur Feed Fetcher - 6 subscribers - http://www.newsblur.com/site/2237676/heartwood (Mozilla/5.0 (Macintosh; Intel Mac OS X 10_7_1) AppleWebKit/534.48.3 (KHTML, like Gecko) Version/5.1 Safari/534.48.3)"
109.96.28.8 - - [15/Jun/2014:01:46:03 -0400] "GET /favicon.ico HTTP/1.1" 404 575 "http://firstlightwoodworking.blogspot.ro/search?updated-max=2011-12-04T06:27:00-06:00&max-results=7&start=7&by-date=false" "Opera/9.80 (Windows NT 5.1) Presto/2.12.388 Version/12.17"
107.170.26.132 - - [15/Jun/2014:01:46:10 -0400] "GET /blog/feed/ HTTP/1.1" 200 46223 "-" "Feedbin - 5 subscribers"
66.249.93.89 - - [15/Jun/2014:01:46:17 -0400] "GET /blog/ HTTP/1.1" 200 76457 "-" "Mozilla/5.0 (Windows NT 6.0; rv:29.0) Gecko/20100101 Firefox/29.0,gzip(gfe)"
86.67.198.122 - - [15/Jun/2014:01:46:19 -0400] "GET /blog/wp-content/themes/maple-leaf/style.css HTTP/1.1" 200 10944 "http://translate.googleusercontent.com/translate_c?client=tmpg&depth=1&hl=fr&langpair=en%7Cfr&rurl=translate.google.com&u=http://www.rpwoodwork.com/blog/&usg=ALkJrhhYKGsTfDvMmH9TfF4ioTAQp23NKw" "Mozilla/5.0 (Windows NT 6.0; rv:29.0) Gecko/20100101 Firefox/29.0"
86.67.198.122 - - [15/Jun/2014:01:46:20 -0400] "GET /blog/wp-content/themes/maple-leaf/images/spacer.gif HTTP/1.1" 200 43 "http://translate.googleusercontent.com/translate_c?client=tmpg&depth=1&hl=fr&langpair=en%7Cfr&rurl=translate.google.com&u=http://www.rpwoodwork.com/blog/&usg=ALkJrhhYKGsTfDvMmH9TfF4ioTAQp23NKw" "Mozilla/5.0 (Windows NT 6.0; rv:29.0) Gecko/20100101 Firefox/29.0"
86.67.198.122 - - [15/Jun/2014:01:46:16 -0400] "GET /blog/wp-content/uploads/2014/05/IMG_2027_edited-2.jpg HTTP/1.1" 200 85902 "http://translate.googleusercontent.com/translate_c?client=tmpg&depth=1&hl=fr&langpair=en%7Cfr&rurl=translate.google.com&u=http://www.rpwoodwork.com/blog/&usg=ALkJrhhYKGsTfDvMmH9TfF4ioTAQp23NKw" "Mozilla/5.0 (Windows NT 6.0; rv:29.0) Gecko/20100101 Firefox/29.0"
86.67.198.122 - - [15/Jun/2014:01:46:20 -0400] "GET /blog/wp-content/uploads/2014/05/IMG_2021_edited-2.jpg HTTP/1.1" 200 80811 "http://translate.googleusercontent.com/translate_c?client=tmpg&depth=1&hl=fr&langpair=en%7Cfr&rurl=translate.google.com&u=http://www.rpwoodwork.com/blog/&usg=ALkJrhhYKGsTfDvMmH9TfF4ioTAQp23NKw" "Mozilla/5.0 (Windows NT 6.0; rv:29.0) Gecko/20100101 Firefox/29.0"
86.67.198.122 - - [15/Jun/2014:01:46:20 -0400] "GET /blog/wp-content/uploads/2014/06/bored-gorilla_edited-2.jpg HTTP/1.1" 200 118801 "http://translate.googleusercontent.com/translate_c?client=tmpg&depth=1&hl=fr&langpair=en%7Cfr&rurl=translate.google.com&u=http://www.rpwoodwork.com/blog/&usg=ALkJrhhYKGsTfDvMmH9TfF4ioTAQp23NKw" "Mozilla/5.0 (Windows NT 6.0; rv:29.0) Gecko/20100101 Firefox/29.0"
86.67.198.122 - - [15/Jun/2014:01:46:20 -0400] "GET /blog/wp-content/uploads/2014/05/IMG_2037_edited-2.jpg HTTP/1.1" 200 93708 "http://translate.googleusercontent.com/translate_c?client=tmpg&depth=1&hl=fr&langpair=en%7Cfr&rurl=translate.google.com&u=http://www.rpwoodwork.com/blog/&usg=ALkJrhhYKGsTfDvMmH9TfF4ioTAQp23NKw" "Mozilla/5.0 (Windows NT 6.0; rv:29.0) Gecko/20100101 Firefox/29.0"
86.67.198.122 - - [15/Jun/2014:01:46:20 -0400] "GET /blog/wp-content/uploads/2014/05/IMG_2029_edited-2.jpg HTTP/1.1" 200 96163 "http://translate.googleusercontent.com/translate_c?client=tmpg&depth=1&hl=fr&langpair=en%7Cfr&rurl=translate.google.com&u=http://www.rpwoodwork.com/blog/&usg=ALkJrhhYKGsTfDvMmH9TfF4ioTAQp23NKw" "Mozilla/5.0 (Windows NT 6.0; rv:29.0) Gecko/20100101 Firefox/29.0"
86.67.198.122 - - [15/Jun/2014:01:46:20 -0400] "GET /blog/wp-content/uploads/2014/05/IMG_2033_edited-2.jpg HTTP/1.1" 200 98440 "http://translate.googleusercontent.com/translate_c?client=tmpg&depth=1&hl=fr&langpair=en%7Cfr&rurl=translate.google.com&u=http://www.rpwoodwork.com/blog/&usg=ALkJrhhYKGsTfDvMmH9TfF4ioTAQp23NKw" "Mozilla/5.0 (Windows NT 6.0; rv:29.0) Gecko/20100101 Firefox/29.0"
86.67.198.122 - - [15/Jun/2014:01:46:22 -0400] "GET /blog/wp-content/uploads/2014/05/IMG_2028_edited-2.jpg HTTP/1.1" 200 88030 "http://translate.googleusercontent.com/translate_c?client=tmpg&depth=1&hl=fr&langpair=en%7Cfr&rurl=translate.google.com&u=http://www.rpwoodwork.com/blog/&usg=ALkJrhhYKGsTfDvMmH9TfF4ioTAQp23NKw" "Mozilla/5.0 (Windows NT 6.0; rv:29.0) Gecko/20100101 Firefox/29.0"
86.67.198.122 - - [15/Jun/2014:01:46:17 -0400] "GET /blog/wp-content/uploads/2014/05/IMG_2000_edited-2.jpg HTTP/1.1" 200 80704 "http://translate.googleusercontent.com/translate_c?client=tmpg&depth=1&hl=fr&langpair=en%7Cfr&rurl=translate.google.com&u=http://www.rpwoodwork.com/blog/&usg=ALkJrhhYKGsTfDvMmH9TfF4ioTAQp23NKw" "Mozilla/5.0 (Windows NT 6.0; rv:29.0) Gecko/20100101 Firefox/29.0"
86.67.198.122 - - [15/Jun/2014:01:46:21 -0400] "GET /blog/wp-content/uploads/2014/05/IMG_2005_edited-2.jpg HTTP/1.1" 200 80767 "http://translate.googleusercontent.com/translate_c?client=tmpg&depth=1&hl=fr&langpair=en%7Cfr&rurl=translate.google.com&u=http://www.rpwoodwork.com/blog/&usg=ALkJrhhYKGsTfDvMmH9TfF4ioTAQp23NKw" "Mozilla/5.0 (Windows NT 6.0; rv:29.0) Gecko/20100101 Firefox/29.0"
86.67.198.122 - - [15/Jun/2014:01:46:21 -0400] "GET /blog/wp-content/uploads/2014/05/IMG_1386_edited-2.jpg HTTP/1.1" 200 80323 "http://translate.googleusercontent.com/translate_c?client=tmpg&depth=1&hl=fr&langpair=en%7Cfr&rurl=translate.google.com&u=http://www.rpwoodwork.com/blog/&usg=ALkJrhhYKGsTfDvMmH9TfF4ioTAQp23NKw" "Mozilla/5.0 (Windows NT 6.0; rv:29.0) Gecko/20100101 Firefox/29.0"
86.67.198.122 - - [15/Jun/2014:01:46:21 -0400] "GET /blog/wp-content/uploads/2014/05/IMG_1388_edited-2.jpg HTTP/1.1" 200 109378 "http://translate.googleusercontent.com/translate_c?client=tmpg&depth=1&hl=fr&langpair=en%7Cfr&rurl=translate.google.com&u=http://www.rpwoodwork.com/blog/&usg=ALkJrhhYKGsTfDvMmH9TfF4ioTAQp23NKw" "Mozilla/5.0 (Windows NT 6.0; rv:29.0) Gecko/20100101 Firefox/29.0"
86.67.198.122 - - [15/Jun/2014:01:46:21 -0400] "GET /blog/wp-content/uploads/2014/05/IMG_1389_edited-2.jpg HTTP/1.1" 200 75558 "http://translate.googleusercontent.com/translate_c?client=tmpg&depth=1&hl=fr&langpair=en%7Cfr&rurl=translate.google.com&u=http://www.rpwoodwork.com/blog/&usg=ALkJrhhYKGsTfDvMmH9TfF4ioTAQp23NKw" "Mozilla/5.0 (Windows NT 6.0; rv:29.0) Gecko/20100101 Firefox/29.0"
86.67.198.122 - - [15/Jun/2014:01:46:18 -0400] "GET /blog/wp-content/uploads/2014/05/IMG_1392_edited-2.jpg HTTP/1.1" 200 75692 "http://translate.googleusercontent.com/translate_c?client=tmpg&depth=1&hl=fr&langpair=en%7Cfr&rurl=translate.google.com&u=http://www.rpwoodwork.com/blog/&usg=ALkJrhhYKGsTfDvMmH9TfF4ioTAQp23NKw" "Mozilla/5.0 (Windows NT 6.0; rv:29.0) Gecko/20100101 Firefox/29.0"
86.67.198.122 - - [15/Jun/2014:01:46:21 -0400] "GET /blog/wp-content/uploads/2014/05/IMG_1390_edited-2.jpg HTTP/1.1" 200 89228 "http://translate.googleusercontent.com/translate_c?client=tmpg&depth=1&hl=fr&langpair=en%7Cfr&rurl=translate.google.com&u=http://www.rpwoodwork.com/blog/&usg=ALkJrhhYKGsTfDvMmH9TfF4ioTAQp23NKw" "Mozilla/5.0 (Windows NT 6.0; rv:29.0) Gecko/20100101 Firefox/29.0"
86.67.198.122 - - [15/Jun/2014:01:46:22 -0400] "GET /blog/wp-content/uploads/2014/04/IMG_1218_edited-2.jpg HTTP/1.1" 200 65064 "http://translate.googleusercontent.com/translate_c?client=tmpg&depth=1&hl=fr&langpair=en%7Cfr&rurl=translate.google.com&u=http://www.rpwoodwork.com/blog/&usg=ALkJrhhYKGsTfDvMmH9TfF4ioTAQp23NKw" "Mozilla/5.0 (Windows NT 6.0; rv:29.0) Gecko/20100101 Firefox/29.0"
86.67.198.122 - - [15/Jun/2014:01:46:24 -0400] "GET /blog/wp-content/uploads/2014/04/IMG_1216_edited-3.jpg HTTP/1.1" 200 98760 "http://translate.googleusercontent.com/translate_c?client=tmpg&depth=1&hl=fr&langpair=en%7Cfr&rurl=translate.google.com&u=http://www.rpwoodwork.com/blog/&usg=ALkJrhhYKGsTfDvMmH9TfF4ioTAQp23NKw" "Mozilla/5.0 (Windows NT 6.0; rv:29.0) Gecko/20100101 Firefox/29.0"
86.67.198.122 - - [15/Jun/2014:01:46:22 -0400] "GET /blog/wp-content/uploads/2014/04/IMG_1219_edited-2.jpg HTTP/1.1" 200 74402 "http://translate.googleusercontent.com/translate_c?client=tmpg&depth=1&hl=fr&langpair=en%7Cfr&rurl=translate.google.com&u=http://www.rpwoodwork.com/blog/&usg=ALkJrhhYKGsTfDvMmH9TfF4ioTAQp23NKw" "Mozilla/5.0 (Windows NT 6.0; rv:29.0) Gecko/20100101 Firefox/29.0"
86.67.198.122 - - [15/Jun/2014:01:46:18 -0400] "GET /blog/wp-content/uploads/2014/04/IMG_1235_edited-2.jpg HTTP/1.1" 200 84066 "http://translate.googleusercontent.com/translate_c?client=tmpg&depth=1&hl=fr&langpair=en%7Cfr&rurl=translate.google.com&u=http://www.rpwoodwork.com/blog/&usg=ALkJrhhYKGsTfDvMmH9TfF4ioTAQp23NKw" "Mozilla/5.0 (Windows NT 6.0; rv:29.0) Gecko/20100101 Firefox/29.0"
86.67.198.122 - - [15/Jun/2014:01:46:22 -0400] "GET /blog/wp-content/uploads/2014/04/IMG_1234_edited-2.jpg HTTP/1.1" 200 90937 "http://translate.googleusercontent.com/translate_c?client=tmpg&depth=1&hl=fr&langpair=en%7Cfr&rurl=translate.google.com&u=http://www.rpwoodwork.com/blog/&usg=ALkJrhhYKGsTfDvMmH9TfF4ioTAQp23NKw" "Mozilla/5.0 (Windows NT 6.0; rv:29.0) Gecko/20100101 Firefox/29.0"
86.67.198.122 - - [15/Jun/2014:01:46:22 -0400] "GET /blog/wp-content/uploads/2014/04/IMG_1236_edited-2.jpg HTTP/1.1" 200 86791 "http://translate.googleusercontent.com/translate_c?client=tmpg&depth=1&hl=fr&langpair=en%7Cfr&rurl=translate.google.com&u=http://www.rpwoodwork.com/blog/&usg=ALkJrhhYKGsTfDvMmH9TfF4ioTAQp23NKw" "Mozilla/5.0 (Windows NT 6.0; rv:29.0) Gecko/20100101 Firefox/29.0"
86.67.198.122 - - [15/Jun/2014:01:45:51 -0400] "GET /blog/wp-content/uploads/2014/04/IMG_1210_edited-2.jpg HTTP/1.1" 200 82942 "http://translate.googleusercontent.com/translate_c?client=tmpg&depth=1&hl=fr&langpair=en%7Cfr&rurl=translate.google.com&u=http://www.rpwoodwork.com/blog/&usg=ALkJrhhYKGsTfDvMmH9TfF4ioTAQp23NKw" "Mozilla/5.0 (Windows NT 6.0; rv:29.0) Gecko/20100101 Firefox/29.0"
86.67.198.122 - - [15/Jun/2014:01:46:23 -0400] "GET /blog/wp-content/uploads/2014/04/IMG_1210_edited-3.jpg HTTP/1.1" 200 88268 "http://translate.googleusercontent.com/translate_c?client=tmpg&depth=1&hl=fr&langpair=en%7Cfr&rurl=translate.google.com&u=http://www.rpwoodwork.com/blog/&usg=ALkJrhhYKGsTfDvMmH9TfF4ioTAQp23NKw" "Mozilla/5.0 (Windows NT 6.0; rv:29.0) Gecko/20100101 Firefox/29.0"
86.67.198.122 - - [15/Jun/2014:01:46:23 -0400] "GET /blog/wp-content/uploads/2014/04/IMG_1205_edited-2.jpg HTTP/1.1" 200 108254 "http://translate.googleusercontent.com/translate_c?client=tmpg&depth=1&hl=fr&langpair=en%7Cfr&rurl=translate.google.com&u=http://www.rpwoodwork.com/blog/&usg=ALkJrhhYKGsTfDvMmH9TfF4ioTAQp23NKw" "Mozilla/5.0 (Windows NT 6.0; rv:29.0) Gecko/20100101 Firefox/29.0"
86.67.198.122 - - [15/Jun/2014:01:46:25 -0400] "GET /blog/wp-content/uploads/2014/04/IMG_1202_edited-2.jpg HTTP/1.1" 200 76679 "http://translate.googleusercontent.com/translate_c?client=tmpg&depth=1&hl=fr&langpair=en%7Cfr&rurl=translate.google.com&u=http://www.rpwoodwork.com/blog/&usg=ALkJrhhYKGsTfDvMmH9TfF4ioTAQp23NKw" "Mozilla/5.0 (Windows NT 6.0; rv:29.0) Gecko/20100101 Firefox/29.0"
86.67.198.122 - - [15/Jun/2014:01:46:19 -0400] "GET /blog/wp-content/uploads/2014/04/IMG_1211_edited-2.jpg HTTP/1.1" 200 76623 "http://translate.googleusercontent.com/translate_c?client=tmpg&depth=1&hl=fr&langpair=en%7Cfr&rurl=translate.google.com&u=http://www.rpwoodwork.com/blog/&usg=ALkJrhhYKGsTfDvMmH9TfF4ioTAQp23NKw" "Mozilla/5.0 (Windows NT 6.0; rv:29.0) Gecko/20100101 Firefox/29.0"
86.67.198.122 - - [15/Jun/2014:01:45:52 -0400] "GET /blog/wp-content/uploads/2014/04/IMG_1212_edited-2.jpg HTTP/1.1" 200 90208 "http://translate.googleusercontent.com/translate_c?client=tmpg&depth=1&hl=fr&langpair=en%7Cfr&rurl=translate.google.com&u=http://www.rpwoodwork.com/blog/&usg=ALkJrhhYKGsTfDvMmH9TfF4ioTAQp23NKw" "Mozilla/5.0 (Windows NT 6.0; rv:29.0) Gecko/20100101 Firefox/29.0"
86.67.198.122 - - [15/Jun/2014:01:46:23 -0400] "GET /blog/wp-content/uploads/2014/03/IMG_1194_edited-2.jpg HTTP/1.1" 200 77280 "http://translate.googleusercontent.com/translate_c?client=tmpg&depth=1&hl=fr&langpair=en%7Cfr&rurl=translate.google.com&u=http://www.rpwoodwork.com/blog/&usg=ALkJrhhYKGsTfDvMmH9TfF4ioTAQp23NKw" "Mozilla/5.0 (Windows NT 6.0; rv:29.0) Gecko/20100101 Firefox/29.0"
86.67.198.122 - - [15/Jun/2014:01:46:23 -0400] "GET /blog/wp-content/uploads/2014/04/IMG_0189_edited-3.jpg HTTP/1.1" 200 87465 "http://translate.googleusercontent.com/translate_c?client=tmpg&depth=1&hl=fr&langpair=en%7Cfr&rurl=translate.google.com&u=http://www.rpwoodwork.com/blog/&usg=ALkJrhhYKGsTfDvMmH9TfF4ioTAQp23NKw" "Mozilla/5.0 (Windows NT 6.0; rv:29.0) Gecko/20100101 Firefox/29.0"
86.67.198.122 - - [15/Jun/2014:01:46:26 -0400] "GET /blog/wp-content/uploads/2014/03/IMG_1196_edited-2.jpg HTTP/1.1" 200 103461 "http://translate.googleusercontent.com/translate_c?client=tmpg&depth=1&hl=fr&langpair=en%7Cfr&rurl=translate.google.com&u=http://www.rpwoodwork.com/blog/&usg=ALkJrhhYKGsTfDvMmH9TfF4ioTAQp23NKw" "Mozilla/5.0 (Windows NT 6.0; rv:29.0) Gecko/20100101 Firefox/29.0"
86.67.198.122 - - [15/Jun/2014:01:46:20 -0400] "GET /blog/wp-content/uploads/2014/03/IMG_1199_edited-2.jpg HTTP/1.1" 200 74513 "http://translate.googleusercontent.com/translate_c?client=tmpg&depth=1&hl=fr&langpair=en%7Cfr&rurl=translate.google.com&u=http://www.rpwoodwork.com/blog/&usg=ALkJrhhYKGsTfDvMmH9TfF4ioTAQp23NKw" "Mozilla/5.0 (Windows NT 6.0; rv:29.0) Gecko/20100101 Firefox/29.0"
86.67.198.122 - - [15/Jun/2014:01:46:23 -0400] "GET /blog/wp-content/uploads/2014/03/IMG_1079_edited-3.jpg HTTP/1.1" 200 108662 "http://translate.googleusercontent.com/translate_c?client=tmpg&depth=1&hl=fr&langpair=en%7Cfr&rurl=translate.google.com&u=http://www.rpwoodwork.com/blog/&usg=ALkJrhhYKGsTfDvMmH9TfF4ioTAQp23NKw" "Mozilla/5.0 (Windows NT 6.0; rv:29.0) Gecko/20100101 Firefox/29.0"
86.67.198.122 - - [15/Jun/2014:01:46:24 -0400] "GET /blog/wp-content/themes/maple-leaf/images/rss.jpg HTTP/1.1" 200 585 "http://translate.googleusercontent.com/translate_c?client=tmpg&depth=1&hl=fr&langpair=en%7Cfr&rurl=translate.google.com&u=http://www.rpwoodwork.com/blog/&usg=ALkJrhhYKGsTfDvMmH9TfF4ioTAQp23NKw" "Mozilla/5.0 (Windows NT 6.0; rv:29.0) Gecko/20100101 Firefox/29.0"
86.67.198.122 - - [15/Jun/2014:01:45:53 -0400] "GET /blog/wp-content/themes/maple-leaf/images/bg_bottom_repeat.jpg HTTP/1.1" 200 411 "http://www.rpwoodwork.com/blog/wp-content/themes/maple-leaf/style.css" "Mozilla/5.0 (Windows NT 6.0; rv:29.0) Gecko/20100101 Firefox/29.0"
86.67.198.122 - - [15/Jun/2014:01:46:27 -0400] "GET /blog/wp-content/themes/maple-leaf/images/bg_top.jpg HTTP/1.1" 200 78074 "http://www.rpwoodwork.com/blog/wp-content/themes/maple-leaf/style.css" "Mozilla/5.0 (Windows NT 6.0; rv:29.0) Gecko/20100101 Firefox/29.0"
86.67.198.122 - - [15/Jun/2014:01:46:24 -0400] "GET /blog/wp-content/themes/maple-leaf/images/bg_repeat.png HTTP/1.1" 200 230 "http://www.rpwoodwork.com/blog/wp-content/themes/maple-leaf/style.css" "Mozilla/5.0 (Windows NT 6.0; rv:29.0) Gecko/20100101 Firefox/29.0"
86.67.198.122 - - [15/Jun/2014:01:45:53 -0400] "GET /blog/wp-content/themes/maple-leaf/images/menu_bg.jpg HTTP/1.1" 200 7818 "http://www.rpwoodwork.com/blog/wp-content/themes/maple-leaf/style.css" "Mozilla/5.0 (Windows NT 6.0; rv:29.0) Gecko/20100101 Firefox/29.0"
86.67.198.122 - - [15/Jun/2014:01:46:21 -0400] "GET /blog/wp-content/themes/maple-leaf/images/header_bg.jpg HTTP/1.1" 200 57398 "http://www.rpwoodwork.com/blog/wp-content/themes/maple-leaf/style.css" "Mozilla/5.0 (Windows NT 6.0; rv:29.0) Gecko/20100101 Firefox/29.0"
86.67.198.122 - - [15/Jun/2014:01:46:24 -0400] "GET /blog/wp-content/themes/maple-leaf/images/menu_separate.jpg HTTP/1.1" 200 362 "http://www.rpwoodwork.com/blog/wp-content/themes/maple-leaf/style.css" "Mozilla/5.0 (Windows NT 6.0; rv:29.0) Gecko/20100101 Firefox/29.0"
86.67.198.122 - - [15/Jun/2014:01:46:24 -0400] "GET /blog/wp-content/themes/maple-leaf/images/container_repeat.jpg HTTP/1.1" 200 1038 "http://www.rpwoodwork.com/blog/wp-content/themes/maple-leaf/style.css" "Mozilla/5.0 (Windows NT 6.0; rv:29.0) Gecko/20100101 Firefox/29.0"
86.67.198.122 - - [15/Jun/2014:01:45:54 -0400] "GET /blog/wp-content/themes/maple-leaf/images/sidebar_title.jpg HTTP/1.1" 200 1393 "http://www.rpwoodwork.com/blog/wp-content/themes/maple-leaf/style.css" "Mozilla/5.0 (Windows NT 6.0; rv:29.0) Gecko/20100101 Firefox/29.0"
86.67.198.122 - - [15/Jun/2014:01:46:21 -0400] "GET /blog/wp-content/themes/maple-leaf/images/sidebar_arrow.jpg HTTP/1.1" 200 446 "http://www.rpwoodwork.com/blog/wp-content/themes/maple-leaf/style.css" "Mozilla/5.0 (Windows NT 6.0; rv:29.0) Gecko/20100101 Firefox/29.0"
86.67.198.122 - - [15/Jun/2014:01:46:25 -0400] "GET /blog/wp-content/themes/maple-leaf/images/footer_bg.jpg HTTP/1.1" 200 596 "http://www.rpwoodwork.com/blog/wp-content/themes/maple-leaf/style.css" "Mozilla/5.0 (Windows NT 6.0; rv:29.0) Gecko/20100101 Firefox/29.0"
86.67.198.122 - - [15/Jun/2014:01:46:27 -0400] "GET /blog/wp-content/themes/maple-leaf/images/category.jpg HTTP/1.1" 200 523 "http://www.rpwoodwork.com/blog/wp-content/themes/maple-leaf/style.css" "Mozilla/5.0 (Windows NT 6.0; rv:29.0) Gecko/20100101 Firefox/29.0"
86.67.198.122 - - [15/Jun/2014:01:45:54 -0400] "GET /blog/wp-content/themes/maple-leaf/images/line.jpg HTTP/1.1" 200 362 "http://www.rpwoodwork.com/blog/wp-content/themes/maple-leaf/style.css" "Mozilla/5.0 (Windows NT 6.0; rv:29.0) Gecko/20100101 Firefox/29.0"
86.67.198.122 - - [15/Jun/2014:01:46:25 -0400] "GET /blog/wp-content/themes/maple-leaf/images/bubble.jpg HTTP/1.1" 200 525 "http://www.rpwoodwork.com/blog/wp-content/themes/maple-leaf/style.css" "Mozilla/5.0 (Windows NT 6.0; rv:29.0) Gecko/20100101 Firefox/29.0"
109.96.28.8 - - [15/Jun/2014:01:46:42 -0400] "GET /favicon.ico HTTP/1.1" 404 575 "http://firstlightwoodworking.blogspot.ro/search?updated-max=2011-04-11T06:41:00-05:00&max-results=7&start=14&by-date=false" "Opera/9.80 (Windows NT 5.1) Presto/2.12.388 Version/12.17"
109.96.28.8 - - [15/Jun/2014:01:46:59 -0400] "GET /favicon.ico HTTP/1.1" 404 575 "http://firstlightwoodworking.blogspot.ro/search?updated-max=2010-08-15T14:02:00-05:00&max-results=7&start=21&by-date=false" "Opera/9.80 (Windows NT 5.1) Presto/2.12.388 Version/12.17"
195.50.208.22 - - [15/Jun/2014:01:47:10 -0400] "GET /blog/feed/ HTTP/1.1" 304 - "-" "Mozilla/5.0 (Windows NT 6.1; WOW64; rv:24.0) Gecko/20100101 Thunderbird/24.6.0"
109.96.28.8 - - [15/Jun/2014:01:46:34 -0400] "GET /favicon.ico HTTP/1.1" 404 575 "http://firstlightwoodworking.blogspot.ro/search?updated-max=2010-01-30T18:11:00-06:00&max-results=7&start=28&by-date=false" "Opera/9.80 (Windows NT 5.1) Presto/2.12.388 Version/12.17"
69.196.165.230 - - [15/Jun/2014:01:47:34 -0400] "GET /blog/feed/atom/ HTTP/1.1" 304 - "-" "RSSOwl/2.2.1.201312301258 (Macintosh; U; en)"
109.96.28.8 - - [15/Jun/2014:01:47:38 -0400] "GET /favicon.ico HTTP/1.1" 404 575 "http://firstlightwoodworking.blogspot.ro/search?updated-max=2009-09-09T13:27:00-05:00&max-results=7&start=35&by-date=false" "Opera/9.80 (Windows NT 5.1) Presto/2.12.388 Version/12.17"
68.5.150.136 - - [15/Jun/2014:01:48:09 -0400] "GET /blog/feed/ HTTP/1.1" 304 - "-" "Mozilla/4.0 (compatible; MSIE 7.0; Windows NT 6.1; WOW64; Trident/7.0; SLCC2; .NET CLR 2.0.50727; .NET CLR 3.5.30729; .NET CLR 3.0.30729; Media Center PC 6.0; MDDC; .NET4.0C; AlexaToolbar/amzni-3.0; .NET4.0E; McAfee; InfoPath.3; Microsoft Outlook 15.0.4615; ms-office; MSOffice 15)"
198.58.96.215 - - [15/Jun/2014:01:48:50 -0400] "GET /blog/feed/atom/ HTTP/1.1" 304 - "-" "Superfeedr bot/2.0 http://superfeedr.com - Make your feeds realtime: get in touch!"
66.249.67.24 - - [15/Jun/2014:01:49:02 -0400] "GET /blog/2012/01/17/a-practical-tool-cabinet-part-2/ HTTP/1.1" 200 28182 "-" "Mozilla/5.0 (compatible; Googlebot/2.1; +http://www.google.com/bot.html)"
188.99.77.217 - - [15/Jun/2014:01:49:10 -0400] "GET /blog/feed/atom/ HTTP/1.1" 304 - "-" "Mozilla/5.0 (Macintosh; Intel Mac OS X 10.9; rv:24.0) Gecko/20100101 Thunderbird/24.6.0"
70.182.6.66 - - [15/Jun/2014:01:49:39 -0400] "GET /blog/feed/ HTTP/1.1" 304 - "-" "Windows-RSS-Platform/2.0 (IE 11.0; Windows NT 6.1)"
94.23.13.207 - - [15/Jun/2014:01:49:51 -0400] "GET /blog/feed/atom/ HTTP/1.1" 304 - "-" "FeedHQ/0.2 (https://github.com/feedhq/feedhq; 1 subscriber; https://github.com/feedhq/feedhq/wiki/fetcher; like FeedFetcher-Google)"
67.205.8.73 - - [15/Jun/2014:01:51:08 -0400] "GET /blog/feed/atom/ HTTP/1.1" 200 48049 "http://www.rpwoodwork.com/blog/feed/atom/" "Tiny Tiny RSS/1.7.5 (http://tt-rss.org/)"
68.180.224.237 - - [15/Jun/2014:01:51:32 -0400] "GET /blog/?p=399 HTTP/1.1" 301 - "-" "Mozilla/5.0 (compatible; Yahoo! Slurp; http://help.yahoo.com/help/us/ysearch/slurp)"
68.180.224.237 - - [15/Jun/2014:01:51:34 -0400] "GET /blog/2009/05/13/skew-chisels-and-bachi-nomi/ HTTP/1.1" 200 29721 "-" "Mozilla/5.0 (compatible; Yahoo! Slurp; http://help.yahoo.com/help/us/ysearch/slurp)"
183.60.215.50 - - [15/Jun/2014:01:51:40 -0400] "GET /blog/?p=745 HTTP/1.1" 301 - "-" "Mozilla/5.0 (compatible; EasouSpider; +http://www.easou.com/search/spider.html)"
12.40.32.18 - - [15/Jun/2014:01:51:53 -0400] "GET /blog/feed/ HTTP/1.1" 304 - "-" "Vienna 3.0.0 Beta 18 :8c42af7: rv:4990 (Macintosh; Mac OS X 10.9.3; en_US)"
74.229.75.22 - - [15/Jun/2014:01:52:41 -0400] "GET /blog/feed/atom/ HTTP/1.1" 200 48049 "http://www.rpwoodwork.com/blog/feed/atom/" "Tiny Tiny RSS/1.12 (http://tt-rss.org/)"
68.229.226.249 - - [15/Jun/2014:01:52:56 -0400] "GET /blog/feed/atom/ HTTP/1.1" 304 - "-" "Apple-PubSub/65.28"
144.76.195.74 - - [15/Jun/2014:01:53:15 -0400] "GET / HTTP/1.1" 200 9757 "-" "Mozilla/5.0 (compatible; 007ac9 Crawler; http://crawler.007ac9.net/)"
144.76.195.74 - - [15/Jun/2014:01:53:15 -0400] "GET /robots.txt HTTP/1.1" 200 25 "-" "Mozilla/5.0 (compatible; 007ac9 Crawler; http://crawler.007ac9.net/)"
144.76.195.74 - - [15/Jun/2014:01:53:15 -0400] "GET / HTTP/1.1" 200 9757 "-" "Mozilla/5.0 (compatible; 007ac9 Crawler; http://crawler.007ac9.net/)"
144.76.195.74 - - [15/Jun/2014:01:53:15 -0400] "GET /home.html HTTP/1.1" 200 9757 "-" "Mozilla/5.0 (compatible; 007ac9 Crawler; http://crawler.007ac9.net/)"
144.76.195.74 - - [15/Jun/2014:01:53:16 -0400] "GET /gallery.html HTTP/1.1" 200 18115 "-" "Mozilla/5.0 (compatible; 007ac9 Crawler; http://crawler.007ac9.net/)"
144.76.195.74 - - [15/Jun/2014:01:53:16 -0400] "GET /about.html HTTP/1.1" 200 12144 "-" "Mozilla/5.0 (compatible; 007ac9 Crawler; http://crawler.007ac9.net/)"
144.76.195.74 - - [15/Jun/2014:01:53:16 -0400] "GET /commissionapiece.html HTTP/1.1" 200 10393 "-" "Mozilla/5.0 (compatible; 007ac9 Crawler; http://crawler.007ac9.net/)"
144.76.195.74 - - [15/Jun/2014:01:53:17 -0400] "GET /faq.html HTTP/1.1" 200 11556 "-" "Mozilla/5.0 (compatible; 007ac9 Crawler; http://crawler.007ac9.net/)"
144.76.195.74 - - [15/Jun/2014:01:53:17 -0400] "GET /newsandevents.html HTTP/1.1" 200 20258 "-" "Mozilla/5.0 (compatible; 007ac9 Crawler; http://crawler.007ac9.net/)"
144.76.195.74 - - [15/Jun/2014:01:53:18 -0400] "GET /intheshop.html HTTP/1.1" 200 18288 "-" "Mozilla/5.0 (compatible; 007ac9 Crawler; http://crawler.007ac9.net/)"
144.76.195.74 - - [15/Jun/2014:01:53:18 -0400] "GET /blog.html HTTP/1.1" 200 9910 "-" "Mozilla/5.0 (compatible; 007ac9 Crawler; http://crawler.007ac9.net/)"
144.76.195.74 - - [15/Jun/2014:01:53:19 -0400] "GET /contact.html HTTP/1.1" 200 10316 "-" "Mozilla/5.0 (compatible; 007ac9 Crawler; http://crawler.007ac9.net/)"
144.76.195.74 - - [15/Jun/2014:01:53:19 -0400] "GET /table.html HTTP/1.1" 200 14465 "-" "Mozilla/5.0 (compatible; 007ac9 Crawler; http://crawler.007ac9.net/)"
144.76.195.74 - - [15/Jun/2014:01:53:19 -0400] "GET /cabinetonlegs.html HTTP/1.1" 200 18560 "-" "Mozilla/5.0 (compatible; 007ac9 Crawler; http://crawler.007ac9.net/)"
144.76.195.74 - - [15/Jun/2014:01:53:20 -0400] "GET /cdcabinet.html HTTP/1.1" 200 13923 "-" "Mozilla/5.0 (compatible; 007ac9 Crawler; http://crawler.007ac9.net/)"
144.76.195.74 - - [15/Jun/2014:01:53:20 -0400] "GET /halltable.html HTTP/1.1" 200 14449 "-" "Mozilla/5.0 (compatible; 007ac9 Crawler; http://crawler.007ac9.net/)"
144.76.195.74 - - [15/Jun/2014:01:53:20 -0400] "GET /displaycabinet.html HTTP/1.1" 200 14570 "-" "Mozilla/5.0 (compatible; 007ac9 Crawler; http://crawler.007ac9.net/)"
144.76.195.74 - - [15/Jun/2014:01:53:21 -0400] "GET /mirror.html HTTP/1.1" 200 17748 "-" "Mozilla/5.0 (compatible; 007ac9 Crawler; http://crawler.007ac9.net/)"
144.76.195.74 - - [15/Jun/2014:01:53:21 -0400] "GET /lowtable.html HTTP/1.1" 200 14115 "-" "Mozilla/5.0 (compatible; 007ac9 Crawler; http://crawler.007ac9.net/)"
144.76.195.74 - - [15/Jun/2014:01:53:21 -0400] "GET /clock.html HTTP/1.1" 200 9668 "-" "Mozilla/5.0 (compatible; 007ac9 Crawler; http://crawler.007ac9.net/)"
144.76.195.74 - - [15/Jun/2014:01:53:22 -0400] "GET /box.html HTTP/1.1" 200 11653 "-" "Mozilla/5.0 (compatible; 007ac9 Crawler; http://crawler.007ac9.net/)"
148.251.81.195 - - [15/Jun/2014:01:53:15 -0400] "GET /blog/feed/atom/ HTTP/1.1" 304 - "-" "Mozilla/5.0 (compatible; FeedBooster; +http://feeds.qsensei.com)"
188.99.77.217 - - [15/Jun/2014:01:54:09 -0400] "GET /blog/feed/atom/ HTTP/1.1" 304 - "-" "Mozilla/5.0 (Macintosh; Intel Mac OS X 10.9; rv:24.0) Gecko/20100101 Thunderbird/24.6.0"
66.249.67.24 - - [15/Jun/2014:01:53:57 -0400] "GET /blog/feed/atom/ HTTP/1.1" 304 - "-" "Mozilla/5.0 (compatible; Googlebot/2.1; +http://www.google.com/bot.html)"
151.229.220.136 - - [15/Jun/2014:01:54:04 -0400] "GET /blog/feed/ HTTP/1.1" 200 46223 "-" "Mozilla/5.0 (Windows NT 6.1; WOW64; rv:29.0) Gecko/20100101 Firefox/29.0"
144.76.195.74 - - [15/Jun/2014:01:53:22 -0400] "GET /blog/ HTTP/1.1" 200 76457 "-" "Mozilla/5.0 (compatible; 007ac9 Crawler; http://crawler.007ac9.net/)"
148.251.81.195 - - [15/Jun/2014:01:54:31 -0400] "GET /blog/feed/atom/ HTTP/1.1" 304 - "-" "Mozilla/5.0 (compatible; FeedBooster; +http://feeds.qsensei.com)"
198.199.77.144 - - [15/Jun/2014:01:54:41 -0400] "GET /blog/feed/ HTTP/1.1" 304 - "-" "NewsBlur Feed Fetcher - 44 subscribers - http://www.newsblur.com/site/97744/heartwood (Mozilla/5.0 (Macintosh; Intel Mac OS X 10_7_1) AppleWebKit/534.48.3 (KHTML, like Gecko) Version/5.1 Safari/534.48.3)"
198.52.215.234 - - [15/Jun/2014:01:53:18 -0400] "GET /blog/2014/04/25/nuancing-the-stanley-surform-shaver/ HTTP/1.1" 200 30849 "-" "Mozilla/4.0 (compatible; MSIE 6.0; Windows NT 5.1)"
144.76.195.74 - - [15/Jun/2014:01:54:44 -0400] "GET /blog/woodworking-links/ HTTP/1.1" 200 31336 "-" "Mozilla/5.0 (compatible; 007ac9 Crawler; http://crawler.007ac9.net/)"
73.180.14.138 - - [15/Jun/2014:01:55:03 -0400] "GET /blog/feed/ HTTP/1.1" 200 46223 "-" "Mozilla/5.0 (Sage)"
144.76.195.74 - - [15/Jun/2014:01:55:09 -0400] "GET /blog/series-topics/ HTTP/1.1" 200 24960 "-" "Mozilla/5.0 (compatible; 007ac9 Crawler; http://crawler.007ac9.net/)"
108.61.139.50 - - [15/Jun/2014:01:54:34 -0400] "GET /blog/2014/04/22/tools-for-curves-team/ HTTP/1.1" 200 32226 "-" "Mozilla/4.0 (compatible; MSIE 6.0; Windows NT 5.1; SV1; Mozilla/4.0 (compatible; MSIE 6.0; Windows NT 5.1; SV1) )"
144.76.195.74 - - [15/Jun/2014:01:55:37 -0400] "GET /blog/about-the-author/ HTTP/1.1" 200 22653 "-" "Mozilla/5.0 (compatible; 007ac9 Crawler; http://crawler.007ac9.net/)"
54.236.107.227 - - [15/Jun/2014:01:56:05 -0400] "GET /blog/feed/atom/ HTTP/1.1" 304 - "-" "UniversalFeedParser/5.1.5b +https://code.google.com/p/feedparser/"
190.161.27.97 - - [15/Jun/2014:01:55:45 -0400] "GET /blog/wp-content/uploads/2011/03/img_0209_edited-2.jpg HTTP/1.1" 200 81643 "https://www.google.cl/" "Mozilla/5.0 (Windows NT 6.1) AppleWebKit/537.36 (KHTML, like Gecko) Chrome/35.0.1916.153 Safari/537.36"
144.76.195.74 - - [15/Jun/2014:01:56:05 -0400] "GET /blog/2014/06/03/using-your-brain-is-not-optional/ HTTP/1.1" 200 29522 "-" "Mozilla/5.0 (compatible; 007ac9 Crawler; http://crawler.007ac9.net/)"
103.242.209.56 - - [15/Jun/2014:01:56:01 -0400] "POST /blog/2014/04/22/tools-for-curves-team/trackback/ HTTP/1.1" 200 78 "http://www.rpwoodwork.com/blog/2014/04/22/tools-for-curves-team/" "Mozilla/4.0 (compatible; MSIE 6.0; Windows NT 5.1; SV1; Mozilla/4.0 (compatible; MSIE 6.0; Windows NT 5.1; SV1) ; .NET CLR 2.0.50727 ; .NET CLR 4.0.30319)"
107.170.26.132 - - [15/Jun/2014:01:56:23 -0400] "GET /blog/feed/atom/ HTTP/1.1" 200 48049 "-" "Feedbin - 6 subscribers"
144.76.195.74 - - [15/Jun/2014:01:56:25 -0400] "GET /blog/2014/05/30/adjusting-tenon-cheeks-to-fit/ HTTP/1.1" 200 30201 "-" "Mozilla/5.0 (compatible; 007ac9 Crawler; http://crawler.007ac9.net/)"
50.20.187.138 - - [15/Jun/2014:01:56:40 -0400] "GET /blog/feed/ HTTP/1.1" 304 - "-" "Mozilla/4.0 (compatible; MSIE 7.0; Windows NT 6.1; WOW64; Trident/7.0; SLCC2; .NET CLR 2.0.50727; .NET CLR 3.5.30729; .NET CLR 3.0.30729; Media Center PC 6.0; MDDC; .NET4.0C; .NET4.0E; BRI/2; Microsoft Outlook 14.0.7113; ms-office; MSOffice 14)"
144.76.195.74 - - [15/Jun/2014:01:56:43 -0400] "GET /blog/2014/05/25/hand-tool-helper/ HTTP/1.1" 200 29496 "-" "Mozilla/5.0 (compatible; 007ac9 Crawler; http://crawler.007ac9.net/)"
108.61.139.50 - - [15/Jun/2014:01:56:42 -0400] "GET /blog/2014/04/12/compass-plane-in-use/ HTTP/1.1" 200 27610 "-" "Mozilla/4.0 (compatible; MSIE 6.0; Windows NT 5.1; SV1; Mozilla/4.0 (compatible; MSIE 6.0; Windows NT 5.1; SV1) ; .NET CLR 2.0.50727 ; .NET CLR 4.0.30319)"
144.76.195.74 - - [15/Jun/2014:01:56:59 -0400] "GET /blog/2014/05/11/three-practical-tips-for-shooting/ HTTP/1.1" 200 31372 "-" "Mozilla/5.0 (compatible; 007ac9 Crawler; http://crawler.007ac9.net/)"
118.97.156.138 - - [15/Jun/2014:01:57:15 -0400] "POST /blog/2014/04/12/compass-plane-in-use/ HTTP/1.1" 200 27610 "http://www.rpwoodwork.com/blog/2014/04/12/compass-plane-in-use/" "Mozilla/4.0 (compatible; MSIE 6.0; Windows NT 5.1)"
144.76.195.74 - - [15/Jun/2014:01:57:24 -0400] "GET /blog/2014/04/25/nuancing-the-stanley-surform-shaver/ HTTP/1.1" 200 30850 "-" "Mozilla/5.0 (compatible; 007ac9 Crawler; http://crawler.007ac9.net/)"
144.76.195.74 - - [15/Jun/2014:01:57:38 -0400] "GET /blog/2014/04/22/tools-for-curves-team/ HTTP/1.1" 200 32225 "-" "Mozilla/5.0 (compatible; 007ac9 Crawler; http://crawler.007ac9.net/)"
66.249.67.141 - - [15/Jun/2014:01:57:58 -0400] "GET /blog/comments/feed/ HTTP/1.1" 200 8437 "-" "Mozilla/5.0 (compatible; Googlebot/2.1; +http://www.google.com/bot.html)"
144.76.195.74 - - [15/Jun/2014:01:57:57 -0400] "GET /blog/2014/04/12/compass-plane-in-use/ HTTP/1.1" 200 27610 "-" "Mozilla/5.0 (compatible; 007ac9 Crawler; http://crawler.007ac9.net/)"
198.58.102.156 - - [15/Jun/2014:01:58:10 -0400] "GET /blog/feed/atom/ HTTP/1.1" 304 - "-" "Superfeedr bot/2.0 http://superfeedr.com - Make your feeds realtime: get in touch!"
144.76.195.74 - - [15/Jun/2014:01:58:16 -0400] "GET /blog/2014/04/11/compass-plane-fettling-a-stanley-20/ HTTP/1.1" 200 31908 "-" "Mozilla/5.0 (compatible; 007ac9 Crawler; http://crawler.007ac9.net/)"
144.76.195.74 - - [15/Jun/2014:01:58:29 -0400] "GET /blog/2014/04/02/shooting-long-grain/ HTTP/1.1" 200 29125 "-" "Mozilla/5.0 (compatible; 007ac9 Crawler; http://crawler.007ac9.net/)"
144.76.195.74 - - [15/Jun/2014:01:58:51 -0400] "GET /blog/2014/03/27/tooth-pitch-and-sawing-accuracy/ HTTP/1.1" 200 26152 "-" "Mozilla/5.0 (compatible; 007ac9 Crawler; http://crawler.007ac9.net/)"
188.99.77.217 - - [15/Jun/2014:01:59:10 -0400] "GET /blog/feed/atom/ HTTP/1.1" 304 - "-" "Mozilla/5.0 (Macintosh; Intel Mac OS X 10.9; rv:24.0) Gecko/20100101 Thunderbird/24.6.0"
24.180.65.170 - - [15/Jun/2014:01:59:17 -0400] "GET /blog/feed/atom/ HTTP/1.1" 200 48049 "-" "Mozilla/5.0 (compatible) AppleWebKit Chrome Safari"
24.180.65.170 - - [15/Jun/2014:01:59:21 -0400] "GET /favicon.ico HTTP/1.1" 404 575 "-" "Mozilla/5.0 (compatible) AppleWebKit Chrome Safari"
144.76.195.74 - - [15/Jun/2014:01:59:09 -0400] "GET /blog/2014/03/21/photography-seeing-and-woodworking/ HTTP/1.1" 200 28978 "-" "Mozilla/5.0 (compatible; 007ac9 Crawler; http://crawler.007ac9.net/)"
66.249.92.142 - - [15/Jun/2014:01:59:33 -0400] "GET /blog/feed/atom/ HTTP/1.1" 304 - "-" "Feedfetcher-Google; (+http://www.google.com/feedfetcher.html; 734 subscribers; feed-id=4532924948821490811)"
144.76.195.74 - - [15/Jun/2014:01:59:26 -0400] "GET /blog/2014/03/12/its-always-something/ HTTP/1.1" 200 30758 "-" "Mozilla/5.0 (compatible; 007ac9 Crawler; http://crawler.007ac9.net/)"
71.233.60.81 - - [15/Jun/2014:01:59:45 -0400] "GET /blog/feed/ HTTP/1.0" 200 46223 "-" "Tiny Tiny RSS/1.7.2 (http://tt-rss.org/)"
144.76.195.74 - - [15/Jun/2014:01:59:43 -0400] "GET /blog/category/ideas/ HTTP/1.1" 200 58735 "-" "Mozilla/5.0 (compatible; 007ac9 Crawler; http://crawler.007ac9.net/)"
69.163.200.114 - - [15/Jun/2014:02:00:04 -0400] "GET /blog/feed/ HTTP/1.1" 200 46223 "http://www.rpwoodwork.com/blog/feed/" "Tiny Tiny RSS/1.10 (http://tt-rss.org/)"
144.76.195.74 - - [15/Jun/2014:01:59:58 -0400] "GET /blog/category/jigs-and-fixtures/ HTTP/1.1" 200 78028 "-" "Mozilla/5.0 (compatible; 007ac9 Crawler; http://crawler.007ac9.net/)"
144.76.195.74 - - [15/Jun/2014:02:00:16 -0400] "GET /blog/category/q-a/ HTTP/1.1" 200 35269 "-" "Mozilla/5.0 (compatible; 007ac9 Crawler; http://crawler.007ac9.net/)"
144.76.195.74 - - [15/Jun/2014:02:00:32 -0400] "GET /blog/category/resources/ HTTP/1.1" 200 57090 "-" "Mozilla/5.0 (compatible; 007ac9 Crawler; http://crawler.007ac9.net/)"
68.179.126.36 - - [15/Jun/2014:02:00:51 -0400] "GET /blog/feed/atom/ HTTP/1.1" 304 - "-" "FeedDemon/4.5 (http://www.feeddemon.com/; Microsoft Windows)"
162.243.124.153 - - [15/Jun/2014:02:00:26 -0400] "GET /blog/feed/ HTTP/1.1" 200 46223 "-" "Feedbin - 5 subscribers"
144.76.195.74 - - [15/Jun/2014:02:00:46 -0400] "GET /blog/category/techniques/ HTTP/1.1" 200 73523 "-" "Mozilla/5.0 (compatible; 007ac9 Crawler; http://crawler.007ac9.net/)"
162.239.65.105 - - [15/Jun/2014:02:01:06 -0400] "GET /blog/feed/ HTTP/1.1" 200 46223 "http://www.rpwoodwork.com/blog/feed/" "Tiny Tiny RSS/1.10 (http://tt-rss.org/)"
144.76.195.74 - - [15/Jun/2014:02:01:01 -0400] "GET /blog/category/tools-and-shop/ HTTP/1.1" 200 76299 "-" "Mozilla/5.0 (compatible; 007ac9 Crawler; http://crawler.007ac9.net/)"
144.76.195.74 - - [15/Jun/2014:02:01:14 -0400] "GET /blog/category/wood/ HTTP/1.1" 200 75351 "-" "Mozilla/5.0 (compatible; 007ac9 Crawler; http://crawler.007ac9.net/)"
144.76.195.74 - - [15/Jun/2014:02:01:23 -0400] "GET /blog/wp-login.php HTTP/1.1" 200 2675 "-" "Mozilla/5.0 (compatible; 007ac9 Crawler; http://crawler.007ac9.net/)"
144.76.195.74 - - [15/Jun/2014:02:01:28 -0400] "GET /blog/feed/ HTTP/1.1" 200 46223 "-" "Mozilla/5.0 (compatible; 007ac9 Crawler; http://crawler.007ac9.net/)"
144.76.195.74 - - [15/Jun/2014:02:01:29 -0400] "GET /blog/comments/feed/ HTTP/1.1" 200 8437 "-" "Mozilla/5.0 (compatible; 007ac9 Crawler; http://crawler.007ac9.net/)"
54.241.42.166 - - [15/Jun/2014:02:01:43 -0400] "GET /blog/feed/ HTTP/1.1" 304 - "-" "Digg Feed Fetcher 1.0 (Mozilla/5.0 (Macintosh; Intel Mac OS X 10_7_1) AppleWebKit/534.48.3 (KHTML, like Gecko) Version/5.1 Safari/534.48.3)"
144.76.195.74 - - [15/Jun/2014:02:01:41 -0400] "GET /blog/2014/06/ HTTP/1.1" 200 25180 "-" "Mozilla/5.0 (compatible; 007ac9 Crawler; http://crawler.007ac9.net/)"
144.76.195.74 - - [15/Jun/2014:02:01:51 -0400] "GET /blog/2014/05/ HTTP/1.1" 200 37983 "-" "Mozilla/5.0 (compatible; 007ac9 Crawler; http://crawler.007ac9.net/)"
144.76.195.74 - - [15/Jun/2014:02:02:07 -0400] "GET /blog/2014/04/ HTTP/1.1" 200 51191 "-" "Mozilla/5.0 (compatible; 007ac9 Crawler; http://crawler.007ac9.net/)"
144.76.195.74 - - [15/Jun/2014:02:02:22 -0400] "GET /blog/2014/03/ HTTP/1.1" 200 33242 "-" "Mozilla/5.0 (compatible; 007ac9 Crawler; http://crawler.007ac9.net/)"
54.241.42.166 - - [15/Jun/2014:02:02:45 -0400] "GET /blog/feed/ HTTP/1.1" 304 - "-" "Digg Feed Fetcher 1.0 (Mozilla/5.0 (Macintosh; Intel Mac OS X 10_7_1) AppleWebKit/534.48.3 (KHTML, like Gecko) Version/5.1 Safari/534.48.3)"
144.76.195.74 - - [15/Jun/2014:02:02:39 -0400] "GET /blog/2014/02/ HTTP/1.1" 200 42491 "-" "Mozilla/5.0 (compatible; 007ac9 Crawler; http://crawler.007ac9.net/)"
144.76.195.74 - - [15/Jun/2014:02:02:54 -0400] "GET /blog/2014/01/ HTTP/1.1" 200 35095 "-" "Mozilla/5.0 (compatible; 007ac9 Crawler; http://crawler.007ac9.net/)"
69.164.213.164 - - [15/Jun/2014:02:03:02 -0400] "GET /blog/feed/atom/ HTTP/1.1" 200 48049 "-" "Mozilla/5.0 (Macintosh; Intel Mac OS X 10_8_2; Feeder.co) AppleWebKit/537.31 (KHTML, like Gecko) Chrome/26.0.1410.43 Safari/537.31"
173.236.176.134 - - [15/Jun/2014:02:03:14 -0400] "GET /blog/feed/atom/ HTTP/1.1" 200 48049 "-" "Fever/1.28 (Feed Parser; http://feedafever.com; Allow like Gecko)"
107.170.72.117 - - [15/Jun/2014:02:03:14 -0400] "GET /blog/feed/atom/ HTTP/1.1" 200 48049 "-" "Feedbin - 6 subscribers"
144.76.195.74 - - [15/Jun/2014:02:03:10 -0400] "GET /blog/2013/12/ HTTP/1.1" 200 50566 "-" "Mozilla/5.0 (compatible; 007ac9 Crawler; http://crawler.007ac9.net/)"
144.76.195.74 - - [15/Jun/2014:02:03:27 -0400] "GET /blog/2013/11/ HTTP/1.1" 200 39553 "-" "Mozilla/5.0 (compatible; 007ac9 Crawler; http://crawler.007ac9.net/)"
144.76.195.74 - - [15/Jun/2014:02:03:36 -0400] "GET /blog/2013/10/ HTTP/1.1" 200 33817 "-" "Mozilla/5.0 (compatible; 007ac9 Crawler; http://crawler.007ac9.net/)"
144.76.195.74 - - [15/Jun/2014:02:03:52 -0400] "GET /blog/2013/09/ HTTP/1.1" 200 35788 "-" "Mozilla/5.0 (compatible; 007ac9 Crawler; http://crawler.007ac9.net/)"
83.53.227.37 - - [15/Jun/2014:02:03:43 -0400] "GET /blog/ HTTP/1.1" 200 76457 "https://www.google.es/" "Mozilla/5.0 (Windows NT 6.1; WOW64) AppleWebKit/537.36 (KHTML, like Gecko) Chrome/35.0.1916.114 Safari/537.36"
83.53.227.37 - - [15/Jun/2014:02:04:00 -0400] "GET /blog/wp-content/themes/maple-leaf/style.css HTTP/1.1" 200 10944 "http://www.rpwoodwork.com/blog/" "Mozilla/5.0 (Windows NT 6.1; WOW64) AppleWebKit/537.36 (KHTML, like Gecko) Chrome/35.0.1916.114 Safari/537.36"
83.53.227.37 - - [15/Jun/2014:02:04:00 -0400] "GET /blog/wp-content/uploads/2014/06/bored-gorilla_edited-2.jpg HTTP/1.1" 200 118801 "http://www.rpwoodwork.com/blog/" "Mozilla/5.0 (Windows NT 6.1; WOW64) AppleWebKit/537.36 (KHTML, like Gecko) Chrome/35.0.1916.114 Safari/537.36"
83.53.227.37 - - [15/Jun/2014:02:04:00 -0400] "GET /blog/wp-content/uploads/2014/05/IMG_2027_edited-2.jpg HTTP/1.1" 200 85902 "http://www.rpwoodwork.com/blog/" "Mozilla/5.0 (Windows NT 6.1; WOW64) AppleWebKit/537.36 (KHTML, like Gecko) Chrome/35.0.1916.114 Safari/537.36"
83.53.227.37 - - [15/Jun/2014:02:04:00 -0400] "GET /blog/wp-content/uploads/2014/05/IMG_2021_edited-2.jpg HTTP/1.1" 200 80811 "http://www.rpwoodwork.com/blog/" "Mozilla/5.0 (Windows NT 6.1; WOW64) AppleWebKit/537.36 (KHTML, like Gecko) Chrome/35.0.1916.114 Safari/537.36"
83.53.227.37 - - [15/Jun/2014:02:04:00 -0400] "GET /blog/wp-content/uploads/2014/05/IMG_2037_edited-2.jpg HTTP/1.1" 200 93708 "http://www.rpwoodwork.com/blog/" "Mozilla/5.0 (Windows NT 6.1; WOW64) AppleWebKit/537.36 (KHTML, like Gecko) Chrome/35.0.1916.114 Safari/537.36"
83.53.227.37 - - [15/Jun/2014:02:04:01 -0400] "GET /blog/wp-content/uploads/2014/05/IMG_2028_edited-2.jpg HTTP/1.1" 200 88030 "http://www.rpwoodwork.com/blog/" "Mozilla/5.0 (Windows NT 6.1; WOW64) AppleWebKit/537.36 (KHTML, like Gecko) Chrome/35.0.1916.114 Safari/537.36"
83.53.227.37 - - [15/Jun/2014:02:03:57 -0400] "GET /blog/wp-content/uploads/2014/05/IMG_2029_edited-2.jpg HTTP/1.1" 200 96163 "http://www.rpwoodwork.com/blog/" "Mozilla/5.0 (Windows NT 6.1; WOW64) AppleWebKit/537.36 (KHTML, like Gecko) Chrome/35.0.1916.114 Safari/537.36"
83.53.227.37 - - [15/Jun/2014:02:04:01 -0400] "GET /blog/wp-content/uploads/2014/05/IMG_2033_edited-2.jpg HTTP/1.1" 200 98440 "http://www.rpwoodwork.com/blog/" "Mozilla/5.0 (Windows NT 6.1; WOW64) AppleWebKit/537.36 (KHTML, like Gecko) Chrome/35.0.1916.114 Safari/537.36"
83.53.227.37 - - [15/Jun/2014:02:04:01 -0400] "GET /blog/wp-content/uploads/2014/05/IMG_2000_edited-2.jpg HTTP/1.1" 200 80704 "http://www.rpwoodwork.com/blog/" "Mozilla/5.0 (Windows NT 6.1; WOW64) AppleWebKit/537.36 (KHTML, like Gecko) Chrome/35.0.1916.114 Safari/537.36"
83.53.227.37 - - [15/Jun/2014:02:03:58 -0400] "GET /blog/wp-content/uploads/2014/05/IMG_2005_edited-2.jpg HTTP/1.1" 200 80767 "http://www.rpwoodwork.com/blog/" "Mozilla/5.0 (Windows NT 6.1; WOW64) AppleWebKit/537.36 (KHTML, like Gecko) Chrome/35.0.1916.114 Safari/537.36"
83.53.227.37 - - [15/Jun/2014:02:04:02 -0400] "GET /blog/wp-content/uploads/2014/05/IMG_1386_edited-2.jpg HTTP/1.1" 200 80323 "http://www.rpwoodwork.com/blog/" "Mozilla/5.0 (Windows NT 6.1; WOW64) AppleWebKit/537.36 (KHTML, like Gecko) Chrome/35.0.1916.114 Safari/537.36"
83.53.227.37 - - [15/Jun/2014:02:04:02 -0400] "GET /blog/wp-content/uploads/2014/05/IMG_1388_edited-2.jpg HTTP/1.1" 200 109378 "http://www.rpwoodwork.com/blog/" "Mozilla/5.0 (Windows NT 6.1; WOW64) AppleWebKit/537.36 (KHTML, like Gecko) Chrome/35.0.1916.114 Safari/537.36"
83.53.227.37 - - [15/Jun/2014:02:04:02 -0400] "GET /blog/wp-content/uploads/2014/05/IMG_1389_edited-2.jpg HTTP/1.1" 200 75558 "http://www.rpwoodwork.com/blog/" "Mozilla/5.0 (Windows NT 6.1; WOW64) AppleWebKit/537.36 (KHTML, like Gecko) Chrome/35.0.1916.114 Safari/537.36"
